000
CXUS56 KPQR 271200
CF6MMV
PRELIMINARY LOCAL CLIMATOLOGICAL DATA (WS FORM: F-6)

                                          STATION:   MCMINNVILLE OR
                                          MONTH:     MAY
                                          YEAR:      2015
                                          LATITUDE:   45 11 N
                                          LONGITUDE: 123  8 W

  TEMPERATURE IN F:       :PCPN:    SNOW:  WIND      :SUNSHINE: SKY     :PK WND
================================================================================
1   2   3   4   5  6A  6B    7    8   9   10  11  12  13   14  15   16   17  18
                                     12Z  AVG MX 2MIN
DY MAX MIN AVG DEP HDD CDD  WTR  SNW DPTH SPD SPD DIR MIN PSBL S-S WX    SPD DR
================================================================================

 1  75  43  59   6   6   0 0.00  0.0    0  3.9 18  20   M    M   0        23  10
 2  72  39  56   3   9   0 0.00  0.0    0  4.8 14  40   M    M   0 1      20  40
 3  75  36  56   3   9   0 0.00  0.0    0  3.9 13 230   M    M   0 1      16 220
 4  64  41  53   0  12   0 0.00  0.0    0  7.8 17 260   M    M   2        23 250
 5  63  42  53  -1  12   0 0.05    M    0  8.1 20 260   M    M   6 1      26 260
 6  64  42  53  -1  12   0 0.08    M    0  4.6 15 350   M    M   6 1      19 330
 7  72  37  55   1  10   0 0.00  0.0    0  5.5 16  10   M    M   0        22  20
 8  80  38  59   5   6   0 0.00  0.0    0  3.5 14 300   M    M   0 1      17 310
 9  82  43  63   9   2   0 0.00  0.0    0  3.5 12 250   M    M   0        15 240
10  72  47  60   6   5   0 0.00  0.0    0  3.7 17 220   M    M   2        22 220
11  61  49  55   0  10   0 0.10    M    0  3.4 10 310   M    M  10 1      16 320
12  55  49  52  -3  13   0 0.32    M    0  7.6 16 200   M    M  10 1      21 210
13  62  46  54  -1  11   0    T    M    0  5.8 12 130   M    M   9        14 130
14  69  42  56   1   9   0 0.00  0.0    0  4.6 14 250   M    M   4 1      16 250
15  62  48  55   0  10   0    T    M    0  4.2 12 230   M    M   9        16 230
16  63  51  57   1   8   0 0.02  0.0    0  3.6 13  20   M    M  10 1      14  20
17  71  51  61   5   4   0 0.00  0.0    0  4.3  9 340   M    M   5        15 330
18  75  48  62   6   3   0 0.13    M    0  4.9 18  20   M    M   4 3      26  30
19  65  52  59   3   6   0 0.00  0.0    0  3.3  9 230   M    M  10        12 220
20  72  55  64   8   1   0    T  0.0    0  3.9  9 250   M    M   6        11 100
21  75  53  64   8   1   0 0.12  0.0    0  6.2 17 220   M    M   6 13     22 220
22  63  53  58   2   7   0 0.07  0.0    0  6.2 14 210   M    M   9 1      16 220
23  65  53  59   2   6   0 0.00  0.0    0  4.7 12 250   M    M  10        13 220
24  70  51  61   4   4   0 0.00  0.0    0  4.1 14 210   M    M   8        17 220
25  71  51  61   4   4   0 0.00  0.0    0  2.8 12 210   M    M   7        13 220
26  72  54  63   6   2   0 0.00  0.0    0  2.9  9  40   M    M   8        12  10
================================================================================
SM 1790 1214       182   0  0.89     0.0 121.8          M      141
================================================================================
AV 68.8 46.7                               4.7 FASTST   M    M   5    MAX(MPH)
                                 MISC ---->  # 20 260               # 26  260
================================================================================
NOTES:
# LAST OF SEVERAL OCCURRENCES

COLUMN 17 PEAK WIND IN M.P.H.

PRELIMINARY LOCAL CLIMATOLOGICAL DATA (WS FORM: F-6) , PAGE 2

                                          STATION:  MCMINNVILLE OR
                                          MONTH:    MAY
                                          YEAR:     2015
                                          LATITUDE:   45 11 N
                                          LONGITUDE: 123  8 W

[TEMPERATURE DATA]      [PRECIPITATION DATA]       SYMBOLS USED IN COLUMN 16

AVERAGE MONTHLY: 57.8   TOTAL FOR MONTH:   0.89    1 = FOG OR MIST
DPTR FM NORMAL:   2.7   DPTR FM NORMAL:   -1.00    2 = FOG REDUCING VISIBILITY
HIGHEST:    82 ON  9    GRTST 24HR  0.42 ON 11-12      TO 1/4 MILE OR LESS
LOWEST:     36 ON  3                               3 = THUNDER
                        SNOW, ICE PELLETS, HAIL    4 = ICE PELLETS
                        TOTAL MONTH:   0.0 INCH    5 = HAIL
                        GRTST 24HR     0.0         6 = FREEZING RAIN OR DRIZZLE
                        GRTST DEPTH:   0           7 = DUSTSTORM OR SANDSTORM:
                                                       VSBY 1/2 MILE OR LESS
                                                   8 = SMOKE OR HAZE
[NO. OF DAYS WITH]      [WEATHER - DAYS WITH]      9 = BLOWING SNOW
                                                   X = TORNADO
MAX 32 OR BELOW:   0    0.01 INCH OR MORE:   8
MAX 90 OR ABOVE:   0    0.10 INCH OR MORE:   4
MIN 32 OR BELOW:   0    0.50 INCH OR MORE:   0
MIN  0 OR BELOW:   0    1.00 INCH OR MORE:   0

[HDD (BASE 65) ]
TOTAL THIS MO.   182    CLEAR  (SCALE 0-3)   8
DPTR FM NORMAL   -82    PTCLDY (SCALE 4-7)   9
TOTAL FM JUL 1  3528    CLOUDY (SCALE 8-10)  9
DPTR FM NORMAL -1134

[CDD (BASE 65) ]
TOTAL THIS MO.     0
DPTR FM NORMAL     0    [PRESSURE DATA]
TOTAL FM JAN 1     0    HIGHEST SLP M ON M
DPTR FM NORMAL     0    LOWEST  SLP 29.77 ON 14

[REMARKS]
