000
CXUS55 KBOU 042109
CF6MNH

PRELIMINARY LOCAL CLIMATOLOGICAL DATA (WS FORM: F-6)

                                          STATION:   ELBERT 6W CO
                                          MONTH:     JULY
                                          YEAR:      2015
                                          LATITUDE:   39 13 N
                                          LONGITUDE: 104 38 W

  TEMPERATURE IN F:       :PCPN:    SNOW:  WIND      :SUNSHINE: SKY     :PK WND
================================================================================
1   2   3   4   5  6A  6B    7    8   9   10  11  12  13   14  15   16   17  18
                                     12Z  AVG MX 2MIN
DY MAX MIN AVG DEP HDD CDD  WTR  SNW DPTH SPD SPD DIR MIN PSBL S-S WX    SPD DR
================================================================================

 1  79  55  67   M   0   2    M    M    M  7.9 12  70   M    M   2 3       M  M
 2  73  52  63   M   2   0    M    M    M  6.8 14 200   M    M   4 1       M  M
 3   M   M   M   M   M   M    M    M    M   M   M   M   M    M   M         M  M
 4   M   M   M   M   M   M    M    M    M   M   M   M   M    M   M         M  M
 5  81  55  68   M   0   3    M    M    M  5.0 10 350   M    M   3 3       M  M
 6  59  52  56   M   9   0    M    M    M  6.9  7  10   M    M  10 123     M  M
 7  55  50  53   M  12   0    M    M    M 14.8 23 170   M    M   8 138     M  M
 8  64  50  57   M   8   0    M    M    M  6.2 10 320   M    M   9 138     M  M
 9  70  46  58   M   7   0    M    M    M  7.5 15 180   M    M   5 13     24 210
10  73  48  61   M   4   0    M    M    M  6.3 12 250   M    M   2        16 250
11  77  50  64   M   1   0    M    M    M  6.3 13 330   M    M   2        18 110
12  81  50  66   M   0   1    M    M    M  8.1 14 160   M    M   0        17 160
13  77  57  67   M   0   2    M    M    M  5.3 15 320   M    M   5         M  M
14  79  54  67   M   0   2    M    M    M  6.4 13 200   M    M   5 3       M  M
15  73  52  63   M   2   0    M    M    M  5.1 10 270   M    M   3        17 220
16  79  50  65   M   0   0    M    M    M  7.1 22 350   M    M   2        36 350
17  84  54  69   M   0   4    M    M    M  7.4 16 250   M    M   1        32 250
18  81  48  65   M   0   0    M    M    M  8.0 20 160   M    M   2 3      31 310
19  75  50  63   M   2   0    M    M    M  3.7 10  30   M    M   6 13      M  M
20  73  55  64   M   1   0    M    M    M  4.2  8 160   M    M   7         M  M
21  72  52  62   M   3   0    M    M    M 11.9 24 180   M    M   5 3      54 310
22  77  52  65   M   0   0    M    M    M  5.7 10 170   M    M   2         M  M
23  82  54  68   M   0   3    M    M    M  7.3 12 140   M    M   1        18 140
24  79  55  67   M   0   2    M    M    M  8.1 15 310   M    M   3        20 310
25  81  57  69   M   0   4    M    M    M  8.4 13  10   M    M   1        21  30
26  79  57  68   M   0   3    M    M    M  5.9 14 170   M    M   4 3      21 170
27  82  57  70   M   0   5    M    M    M  9.8 17 250   M    M   0        24 250
28  77  48  63   M   2   0    M    M    M 12.0 20 100   M    M   1        28 150
29  70  48  59   M   6   0    M    M    M 11.0 23 160   M    M   2        35 180
30  79  59  69   M   0   4    M    M    M  7.9 18 180   M    M   2        24 180
31  79  52  66   M   0   1    M    M    M  7.9 14 190   M    M   1 3      23 160
================================================================================
SM 2190 1519        59  36    M     M    218.9          M       98
================================================================================
AV 75.5 52.4                               7.5 FASTST   M    M   3    MAX(MPH)
                                 MISC ---->    24   M                 54    M
================================================================================
NOTES:
# LAST OF SEVERAL OCCURRENCES

COLUMN 17 PEAK WIND IN M.P.H.

PRELIMINARY LOCAL CLIMATOLOGICAL DATA (WS FORM: F-6) , PAGE 2

                                          STATION:  ELBERT 6W CO
                                          MONTH:    JULY
                                          YEAR:     2015
                                          LATITUDE:   39 13 N
                                          LONGITUDE: 104 38 W

[TEMPERATURE DATA]      [PRECIPITATION DATA]       SYMBOLS USED IN COLUMN 16

AVERAGE MONTHLY: 63.9   TOTAL FOR MONTH:      M    1 = FOG OR MIST
DPTR FM NORMAL:     M   DPTR FM NORMAL:       M    2 = FOG REDUCING VISIBILITY
HIGHEST:    84 ON 17    GRTST 24HR    M  ON   M        TO 1/4 MILE OR LESS
LOWEST:     46 ON  9                               3 = THUNDER
                        SNOW, ICE PELLETS, HAIL    4 = ICE PELLETS
                        TOTAL MONTH:    M          5 = HAIL
                        GRTST 24HR    M  ON   M    6 = FREEZING RAIN OR DRIZZLE
                        GRTST DEPTH:  M  ON   M    7 = DUSTSTORM OR SANDSTORM:
                                                       VSBY 1/2 MILE OR LESS
                                                   8 = SMOKE OR HAZE
[NO. OF DAYS WITH]      [WEATHER - DAYS WITH]      9 = BLOWING SNOW
                                                   X = TORNADO
MAX 32 OR BELOW:   0    0.01 INCH OR MORE:   0
MAX 90 OR ABOVE:   0    0.10 INCH OR MORE:   0
MIN 32 OR BELOW:   0    0.50 INCH OR MORE:   0
MIN  0 OR BELOW:   0    1.00 INCH OR MORE:   0

[HDD (BASE 65) ]
TOTAL THIS MO.    59    CLEAR  (SCALE 0-3)  17
DPTR FM NORMAL     M    PTCLDY (SCALE 4-7)   9
TOTAL FM JUL 1    59    CLOUDY (SCALE 8-10)  3
DPTR FM NORMAL     M

[CDD (BASE 65) ]
TOTAL THIS MO.    36
DPTR FM NORMAL     M    [PRESSURE DATA]
TOTAL FM JAN 1    52    HIGHEST SLP M ON M
DPTR FM NORMAL     M    LOWEST  SLP M ON M

[REMARKS]
#FINAL-07-15#
