000
CXUS54 KMOB 010707 CCA
CF6MOB

PRELIMINARY LOCAL CLIMATOLOGICAL DATA (WS FORM: F-6)

                                          STATION:   MOBILE
                                          MONTH:     JUNE
                                          YEAR:      2015
                                          LATITUDE:   30 40 N
                                          LONGITUDE:  88 15 W

  TEMPERATURE IN F:       :PCPN:    SNOW:  WIND      :SUNSHINE: SKY     :PK WND
================================================================================
1   2   3   4   5  6A  6B    7    8   9   10  11  12  13   14  15   16   17  18
                                     12Z  AVG MX 2MIN
DY MAX MIN AVG DEP HDD CDD  WTR  SNW DPTH SPD SPD DIR MIN PSBL S-S WX    SPD DR
================================================================================

 1  84  68  76  -2   0  11 0.77  0.0    0  4.6 23 110   M    M   5 13     28 120
 2  86  69  78   0   0  13    T  0.0    0  5.2 14 150   M    M   8 1238   16 140
 3  87  69  78   0   0  13 0.98  0.0    0  4.9 17 340   M    M   7 138    21 340
 4  89  68  79   1   0  14 0.00  0.0    0  3.7 10 340   M    M   4        16 360
 5  90  67  79   1   0  14 0.00  0.0    0  4.1 13  20   M    M   2        15 340
 6  90  68  79   1   0  14    T  0.0    0  3.3 14  40   M    M   3 18     16  40
 7  92  70  81   2   0  16    T  0.0    0  5.2 18 130   M    M   4 18     23 130
 8  88  71  80   1   0  15 0.00  0.0    0  6.7 16 210   M    M   4        20 210
 9  81  70  76  -3   0  11 0.22  0.0    0  3.6 20 350   M    M   5 138    24 350
10  86  69  78  -1   0  13 0.00  0.0    0  4.4 13 130   M    M   4 1      15 170
11  87  72  80   1   0  15 0.00  0.0    0  6.0 15 130   M    M   5 38     18 120
12  88  73  81   1   0  16 0.15  0.0    0  6.7 18 130   M    M   6 13     24 130
13  89  76  83   3   0  18    T  0.0    0 11.3 22 130   M    M   6 1      26 130
14  90  76  83   3   0  18 0.00  0.0    0  9.5 21 150   M    M   6 18     28 160
15  91  73  82   2   0  17 0.00  0.0    0 10.2 22 120   M    M   3 1      28 130
16  93  75  84   4   0  19 0.00  0.0    0  5.6 14 170   M    M   5 1      18 180
17  93  72  83   3   0  18 0.00  0.0    0  5.0 16 180   M    M   3 1      20 180
18  92  73  83   3   0  18 0.00  0.0    0  6.4 15 190   M    M   4 1      21 200
19  92  74  83   3   0  18 0.01  0.0    0  7.5 18 220   M    M   3 3      24 190
20  93  74  84   4   0  19 0.00  0.0    0  7.0 15 210   M    M   3 1      18 210
21  95  73  84   3   0  19 0.00  0.0    0  4.6 16 160   M    M   5 138    21 160
22  96  72  84   3   0  19 0.03  0.0    0  3.8 23 190   M    M   5 3      31 200
23  96  73  85   4   0  20 0.00  0.0    0  3.7 16 310   M    M   3 3      22 330
24  87  72  80  -1   0  15 1.45  0.0    0  5.5 16 180   M    M   8 138    22 310
25  89  72  81   0   0  16 0.00  0.0    0  4.4 16 190   M    M   5 1      21 190
26  91  72  82   1   0  17 0.30  0.0    0  5.2 23 340   M    M   5 138    28 330
27  90  72  81   0   0  16 0.87  0.0    0  7.0 20 330   M    M   4 13     23 330
28  88  73  81   0   0  16 0.28  0.0    0  3.5 18 220   M    M   6 13     23 220
29  85  71  78  -3   0  13    T  0.0    0  4.8 17 270   M    M   6 12     25 230
30  89  74  82   1   0  17    T  0.0    0  8.2 37 350   M    M   5 18     47 320
================================================================================
SM 2687 2151         0 478  5.06     0.0 171.6          M      142
================================================================================
AV 89.6 71.7                               5.7 FASTST   M    M   5    MAX(MPH)
                                 MISC ---->  # 37 350               # 47  320
================================================================================
NOTES:
# LAST OF SEVERAL OCCURRENCES

COLUMN 17 PEAK WIND IN M.P.H.

PRELIMINARY LOCAL CLIMATOLOGICAL DATA (WS FORM: F-6) , PAGE 2

                                          STATION:  MOBILE
                                          MONTH:    JUNE
                                          YEAR:     2015
                                          LATITUDE:   30 40 N
                                          LONGITUDE:  88 15 W

[TEMPERATURE DATA]      [PRECIPITATION DATA]       SYMBOLS USED IN COLUMN 16

AVERAGE MONTHLY: 80.7   TOTAL FOR MONTH:   5.06    1 = FOG OR MIST
DPTR FM NORMAL:   0.9   DPTR FM NORMAL:   -1.05    2 = FOG REDUCING VISIBILITY
HIGHEST:    96 ON 23,22 GRTST 24HR  1.45 ON 24-24      TO 1/4 MILE OR LESS
LOWEST:     67 ON  5                               3 = THUNDER
                        SNOW, ICE PELLETS, HAIL    4 = ICE PELLETS
                        TOTAL MONTH:   0.0 INCH    5 = HAIL
                        GRTST 24HR     0.0         6 = FREEZING RAIN OR DRIZZLE
                        GRTST DEPTH:   0           7 = DUSTSTORM OR SANDSTORM:
                                                       VSBY 1/2 MILE OR LESS
                                                   8 = SMOKE OR HAZE
[NO. OF DAYS WITH]      [WEATHER - DAYS WITH]      9 = BLOWING SNOW
                                                   X = TORNADO
MAX 32 OR BELOW:   0    0.01 INCH OR MORE:  10
MAX 90 OR ABOVE:  15    0.10 INCH OR MORE:   8
MIN 32 OR BELOW:   0    0.50 INCH OR MORE:   4
MIN  0 OR BELOW:   0    1.00 INCH OR MORE:   1

[HDD (BASE 65) ]
TOTAL THIS MO.     0    CLEAR  (SCALE 0-3)   6
DPTR FM NORMAL     0    PTCLDY (SCALE 4-7)  23
TOTAL FM JUL 1  1821    CLOUDY (SCALE 8-10)  1
DPTR FM NORMAL   126

[CDD (BASE 65) ]
TOTAL THIS MO.   478
DPTR FM NORMAL    34    [PRESSURE DATA]
TOTAL FM JAN 1  1078    HIGHEST SLP 30.19 ON 24
DPTR FM NORMAL   189    LOWEST  SLP 29.84 ON 10

[REMARKS]
#FINAL-06-15#
