000
CXUS53 KBIS 290747
CF6MOT
PRELIMINARY LOCAL CLIMATOLOGICAL DATA (WS FORM: F-6)

                                          STATION:   MINOT ND
                                          MONTH:     SEPTEMBER
                                          YEAR:      2016
                                          LATITUDE:   48 15 N
                                          LONGITUDE: 101 16 W

  TEMPERATURE IN F:       :PCPN:    SNOW:  WIND      :SUNSHINE: SKY     :PK WND
================================================================================
1   2   3   4   5  6A  6B    7    8   9   10  11  12  13   14  15   16   17  18
                                     12Z  AVG MX 2MIN
DY MAX MIN AVG DEP HDD CDD  WTR  SNW DPTH SPD SPD DIR MIN PSBL S-S WX    SPD DR
================================================================================

 1  90  58  74  10   0   9 0.00    M    M 16.0 31 160   M    M   0        40 170
 2  81  67  74  10   0   9    T    M    M 16.5 29 170   M    M   0        37 170
 3  77  57  67   4   0   2    T    M    M  8.7 24 170   M    M   2 3      30 180
 4  62  52  57  -6   8   0 0.11    M    M  6.5 15 320   M    M   7 1      18 320
 5  62  52  57  -5   8   0 0.02    M    M  8.2 13 340   M    M   9 1      16  10
 6  70  50  60  -2   5   0 0.00    M    M  5.5 16 280   M    M   6        19 280
 7  65  49  57  -5   8   0 0.43    M    M  7.2 20 150   M    M   5 1      26 150
 8  70  49  60  -1   5   0    T    M    M 10.2 21 270   M    M   4        28 260
 9  70  47  59  -2   6   0 0.05    M    M 11.0 21 260   M    M   4        28 310
10  73  45  59  -1   6   0 0.00    M    M  8.9 16 180   M    M   0        22 200
11  85  52  69   9   0   4    T    M    M 11.2 26 310   M    M   2        32 320
12  59  47  53  -6  12   0 0.07    M    M 13.8 23 310   M    M   8        29 310
13  58  36  47 -12  18   0 0.00    M    M  5.2 13 310   M    M   5        17 310
14  73  36  55  -3  10   0 0.00    M    M  8.3 20 150   M    M   2        26 160
15  63  47  55  -3  10   0 1.22    M    M  4.9 20 320   M    M   4 1      24 330
16  68  48  58   0   7   0 0.05    M    M  9.9 18 330   M    M   7 1      24 320
17  82  43  63   6   2   0 0.00    M    M  9.4 18 170   M    M   0 8      23 160
18  79  55  67  10   0   2    T    M    M 15.6 33 280   M    M   3        42 270
19  74  51  63   7   2   0 0.00    M    M 12.7 24 270   M    M   0        30 270
20  74  43  59   3   6   0    T    M    M  4.5 13 220   M    M   3        14 220
21  61  53  57   2   8   0 0.13    M    M  7.0 16  10   M    M  10 1      20 320
22  65  49  57   2   8   0 0.01    M    M  9.7 20  60   M    M   5        26  70
23  59  50  55   1  10   0 0.74    M    M 11.0 21  90   M    M   9 13     26  70
24  79  56  68  14   0   3 0.07    M    M 10.2 21 310   M    M   8 123    25 310
25  64  50  57   3   8   0 0.08    M    M 24.0 43 290   M    M   4 1      49 290
26  67  44  56   3   9   0 0.00    M    M 13.9 26 300   M    M   0        33 300
27  73  40  57   4   8   0 0.00    M    M  4.9 12 230   M    M   0 8      12 230
28  70  40  55   3  10   0 0.00    M    M  6.2 13  80   M    M   0        15  80
================================================================================
SM 1973 1366       174  29  2.98    M    281.1          M      107
================================================================================
AV 70.5 48.8                              10.0 FASTST   M    M   4    MAX(MPH)
                                 MISC ---->  # 43 290               # 49  290
================================================================================
NOTES:
# LAST OF SEVERAL OCCURRENCES

COLUMN 17 PEAK WIND IN M.P.H.

PRELIMINARY LOCAL CLIMATOLOGICAL DATA (WS FORM: F-6) , PAGE 2

                                          STATION:  MINOT ND
                                          MONTH:    SEPTEMBER
                                          YEAR:     2016
                                          LATITUDE:   48 15 N
                                          LONGITUDE: 101 16 W

[TEMPERATURE DATA]      [PRECIPITATION DATA]       SYMBOLS USED IN COLUMN 16

AVERAGE MONTHLY: 59.6   TOTAL FOR MONTH:   2.98    1 = FOG OR MIST
DPTR FM NORMAL:   1.4   DPTR FM NORMAL:    1.61    2 = FOG REDUCING VISIBILITY
HIGHEST:    90 ON  1    GRTST 24HR  1.27 ON 15-16      TO 1/4 MILE OR LESS
LOWEST:     36 ON 14,13                            3 = THUNDER
                        SNOW, ICE PELLETS, HAIL    4 = ICE PELLETS
                        TOTAL MONTH:    M          5 = HAIL
                        GRTST 24HR    M  ON   M    6 = FREEZING RAIN OR DRIZZLE
                        GRTST DEPTH:  M  ON   M    7 = DUSTSTORM OR SANDSTORM:
                                                       VSBY 1/2 MILE OR LESS
                                                   8 = SMOKE OR HAZE
[NO. OF DAYS WITH]      [WEATHER - DAYS WITH]      9 = BLOWING SNOW
                                                   X = TORNADO
MAX 32 OR BELOW:   0    0.01 INCH OR MORE:  12
MAX 90 OR ABOVE:   1    0.10 INCH OR MORE:   5
MIN 32 OR BELOW:   0    0.50 INCH OR MORE:   2
MIN  0 OR BELOW:   0    1.00 INCH OR MORE:   1

[HDD (BASE 65) ]
TOTAL THIS MO.   174    CLEAR  (SCALE 0-3)  11
DPTR FM NORMAL   -49    PTCLDY (SCALE 4-7)  13
TOTAL FM JUL 1   185    CLOUDY (SCALE 8-10)  4
DPTR FM NORMAL  -109

[CDD (BASE 65) ]
TOTAL THIS MO.    29
DPTR FM NORMAL    -1    [PRESSURE DATA]
TOTAL FM JAN 1   682    HIGHEST SLP M ON M
DPTR FM NORMAL   241    LOWEST  SLP 29.60 ON 18

[REMARKS]
