000
CXUS51 KPHI 250800
CF6MPO
PRELIMINARY LOCAL CLIMATOLOGICAL DATA (WS FORM: F-6)

                                          STATION:   MOUNT POCONO PA
                                          MONTH:     FEBRUARY
                                          YEAR:      2018
                                          LATITUDE:   41  8 N
                                          LONGITUDE:  75 24 W

  TEMPERATURE IN F:       :PCPN:    SNOW:  WIND      :SUNSHINE: SKY     :PK WND
================================================================================
1   2   3   4   5  6A  6B    7    8   9   10  11  12  13   14  15   16   17  18
                                     12Z  AVG MX 2MIN
DY MAX MIN AVG DEP HDD CDD  WTR  SNW DPTH SPD SPD DIR MIN PSBL S-S WX    SPD DR
================================================================================

 1  40  22  31   7  34   0 0.06    M    M  8.7 16 230   M    M   7 1      24 230
 2  32   5  19  -5  46   0 0.03    M    M 18.4 33 290   M    M   8 19     41 270
 3  22   3  13 -11  52   0 0.00    M    M 11.1 21 260   M    M   3        27 240
 4  34  20  27   3  38   0 0.56    M    M  8.8 22 280   M    M  10 1      30 170
 5  32   4  18  -6  47   0    T    M    M 14.2 30 300   M    M   4 1      41 320
 6  29  11  20  -4  45   0    T    M    M  6.0 15 280   M    M   5 1      19 290
 7  34  12  23  -2  42   0 0.56    M    M 13.0 32 310   M    M   8 126    43 290
 8  21  13  17  -8  48   0    T    M    M 12.0 28 320   M    M   5        39 330
 9  28  11  20  -5  45   0    T    M    M  6.7 14 220   M    M   8 1      19 220
10  44  28  36  11  29   0 0.12    M    M  6.9 15 210   M    M   9 1      23 200
11  53  36  45  20  20   0 0.55    M    M  7.8 28 270   M    M  10 12     36 280
12  51  19  35  10  30   0 0.00    M    M 14.6 25 310   M    M   4 1      33 280
13  32  16  24  -2  41   0 0.00    M    M  8.0 17 310   M    M   M        22 340
14  44  25  35   9  30   0 0.11    M    M  9.1 20 260   M    M   M 16     34 250
15  59  41  50  24  15   0 0.24    M    M 11.0 23 250   M    M   M 12     31 250
16  52  22  37  11  28   0 0.31    M    M 15.1 29 300   0    0   0        38 320
17  29  14  22  -4  43   0 0.19    M    M  7.3 18 140   0    0   0 1      25 130
18  35  19  27   1  38   0 0.01    M    M 11.4 29 310   0    0   0        39 320
19  41  19  30   3  35   0 0.11    M    M  9.6 15 210   M    M  10 1      22 200
20  66  39  53  26  12   0 0.00    M    M  9.8 22 220   M    M   4 12     29 250
21  70  39  55  28  10   0    T    M    M 12.3 25 330   M    M   5 1      33 330
22  39  29  34   7  31   0 0.40    M    M  7.6 16 320   M    M  10 12     22 320
23  35  28  32   4  33   0 0.13    M    M  9.2 15 250   M    M  10 126    20 110
24  43  35  39  11  26   0 0.28    M    M  7.9 18 320   M    M  10 12     24 320
================================================================================
SM  965  510       818   0  3.66    M    246.5            0    130
================================================================================
AV 40.2 21.3                              10.3 FASTST    0   0   6    MAX(MPH)
                                 MISC ---->  # 33 290               # 43  290
================================================================================
NOTES:
# LAST OF SEVERAL OCCURRENCES

COLUMN 17 PEAK WIND IN M.P.H.

PRELIMINARY LOCAL CLIMATOLOGICAL DATA (WS FORM: F-6) , PAGE 2

                                          STATION:  MOUNT POCONO PA
                                          MONTH:    FEBRUARY
                                          YEAR:     2018
                                          LATITUDE:   41  8 N
                                          LONGITUDE:  75 24 W

[TEMPERATURE DATA]      [PRECIPITATION DATA]       SYMBOLS USED IN COLUMN 16

AVERAGE MONTHLY: 30.7   TOTAL FOR MONTH:   3.66    1 = FOG OR MIST
DPTR FM NORMAL:   5.1   DPTR FM NORMAL:    1.65    2 = FOG REDUCING VISIBILITY
HIGHEST:    70 ON 21    GRTST 24HR  0.56 ON  7- 7      TO 1/4 MILE OR LESS
LOWEST:      3 ON  3                               3 = THUNDER
                        SNOW, ICE PELLETS, HAIL    4 = ICE PELLETS
                        TOTAL MONTH:    M          5 = HAIL
                        GRTST 24HR    M  ON   M    6 = FREEZING RAIN OR DRIZZLE
                        GRTST DEPTH:  M  ON   M    7 = DUSTSTORM OR SANDSTORM:
                                                       VSBY 1/2 MILE OR LESS
                                                   8 = SMOKE OR HAZE
[NO. OF DAYS WITH]      [WEATHER - DAYS WITH]      9 = BLOWING SNOW
                                                   X = TORNADO
MAX 32 OR BELOW:   8    0.01 INCH OR MORE:  15
MAX 90 OR ABOVE:   0    0.10 INCH OR MORE:  12
MIN 32 OR BELOW:  19    0.50 INCH OR MORE:   3
MIN  0 OR BELOW:   0    1.00 INCH OR MORE:   0

[HDD (BASE 65) ]
TOTAL THIS MO.   818    CLEAR  (SCALE 0-3)   4
DPTR FM NORMAL  -127    PTCLDY (SCALE 4-7)   8
TOTAL FM JUL 1  4856    CLOUDY (SCALE 8-10)  9
DPTR FM NORMAL  -120

[CDD (BASE 65) ]
TOTAL THIS MO.     0
DPTR FM NORMAL     0    [PRESSURE DATA]
TOTAL FM JAN 1     0    HIGHEST SLP M ON M
DPTR FM NORMAL     0    LOWEST  SLP 29.60 ON 16

[REMARKS]
