000
CXUS51 KLWX 240620
CF6MRB
PRELIMINARY LOCAL CLIMATOLOGICAL DATA (WS FORM: F-6)

                                          STATION:   MARTINSBURG WV
                                          MONTH:     MAY
                                          YEAR:      2017
                                          LATITUDE:   39 24 N
                                          LONGITUDE:  77 59 W

  TEMPERATURE IN F:       :PCPN:    SNOW:  WIND      :SUNSHINE: SKY     :PK WND
================================================================================
1   2   3   4   5  6A  6B    7    8   9   10  11  12  13   14  15   16   17  18
                                     12Z  AVG MX 2MIN
DY MAX MIN AVG DEP HDD CDD  WTR  SNW DPTH SPD SPD DIR MIN PSBL S-S WX    SPD DR
================================================================================

 1  80  57  69  12   0   4 0.01    M    M  9.8 23 180   M    M   3 18     37 180
 2  73  53  63   6   2   0 0.00    M    M 13.3 35 280   M    M   4        43 270
 3  63  43  53  -5  12   0 0.00    M    M  8.8 21 300   M    M   5        27 280
 4  65  42  54  -4  11   0 0.70    M    M  5.4 16 140   M    M   5 1      24 150
 5  72  50  61   3   4   0 2.01    M    M  6.0 20 150   M    M   8 12     27 150
 6  61  48  55  -3  10   0 0.14    M    M 10.3 22 290   M    M   8 1      27 270
 7  62  45  54  -5  11   0    T    M    M 11.5 23 310   M    M   9        31 230
 8  63  36  50  -9  15   0 0.00    M    M  6.5 24 270   M    M   3        30 260
 9  67  33  50  -9  15   0 0.00    M    M  3.5 13 140   M    M   0        15 150
10  73  39  56  -3   9   0 0.00    M    M  2.7 10 250   M    M   3        13  30
11  57  49  53  -7  12   0 1.29    M    M  4.2 10  80   M    M  10 1      15  80
12  53  48  51  -9  14   0 0.24    M    M  2.7  9 110   M    M  10 18     12 100
13  60  45  53  -7  12   0 0.18    M    M  4.6 15 330   M    M   8 1      20 360
14  77  42  60   0   5   0 0.01    M    M 12.2 33 280   M    M   4 12     46 290
15  75  46  61   0   4   0 0.00    M    M  9.3 21 300   M    M   0        29 320
16  81  43  62   1   3   0 0.00    M    M  2.9 10 140   M    M   0        14 190
17  92  54  73  12   0   8    T    M    M  4.7 18 260   M    M   0        24 260
18  91  65  78  16   0  13 0.00    M    M  6.8 20 280   M    M   1        25 270
19  91  65  78  16   0  13    T    M    M  6.1 18 250   M    M   2        23 250
20  69  59  64   2   1   0 0.00    M    M  7.5 16  20   M    M   8        19  20
21  66  57  62   0   3   0    T    M    M  5.1 13 150   M    M  10        18 160
22  74  52  63   0   2   0 0.01    M    M  3.1  9 340   M    M   6 1      14 140
23  65  50  58  -5   7   0 0.22    M    M  2.1  8 140   M    M   6 1      11 100
================================================================================
SM 1630 1121       152  38  4.81    M    149.1          M      113
================================================================================
AV 70.9 48.7                               6.5 FASTST   M    M   5    MAX(MPH)
                                 MISC ---->  # 35 280               # 46  290
================================================================================
NOTES:
# LAST OF SEVERAL OCCURRENCES

COLUMN 17 PEAK WIND IN M.P.H.

PRELIMINARY LOCAL CLIMATOLOGICAL DATA (WS FORM: F-6) , PAGE 2

                                          STATION:  MARTINSBURG WV
                                          MONTH:    MAY
                                          YEAR:     2017
                                          LATITUDE:   39 24 N
                                          LONGITUDE:  77 59 W

[TEMPERATURE DATA]      [PRECIPITATION DATA]       SYMBOLS USED IN COLUMN 16

AVERAGE MONTHLY: 59.8   TOTAL FOR MONTH:   4.81    1 = FOG OR MIST
DPTR FM NORMAL:  -0.2   DPTR FM NORMAL:    1.77    2 = FOG REDUCING VISIBILITY
HIGHEST:    92 ON 17    GRTST 24HR  2.01 ON  5- 5      TO 1/4 MILE OR LESS
LOWEST:     33 ON  9                               3 = THUNDER
                        SNOW, ICE PELLETS, HAIL    4 = ICE PELLETS
                        TOTAL MONTH:    M          5 = HAIL
                        GRTST 24HR    M  ON   M    6 = FREEZING RAIN OR DRIZZLE
                        GRTST DEPTH:  M  ON   M    7 = DUSTSTORM OR SANDSTORM:
                                                       VSBY 1/2 MILE OR LESS
                                                   8 = SMOKE OR HAZE
[NO. OF DAYS WITH]      [WEATHER - DAYS WITH]      9 = BLOWING SNOW
                                                   X = TORNADO
MAX 32 OR BELOW:   0    0.01 INCH OR MORE:  10
MAX 90 OR ABOVE:   3    0.10 INCH OR MORE:   7
MIN 32 OR BELOW:   0    0.50 INCH OR MORE:   3
MIN  0 OR BELOW:   0    1.00 INCH OR MORE:   2

[HDD (BASE 65) ]
TOTAL THIS MO.   152    CLEAR  (SCALE 0-3)   7
DPTR FM NORMAL     9    PTCLDY (SCALE 4-7)  11
TOTAL FM JUL 1  4114    CLOUDY (SCALE 8-10)  5
DPTR FM NORMAL -1086

[CDD (BASE 65) ]
TOTAL THIS MO.    38
DPTR FM NORMAL     8    [PRESSURE DATA]
TOTAL FM JAN 1    93    HIGHEST SLP M ON M
DPTR FM NORMAL    54    LOWEST  SLP 29.33 ON  6

[REMARKS]
