000
CXUS54 KHUN 271015
CF6MSL
PRELIMINARY LOCAL CLIMATOLOGICAL DATA (WS FORM: F-6)

                                          STATION:   MUSCLE SHOALS
                                          MONTH:     MAY
                                          YEAR:      2015
                                          LATITUDE:   34 45 N
                                          LONGITUDE:  87 37 W

  TEMPERATURE IN F:       :PCPN:    SNOW:  WIND      :SUNSHINE: SKY     :PK WND
================================================================================
1   2   3   4   5  6A  6B    7    8   9   10  11  12  13   14  15   16   17  18
                                     12Z  AVG MX 2MIN
DY MAX MIN AVG DEP HDD CDD  WTR  SNW DPTH SPD SPD DIR MIN PSBL S-S WX    SPD DR
================================================================================

 1  72  48  60  -6   5   0 0.00  0.0    0  3.9 12 340   M    M   0        16 360
 2  77  44  61  -5   4   0 0.00  0.0    0  1.3 12 160   M    M   0 18     14 160
 3  80  48  64  -2   1   0 0.00  0.0    0  2.9 12 180   M    M   1 12     18 150
 4  84  53  69   2   0   4 0.00  0.0    0  3.1 14 160   M    M   1        17 160
 5  84  54  69   2   0   4 0.00  0.0    0  3.3 12 140   M    M   1        16 140
 6  84  54  69   2   0   4 0.00  0.0    0  4.6 17 150   M    M   1 1      22 130
 7  86  52  69   2   0   4 0.00  0.0    0  3.3 10 130   M    M   0 1      14 130
 8  89  55  72   4   0   7 0.00  0.0    0  2.5 15 210   M    M   1 1      19 210
 9  85  64  75   7   0  10 0.00  0.0    0  3.6 14 270   M    M   0 1      17 270
10  90  61  76   8   0  11 0.00  0.0    0  4.6 17 200   M    M   1 12     23 200
11  84  66  75   7   0  10 0.00  0.0    0  7.3 18 230   M    M   1 8      24 210
12  77  60  69   0   0   4 0.00  0.0    0  5.5 13 280   M    M   1 1      16  10
13  82  51  67  -2   0   2 0.00  0.0    0  4.9 14  80   M    M   0        22  50
14  78  54  66  -3   0   1 0.00  0.0    0  1.7  9  90   M    M   1        13  80
15  83  60  72   2   0   7 0.09  0.0    0  7.9 16  90   M    M   6 3      20  80
16  85  69  77   7   0  12 0.05  0.0    0  8.8 21 170   M    M   6        27 160
17  84  69  77   7   0  12 0.28  0.0    0  6.7 23 290   M    M   5 3      30 300
18  84  67  76   6   0  11    T  0.0    0  5.2 17 280   M    M   4 3      22 280
19  88  64  76   5   0  11 0.00  0.0    0  2.8  8 340   M    M   2 1      15  10
20  85  62  74   3   0   9 1.08  0.0    0  5.7 21 210   M    M   2 13     26 220
21  66  50  58 -13   7   0 0.00  0.0    0  7.3 14 350   M    M   8        21 340
22  76  49  63  -8   2   0 0.00  0.0    0  4.2 12  90   M    M   0        18  60
23  84  51  68  -4   0   3 0.00  0.0    0  4.8 14 150   M    M   0        18 140
24  85  61  73   1   0   8 0.39  0.0    0  9.6 21 170   M    M   2 13     26 170
25  74  67  71  -1   0   6 1.10  0.0    0  6.4 17 180   M    M   6 13     22 190
26  81  65  73   1   0   8 0.03  0.0    0  8.0 18 220   M    M   4        23 200
================================================================================
SM 2127 1498        19 148  3.02     0.0 129.9          M       54
================================================================================
AV 81.8 57.6                               5.0 FASTST   M    M   2    MAX(MPH)
                                 MISC ---->  # 23 290               # 30  300
================================================================================
NOTES:
# LAST OF SEVERAL OCCURRENCES

COLUMN 17 PEAK WIND IN M.P.H.

PRELIMINARY LOCAL CLIMATOLOGICAL DATA (WS FORM: F-6) , PAGE 2

                                          STATION:  MUSCLE SHOALS
                                          MONTH:    MAY
                                          YEAR:     2015
                                          LATITUDE:   34 45 N
                                          LONGITUDE:  87 37 W

[TEMPERATURE DATA]      [PRECIPITATION DATA]       SYMBOLS USED IN COLUMN 16

AVERAGE MONTHLY: 69.7   TOTAL FOR MONTH:   3.02    1 = FOG OR MIST
DPTR FM NORMAL:   0.6   DPTR FM NORMAL:   -1.26    2 = FOG REDUCING VISIBILITY
HIGHEST:    90 ON 10    GRTST 24HR  1.49 ON 24-25      TO 1/4 MILE OR LESS
LOWEST:     44 ON  2                               3 = THUNDER
                        SNOW, ICE PELLETS, HAIL    4 = ICE PELLETS
                        TOTAL MONTH:   0.0 INCH    5 = HAIL
                        GRTST 24HR     0.0         6 = FREEZING RAIN OR DRIZZLE
                        GRTST DEPTH:   0           7 = DUSTSTORM OR SANDSTORM:
                                                       VSBY 1/2 MILE OR LESS
                                                   8 = SMOKE OR HAZE
[NO. OF DAYS WITH]      [WEATHER - DAYS WITH]      9 = BLOWING SNOW
                                                   X = TORNADO
MAX 32 OR BELOW:   0    0.01 INCH OR MORE:   7
MAX 90 OR ABOVE:   1    0.10 INCH OR MORE:   4
MIN 32 OR BELOW:   0    0.50 INCH OR MORE:   2
MIN  0 OR BELOW:   0    1.00 INCH OR MORE:   2

[HDD (BASE 65) ]
TOTAL THIS MO.    19    CLEAR  (SCALE 0-3)  19
DPTR FM NORMAL   -10    PTCLDY (SCALE 4-7)   6
TOTAL FM JUL 1  3233    CLOUDY (SCALE 8-10)  1
DPTR FM NORMAL   131

[CDD (BASE 65) ]
TOTAL THIS MO.   148
DPTR FM NORMAL    10    [PRESSURE DATA]
TOTAL FM JAN 1   204    HIGHEST SLP M ON M
DPTR FM NORMAL     1    LOWEST  SLP 29.86 ON 20

[REMARKS]
