000
CXUS53 KMKX 290900
CF6MSN
PRELIMINARY LOCAL CLIMATOLOGICAL DATA (WS FORM: F-6)

                                          STATION:   MADISON WI
                                          MONTH:     NOVEMBER
                                          YEAR:      2014
                                          LATITUDE:   43  7 N
                                          LONGITUDE:  89 20 W

  TEMPERATURE IN F:       :PCPN:    SNOW:  WIND      :SUNSHINE: SKY     :PK WND
================================================================================
1   2   3   4   5  6A  6B    7    8   9   10  11  12  13   14  15   16   17  18
                                     12Z  AVG MX 2MIN
DY MAX MIN AVG DEP HDD CDD  WTR  SNW DPTH SPD SPD DIR MIN PSBL S-S WX    SPD DR
================================================================================

 1  44  22  33 -10  32   0 0.00  0.0    0  4.3 10  30   M    M   1        13  30
 2  53  31  42  -1  23   0 0.00  0.0    0 13.4 23 170   M    M   5        29 180
 3  60  42  51   9  14   0 0.16  0.0    0  9.3 17 180   M    M   7 1      22 180
 4  60  43  52  10  13   0 0.01  0.0    0  8.9 18 290   M    M   6        25 310
 5  54  37  46   5  19   0 0.04  0.0    0  5.8 20 200   M    M   7        28 190
 6  47  32  40  -1  25   0 0.01  0.0    0 12.0 22 330   M    M  10 1      32 340
 7  44  28  36  -4  29   0 0.02  0.0    0  7.9 21 170   M    M   8        31 330
 8  47  37  42   2  23   0 0.02  0.0    0  9.3 22 320   M    M   9        34 320
 9  51  36  44   4  21   0 0.02    T    0  7.3 18 200   M    M  10        28 190
10  57  35  46   7  19   0 0.00  0.0    0  9.3 20 150   M    M   9 18     24 130
11  40  25  33  -5  32   0 0.03    T    0 13.4 22 330   M    M  10 14     32 330
12  30  20  25 -13  40   0    T    T    0  8.8 15 290   M    M   6        23 310
13  29  23  26 -12  39   0    T  0.4    0  8.3 16 310   M    M   9        23 310
14  27  12  20 -17  45   0    T    T    T  3.8 10 320   M    M   7        13 270
15  27  10  19 -17  46   0 0.10  1.5    0  2.0  8 210   M    M   6 1      12 290
16  27  11  19 -17  46   0 0.01  0.5    2  6.9 14 240   M    M   7 18     23 220
17  16   8  12 -24  53   0    T    T    1  9.1 18 290   M    M   4        28 300
18  18   8  13 -22  52   0    T    T    1  8.9 15 270   M    M   8        25 270
19  27  17  22 -12  43   0 0.01  0.2    1 10.1 18 290   M    M   8        30 280
20  24   7  16 -18  49   0 0.00  0.0    1  8.3 18 310   M    M   1        27 270
21  32   2  17 -16  48   0 0.00  0.0    1  9.1 21 200   M    M   3        27 200
22  50  30  40   7  25   0 0.01  0.0    1  9.1 16 190   M    M  10 1      24 190
23  50  45  48  16  17   0 0.70  0.0    0  8.2 17 180   M    M  10 1      28 120
24  46  21  34   2  31   0 0.38  5.3    0  8.6 16 270   M    M  10 12     27 270
25  23  12  18 -13  47   0    T    T    5  5.6 13 280   M    M   7 18     20 260
26  24   8  16 -15  49   0    T    T    4  3.8 10  20   M    M   7 18     12 180
27  23   6  15 -15  50   0    T  0.1    3  6.1 16 330   M    M   7 18     20 320
28  30  12  21  -9  44   0 0.02  0.3    0  9.2 20 170   M    M  10 1468   23 170
================================================================================
SM 1060  620       974   0  1.54     8.3 226.8          M      202
================================================================================
AV 37.9 22.1                               8.1 FASTST   M    M   7    MAX(MPH)
                                 MISC ---->  # 23 170               # 34  320
================================================================================
NOTES:
# LAST OF SEVERAL OCCURRENCES

COLUMN 17 PEAK WIND IN M.P.H.

PRELIMINARY LOCAL CLIMATOLOGICAL DATA (WS FORM: F-6) , PAGE 2

                                          STATION:  MADISON WI
                                          MONTH:    NOVEMBER
                                          YEAR:     2014
                                          LATITUDE:   43  7 N
                                          LONGITUDE:  89 20 W

[TEMPERATURE DATA]      [PRECIPITATION DATA]       SYMBOLS USED IN COLUMN 16

AVERAGE MONTHLY: 30.0   TOTAL FOR MONTH:   1.54    1 = FOG OR MIST
DPTR FM NORMAL:  -6.6   DPTR FM NORMAL:   -0.69    2 = FOG REDUCING VISIBILITY
HIGHEST:    60 ON  4, 3 GRTST 24HR  0.70 ON 23-23      TO 1/4 MILE OR LESS
LOWEST:      2 ON 21                               3 = THUNDER
                        SNOW, ICE PELLETS, HAIL    4 = ICE PELLETS
                        TOTAL MONTH:   8.3 INCHES  5 = HAIL
                        GRTST 24HR   5.3 ON   M    6 = FREEZING RAIN OR DRIZZLE
                        GRTST DEPTH:   5 ON 25     7 = DUSTSTORM OR SANDSTORM:
                                                       VSBY 1/2 MILE OR LESS
                                                   8 = SMOKE OR HAZE
[NO. OF DAYS WITH]      [WEATHER - DAYS WITH]      9 = BLOWING SNOW
                                                   X = TORNADO
MAX 32 OR BELOW:  14    0.01 INCH OR MORE:  15
MAX 90 OR ABOVE:   0    0.10 INCH OR MORE:   4
MIN 32 OR BELOW:  21    0.50 INCH OR MORE:   1
MIN  0 OR BELOW:   0    1.00 INCH OR MORE:   0

[HDD (BASE 65) ]
TOTAL THIS MO.   974    CLEAR  (SCALE 0-3)   3
DPTR FM NORMAL   180    PTCLDY (SCALE 4-7)  15
TOTAL FM JUL 1  1617    CLOUDY (SCALE 8-10) 10
DPTR FM NORMAL   110

[CDD (BASE 65) ]
TOTAL THIS MO.     0
DPTR FM NORMAL     0    [PRESSURE DATA]
TOTAL FM JAN 1   620    HIGHEST SLP M ON M
DPTR FM NORMAL    52    LOWEST  SLP 29.08 ON 24

[REMARKS]
