000
CXUS51 KBTV 290700
CF6MSS
PRELIMINARY LOCAL CLIMATOLOGICAL DATA (WS FORM: F-6)

                                          STATION:   MASSENA NY
                                          MONTH:     SEPTEMBER
                                          YEAR:      2014
                                          LATITUDE:   44 55 N
                                          LONGITUDE:  74 51 W

  TEMPERATURE IN F:       :PCPN:    SNOW:  WIND      :SUNSHINE: SKY     :PK WND
================================================================================
1   2   3   4   5  6A  6B    7    8   9   10  11  12  13   14  15   16   17  18
                                     12Z  AVG MX 2MIN
DY MAX MIN AVG DEP HDD CDD  WTR  SNW DPTH SPD SPD DIR MIN PSBL S-S WX    SPD DR
================================================================================

 1  82  66  74  10   0   9 0.00  0.0    0  4.7 14 220   M    M   5 1      19 270
 2  83  64  74  11   0   9 0.10  0.0    0  9.2 20 280   M    M   5 1      26 280
 3  78  59  69   6   0   4 0.00  0.0    0  8.4 17 290   M    M   2        21 290
 4  83  55  69   6   0   4 0.00  0.0    0  4.5 15 240   M    M   1 1      21 250
 5  87  63  75  13   0  10 0.01  0.0    0  9.7 23 230   M    M   3 1      30 210
 6  79  52  66   4   0   1 0.35  0.0    0  8.0 20 240   M    M   6 1      27 240
 7  72  47  60  -2   5   0 0.00  0.0    0  3.5 13 290   M    M   2 12     18 260
 8  79  48  64   3   1   0 0.00  0.0    0  1.8  9 170   M    M   1 12     13 130
 9  77  50  64   3   1   0 0.00  0.0    0  2.6 12 180   M    M   1 1      16 190
10  79  54  67   6   0   2    T  0.0    0  3.4 13 150   M    M   5        17 150
11  77  49  63   3   2   0 0.08    M    0 14.1 26 260   M    M   8 1      38 250
12  54  39  47 -13  18   0 0.00  0.0    0  4.8 12 310   M    M   7        20 340
13  56  39  48 -12  17   0 0.46    M    0  8.5 18 270   M    M   6 1      27 260
14  51  34  43 -16  22   0 0.00  0.0    0  4.4 14 270   M    M   8 1      20 290
15  66  37  52  -7  13   0 0.01    M    0  6.8 18 210   M    M   8        23 210
16  67  47  57  -1   8   0 0.02    M    0  6.2 16 270   M    M   6        21 270
17  66  42  54  -4  11   0    T    M    0  8.7 18 210   M    M   5        23 210
18  56  33  45 -13  20   0 0.01    M    0  6.2 14  10   M    M   5        19  10
19  60  28  44 -13  21   0 0.00  0.0    0  2.3 13  80   M    M   0 1      15  70
20  74  38  56  -1   9   0 0.00  0.0    0 12.2 28 210   M    M   4        37 210
21  77  54  66  10   0   1 0.15  0.0    0 11.9 22 200   M    M   6 13     31 180
22  54  41  48  -8  17   0 0.02    M    0 12.4 22 260   M    M   9 1      30 290
23  64  41  53  -3  12   0 0.00  0.0    0  6.6 13 220   M    M   7 12     17 250
24  73  40  57   2   8   0 0.00  0.0    0  1.0  8  30   M    M   3 12      9  90
25  75  44  60   5   5   0 0.00  0.0    0  2.0  9 260   M    M   2 1      14 260
26  78  44  61   7   4   0 0.00  0.0    0  3.5 12 250   M    M   1 12     14 280
27  79  52  66  12   0   1 0.00  0.0    0  4.5  9 210   M    M   0 1      13 220
28  78  51  65  12   0   0 0.00  0.0    0  7.1 14 220   M    M   0 1      18 240
================================================================================
SM 2004 1311       194  41  1.21     0.0 179.0          M      116
================================================================================
AV 71.6 46.8                               6.4 FASTST   M    M   4    MAX(MPH)
                                 MISC ---->  # 28 210               # 38  250
================================================================================
NOTES:
# LAST OF SEVERAL OCCURRENCES

COLUMN 17 PEAK WIND IN M.P.H.

PRELIMINARY LOCAL CLIMATOLOGICAL DATA (WS FORM: F-6) , PAGE 2

                                          STATION:  MASSENA NY
                                          MONTH:    SEPTEMBER
                                          YEAR:     2014
                                          LATITUDE:   44 55 N
                                          LONGITUDE:  74 51 W

[TEMPERATURE DATA]      [PRECIPITATION DATA]       SYMBOLS USED IN COLUMN 16

AVERAGE MONTHLY: 59.2   TOTAL FOR MONTH:   1.21    1 = FOG OR MIST
DPTR FM NORMAL:   0.4   DPTR FM NORMAL:   -2.19    2 = FOG REDUCING VISIBILITY
HIGHEST:    87 ON  5    GRTST 24HR  1.70 ON 31- 1      TO 1/4 MILE OR LESS
LOWEST:     28 ON 19                               3 = THUNDER
                        SNOW, ICE PELLETS, HAIL    4 = ICE PELLETS
                        TOTAL MONTH:   0.0 INCH    5 = HAIL
                        GRTST 24HR     0.0         6 = FREEZING RAIN OR DRIZZLE
                        GRTST DEPTH:   0           7 = DUSTSTORM OR SANDSTORM:
                                                       VSBY 1/2 MILE OR LESS
                                                   8 = SMOKE OR HAZE
[NO. OF DAYS WITH]      [WEATHER - DAYS WITH]      9 = BLOWING SNOW
                                                   X = TORNADO
MAX 32 OR BELOW:   0    0.01 INCH OR MORE:  10
MAX 90 OR ABOVE:   0    0.10 INCH OR MORE:   4
MIN 32 OR BELOW:   1    0.50 INCH OR MORE:   0
MIN  0 OR BELOW:   0    1.00 INCH OR MORE:   0

[HDD (BASE 65) ]
TOTAL THIS MO.   194    CLEAR  (SCALE 0-3)  11
DPTR FM NORMAL    -4    PTCLDY (SCALE 4-7)  15
TOTAL FM JUL 1   254    CLOUDY (SCALE 8-10)  2
DPTR FM NORMAL   -19

[CDD (BASE 65) ]
TOTAL THIS MO.    41
DPTR FM NORMAL    17    [PRESSURE DATA]
TOTAL FM JAN 1   329    HIGHEST SLP M ON M
DPTR FM NORMAL   -31    LOWEST  SLP 29.55 ON 21

[REMARKS]
