000
CXUS52 KKEY 300542
CF6MTH
PRELIMINARY LOCAL CLIMATOLOGICAL DATA (WS FORM: F-6)

                                          STATION:   MARATHON
                                          MONTH:     MAY
                                          YEAR:      2016
                                          LATITUDE:   24 43 N
                                          LONGITUDE:  81  5 W

  TEMPERATURE IN F:       :PCPN:    SNOW:  WIND      :SUNSHINE: SKY     :PK WND
================================================================================
1   2   3   4   5  6A  6B    7    8   9   10  11  12  13   14  15   16   17  18
                                     12Z  AVG MX 2MIN
DY MAX MIN AVG DEP HDD CDD  WTR  SNW DPTH SPD SPD DIR MIN PSBL S-S WX    SPD DR
================================================================================

 1  87  78  83   4   0  18    T  0.0    0  9.2 14 120   M    M   1        20 130
 2  89  79  84   5   0  19 0.00  0.0    0  9.7 15 120   M    M   2        22 120
 3  90  78  84   5   0  19 0.00  0.0    0  7.4 12 170   M    M   2 8      19 150
 4  88  77  83   4   0  18 0.04  0.0    0  9.7 23 210   M    M   2 1      40 210
 5  82  74  78  -2   0  13 0.12  0.0    0 11.8 15 350   M    M   3 13     27 310
 6  81  69  75  -5   0  10 0.13  0.0    0  9.3 16 320   M    M   1 1      25 320
 7  81  68  75  -5   0  10 0.00  0.0    0  9.4 16 340   M    M   0        23 330
 8  83  64  74  -6   0   9 0.00  0.0    0  8.0 17  60   M    M   0        24  60
 9  85  75  80   0   0  15 0.00  0.0    0  8.9 15  80   M    M   2        23 200
10  88  77  83   3   0  18 0.00  0.0    0  9.6 14  80   M    M   1        23 120
11  87  77  82   2   0  17 0.00  0.0    0  9.1 14  80   M    M   4        21 110
12  86  75  81   0   0  16 0.00  0.0    0  5.5  9  40   M    M   1        15  50
13  86  74  80  -1   0  15 0.00  0.0    0  5.1 10  30   M    M   1        13  40
14  88  78  83   2   0  18 0.00  0.0    0  7.1 13 300   M    M   2        18 280
15  87  78  83   2   0  18 0.00  0.0    0  5.8 14 120   M    M   1        26 200
16  90  79  85   4   0  20 0.00  0.0    0  8.0 15  90   M    M   2        21  90
17  90  81  86   4   0  21 0.00  0.0    0  8.8 14 120   M    M   0        20 160
18  93  73  83   1   0  18 1.24  0.0    0  7.0 22 160   M    M   2 13     33 150
19  88  73  81  -1   0  16 0.75  0.0    0  7.5 17 200   M    M   5 3      27 210
20  88  79  84   2   0  19 0.00  0.0    0  6.5 10 130   M    M   1        15 130
21  89  79  84   2   0  19 0.00  0.0    0  4.9  8 320   M    M   2        12 290
22  89  78  84   2   0  19 0.00  0.0    0  6.6 13 290   M    M   0        25 230
23  86  78  82  -1   0  17    T  0.0    0  3.8 10  40   M    M   2        17  30
24  89  76  83   0   0  18    T  0.0    0  5.3 14  20   M    M   2 3      21  10
25  88  75  82  -1   0  17 0.04  0.0    0 11.7 21  60   M    M   2 3      27  60
26  86  78  82  -1   0  17 0.00  0.0    0 11.0 17  60   M    M   1        22  70
27  87  78  83   0   0  18 0.00  0.0    0  7.5 16  50   M    M   2        21  40
28  88  74  81  -2   0  16 0.00  0.0    0  3.3  8 140   M    M   1        13 160
29  89  78  84   0   0  19    T  0.0    0  4.2 14  40   M    M   1 3      16  40
================================================================================
SM 2528 2200         0 487  2.32     0.0 221.7          M       46
================================================================================
AV 87.2 75.9                               7.6 FASTST   M    M   2    MAX(MPH)
                                 MISC ---->  # 23 210               # 40  210
================================================================================
NOTES:
# LAST OF SEVERAL OCCURRENCES

COLUMN 17 PEAK WIND IN M.P.H.

PRELIMINARY LOCAL CLIMATOLOGICAL DATA (WS FORM: F-6) , PAGE 2

                                          STATION:  MARATHON
                                          MONTH:    MAY
                                          YEAR:     2016
                                          LATITUDE:   24 43 N
                                          LONGITUDE:  81  5 W

[TEMPERATURE DATA]      [PRECIPITATION DATA]       SYMBOLS USED IN COLUMN 16

AVERAGE MONTHLY: 81.5   TOTAL FOR MONTH:   2.32    1 = FOG OR MIST
DPTR FM NORMAL:   0.3   DPTR FM NORMAL:   -0.72    2 = FOG REDUCING VISIBILITY
HIGHEST:    93 ON 18    GRTST 24HR  1.99 ON 18-19      TO 1/4 MILE OR LESS
LOWEST:     64 ON  8                               3 = THUNDER
                        SNOW, ICE PELLETS, HAIL    4 = ICE PELLETS
                        TOTAL MONTH:   0.0 INCH    5 = HAIL
                        GRTST 24HR     0.0         6 = FREEZING RAIN OR DRIZZLE
                        GRTST DEPTH:   0           7 = DUSTSTORM OR SANDSTORM:
                                                       VSBY 1/2 MILE OR LESS
                                                   8 = SMOKE OR HAZE
[NO. OF DAYS WITH]      [WEATHER - DAYS WITH]      9 = BLOWING SNOW
                                                   X = TORNADO
MAX 32 OR BELOW:   0    0.01 INCH OR MORE:   6
MAX 90 OR ABOVE:   4    0.10 INCH OR MORE:   4
MIN 32 OR BELOW:   0    0.50 INCH OR MORE:   2
MIN  0 OR BELOW:   0    1.00 INCH OR MORE:   1

[HDD (BASE 65) ]
TOTAL THIS MO.     0    CLEAR  (SCALE 0-3)  27
DPTR FM NORMAL     0    PTCLDY (SCALE 4-7)   2
TOTAL FM JUL 1    49    CLOUDY (SCALE 8-10)  0
DPTR FM NORMAL   -32

[CDD (BASE 65) ]
TOTAL THIS MO.   487
DPTR FM NORMAL    19    [PRESSURE DATA]
TOTAL FM JAN 1  1578    HIGHEST SLP M ON M
DPTR FM NORMAL    74    LOWEST  SLP 29.70 ON  4

[REMARKS]
