000
CXUS55 KGJT 301000
CF6MTJ
PRELIMINARY LOCAL CLIMATOLOGICAL DATA (WS FORM: F-6)

                                          STATION:   MONTROSE CO
                                          MONTH:     AUGUST
                                          YEAR:      2015
                                          LATITUDE:   38 30 N
                                          LONGITUDE: 107 53 W

  TEMPERATURE IN F:       :PCPN:    SNOW:  WIND      :SUNSHINE: SKY     :PK WND
================================================================================
1   2   3   4   5  6A  6B    7    8   9   10  11  12  13   14  15   16   17  18
                                     12Z  AVG MX 2MIN
DY MAX MIN AVG DEP HDD CDD  WTR  SNW DPTH SPD SPD DIR MIN PSBL S-S WX    SPD DR
================================================================================

 1  87  59  73   0   0   8 0.01    M    M  8.1 32 110   M    M   3        42 110
 2  73  62  68  -5   0   3 0.13    M    M  5.8 17 160   M    M   8 1      21 150
 3  85  60  73   0   0   8 0.01    M    M  6.6 24 260   M    M   2 3      30 260
 4  88  56  72  -1   0   7    T    M    M  6.0 16 120   M    M   1        19 120
 5  93  57  75   2   0  10 0.00    M    M  8.2 22 230   M    M   0        29 260
 6  90  58  74   1   0   9 0.00    M    M  8.8 15 350   M    M   0        19 330
 7  81  57  69  -3   0   4 0.14    M    M  7.9 22 140   M    M   6 3      26 140
 8  82  56  69  -3   0   4    T    M    M  6.0 22 320   M    M   2        26 320
 9  87  55  71  -1   0   6 0.00    M    M  6.2 15 330   M    M   0        22 330
10  92  53  73   1   0   8 0.00    M    M  7.3 20 160   M    M   2        26 200
11  83  63  73   1   0   8 0.04    M    M  8.3 22 160   M    M   7 3      27 150
12  85  58  72   0   0   7 0.02    M    M  7.7 17 140   M    M   3        22 170
13  90  58  74   2   0   9 0.00    M    M  9.1 24 160   M    M   0        31 160
14  95  62  79   8   0  14 0.00    M    M  5.9 18 130   M    M   0        22 130
15  95  67  81  10   0  16 0.01    M    M  6.8 25 270   M    M   1 3      33 260
16  93  63  78   7   0  13    T    M    M  5.7 20 300   M    M   1 3      25 300
17  89  59  74   3   0   9 0.04    M    M  7.0 22 120   M    M   1 3      28 130
18  87  51  69  -1   0   4 0.00    M    M  8.3 20 310   M    M   0        25 300
19  80  48  64  -6   1   0 0.00    M    M  6.9 15 130   M    M   0        19 130
20  87  49  68  -2   0   3 0.00    M    M  6.4 14 130   M    M   0        18 350
21  89  54  72   2   0   7    T    M    M  9.4 32 250   M    M   0 38     48 270
22  90  56  73   3   0   8 0.00    M    M  8.2 17 160   M    M   0        20 160
23  89  56  73   3   0   8 0.00    M    M  8.6 18 320   M    M   0        22 320
24  92  54  73   4   0   8 0.00    M    M  7.8 14 140   M    M   0        20 300
25  90  54  72   3   0   7 0.00    M    M  9.0 28 150   M    M   0 3      35 150
26  79  61  70   1   0   5 0.00    M    M  5.9 15 170   M    M   4        18 180
27  80  60  70   2   0   5 0.14    M    M  5.6 20  60   M    M   5 1      27  60
28  84  52  68   0   0   3    T    M    M  6.8 15 130   M    M   0        18 130
29  90  52  71   3   0   6 0.00    M    M  6.9 14 340   M    M   1        18 350
================================================================================
SM 2525 1650         1 207  0.54    M    211.2          M       47
================================================================================
AV 87.1 56.9                               7.3 FASTST   M    M   2    MAX(MPH)
                                 MISC ---->  # 32 110               # 48  270
================================================================================
NOTES:
# LAST OF SEVERAL OCCURRENCES

COLUMN 17 PEAK WIND IN M.P.H.

PRELIMINARY LOCAL CLIMATOLOGICAL DATA (WS FORM: F-6) , PAGE 2

                                          STATION:  MONTROSE CO
                                          MONTH:    AUGUST
                                          YEAR:     2015
                                          LATITUDE:   38 30 N
                                          LONGITUDE: 107 53 W

[TEMPERATURE DATA]      [PRECIPITATION DATA]       SYMBOLS USED IN COLUMN 16

AVERAGE MONTHLY: 72.0   TOTAL FOR MONTH:   0.54    1 = FOG OR MIST
DPTR FM NORMAL:   1.1   DPTR FM NORMAL:   -0.63    2 = FOG REDUCING VISIBILITY
HIGHEST:    95 ON 15,14 GRTST 24HR  0.14 ON 27-27      TO 1/4 MILE OR LESS
LOWEST:     48 ON 19                               3 = THUNDER
                        SNOW, ICE PELLETS, HAIL    4 = ICE PELLETS
                        TOTAL MONTH:    M          5 = HAIL
                        GRTST 24HR    M  ON   M    6 = FREEZING RAIN OR DRIZZLE
                        GRTST DEPTH:  M  ON   M    7 = DUSTSTORM OR SANDSTORM:
                                                       VSBY 1/2 MILE OR LESS
                                                   8 = SMOKE OR HAZE
[NO. OF DAYS WITH]      [WEATHER - DAYS WITH]      9 = BLOWING SNOW
                                                   X = TORNADO
MAX 32 OR BELOW:   0    0.01 INCH OR MORE:   9
MAX 90 OR ABOVE:  11    0.10 INCH OR MORE:   3
MIN 32 OR BELOW:   0    0.50 INCH OR MORE:   0
MIN  0 OR BELOW:   0    1.00 INCH OR MORE:   0

[HDD (BASE 65) ]
TOTAL THIS MO.     1    CLEAR  (SCALE 0-3)  23
DPTR FM NORMAL     0    PTCLDY (SCALE 4-7)   5
TOTAL FM JUL 1     1    CLOUDY (SCALE 8-10)  1
DPTR FM NORMAL     0

[CDD (BASE 65) ]
TOTAL THIS MO.   207
DPTR FM NORMAL    30    [PRESSURE DATA]
TOTAL FM JAN 1   650    HIGHEST SLP M ON M
DPTR FM NORMAL    51    LOWEST  SLP 29.71 ON 18

[REMARKS]
