000
CXUS53 KILX 270900
CF6MTO
PRELIMINARY LOCAL CLIMATOLOGICAL DATA (WS FORM: F-6)

                                          STATION:   MATTOON IL AIRPORT
                                          MONTH:     MAY
                                          YEAR:      2016
                                          LATITUDE:   39 28 N
                                          LONGITUDE:  88 17 W

  TEMPERATURE IN F:       :PCPN:    SNOW:  WIND      :SUNSHINE: SKY     :PK WND
================================================================================
1   2   3   4   5  6A  6B    7    8   9   10  11  12  13   14  15   16   17  18
                                     12Z  AVG MX 2MIN
DY MAX MIN AVG DEP HDD CDD  WTR  SNW DPTH SPD SPD DIR MIN PSBL S-S WX    SPD DR
================================================================================

 1  72  52  62   3   3   0    T    M    M  7.8 25 310   M    M   6 13     29 310
 2  57  50  54  -5  11   0 0.01    M    M  8.4 17 350   M    M  10 18     22 350
 3  65  43  54  -6  11   0 0.00    M    M  8.4 16 280   M    M   6 1      22 350
 4  61  45  53  -7  12   0 0.17    M    M 12.6 29 350   M    M   8 1      37 350
 5  66  41  54  -6  11   0 0.00    M    M 11.5 22  20   M    M   4        26  10
 6  74  45  60   0   5   0 0.00    M    M  7.7 16 310   M    M   1        21 310
 7  82  54  68   7   0   3    T    M    M 10.3 24  20   M    M   1 3      31  30
 8  66  51  59  -2   6   0 0.11    M    M  6.4 16 130   M    M   8 13     23 140
 9  71  55  63   2   2   0 0.10    M    M  9.7 18 200   M    M   9 1      28 190
10  73  60  67   5   0   2 0.08    M    M  9.4 20 160   M    M   6 138    26 160
11  78  58  68   6   0   3 0.04    M    M  6.7 14 150   M    M   5 1238    M  M
12  68  50  59  -3   6   0 0.02    M    M  9.2 20 320   M    M   6 18     25 320
13  70  47  59  -3   6   0 0.45    M    M  9.7 32 320   M    M   1 1      42 300
14  53  40  47 -16  18   0 0.08    M    M 16.6 32 310   M    M   6 1      41 310
15  59  42  51 -12  14   0 0.00    M    M 10.2 23 330   M    M   1        28 340
16  61  43  52 -11  13   0    T    M    M  8.1 15 190   M    M   5        20 210
17  53  49  51 -13  14   0 0.26    M    M  6.2 15  80   M    M  10 1      20  70
18  68  42  55  -9  10   0 0.00    M    M  5.6 14  20   M    M   3        17  10
19  71  44  58  -6   7   0 0.00    M    M  4.7 15 110   M    M   0        18 100
20  65  53  59  -5   6   0 0.19    M    M  6.9 17 100   M    M   7 1      22  20
21  76  52  64  -1   1   0 0.06    M    M  8.1 18  10   M    M   5 1      22  20
22  83  47  65   0   0   0 0.00    M    M  4.8 16 360   M    M   0        21 330
23  79  51  65   0   0   0 0.00    M    M  6.1 15 130   M    M   0        19 130
24  81  58  70   4   0   5 0.00    M    M  8.3 21 160   M    M   1        27 170
25  79  63  71   5   0   6 0.00    M    M 10.3 22 190   M    M   1 1      31 180
26  77  64  71   5   0   6 0.74  0.0    0  9.5 23 340   M    M   2 13     29 340
================================================================================
SM 1808 1299       156  25  2.31     0.0 223.2          M      112
================================================================================
AV 69.5 50.0                               8.6 FASTST   M    M   4    MAX(MPH)
                                 MISC ---->  # 32 320               # 42  300
================================================================================
NOTES:
# LAST OF SEVERAL OCCURRENCES

COLUMN 17 PEAK WIND IN M.P.H.

PRELIMINARY LOCAL CLIMATOLOGICAL DATA (WS FORM: F-6) , PAGE 2

                                          STATION:  MATTOON IL AIRPORT
                                          MONTH:    MAY
                                          YEAR:     2016
                                          LATITUDE:   39 28 N
                                          LONGITUDE:  88 17 W

[TEMPERATURE DATA]      [PRECIPITATION DATA]       SYMBOLS USED IN COLUMN 16

AVERAGE MONTHLY: 59.8   TOTAL FOR MONTH:   2.31    1 = FOG OR MIST
DPTR FM NORMAL:  -2.8   DPTR FM NORMAL:   -1.51    2 = FOG REDUCING VISIBILITY
HIGHEST:    83 ON 22    GRTST 24HR  0.74 ON 26-26      TO 1/4 MILE OR LESS
LOWEST:     40 ON 14                               3 = THUNDER
                        SNOW, ICE PELLETS, HAIL    4 = ICE PELLETS
                        TOTAL MONTH:   0.0 INCH    5 = HAIL
                        GRTST 24HR     0.0         6 = FREEZING RAIN OR DRIZZLE
                        GRTST DEPTH:   0           7 = DUSTSTORM OR SANDSTORM:
                                                       VSBY 1/2 MILE OR LESS
                                                   8 = SMOKE OR HAZE
[NO. OF DAYS WITH]      [WEATHER - DAYS WITH]      9 = BLOWING SNOW
                                                   X = TORNADO
MAX 32 OR BELOW:   0    0.01 INCH OR MORE:  13
MAX 90 OR ABOVE:   0    0.10 INCH OR MORE:   7
MIN 32 OR BELOW:   0    0.50 INCH OR MORE:   1
MIN  0 OR BELOW:   0    1.00 INCH OR MORE:   0

[HDD (BASE 65) ]
TOTAL THIS MO.   156    CLEAR  (SCALE 0-3)  10
DPTR FM NORMAL    37    PTCLDY (SCALE 4-7)  13
TOTAL FM JUL 1  4534    CLOUDY (SCALE 8-10)  3
DPTR FM NORMAL  -847

[CDD (BASE 65) ]
TOTAL THIS MO.    25
DPTR FM NORMAL   -30    [PRESSURE DATA]
TOTAL FM JAN 1    32    HIGHEST SLP M ON M
DPTR FM NORMAL   -37    LOWEST  SLP 29.70 ON  4

[REMARKS]
