000
CXUS53 KILX 302300
CF6MTO
PRELIMINARY LOCAL CLIMATOLOGICAL DATA (WS FORM: F-6)

                                          STATION:   MATTOON IL AIRPORT
                                          MONTH:     SEPTEMBER
                                          YEAR:      2014
                                          LATITUDE:   39 28 N
                                          LONGITUDE:  88 17 W

  TEMPERATURE IN F:       :PCPN:    SNOW:  WIND      :SUNSHINE: SKY     :PK WND
================================================================================
1   2   3   4   5  6A  6B    7    8   9   10  11  12  13   14  15   16   17  18
                                     12Z  AVG MX 2MIN
DY MAX MIN AVG DEP HDD CDD  WTR  SNW DPTH SPD SPD DIR MIN PSBL S-S WX    SPD DR
================================================================================

 1  83  69  76   4   0  11 0.33    M    M 10.5 22 200   M    M   4 13     30 190
 2  80  67  74   2   0   9 0.49    M    M  6.3 15 170   M    M   6 13     19 170
 3  82  61  72   1   0   7 0.00    M    M  4.6 10 170   M    M   1 1      13 180
 4  86  68  77   6   0  12 0.00    M    M  8.3 14 170   M    M   2        19 170
 5  90  69  80   9   0  15 0.59    M    M  8.2 32 320   M    M   2 13     38 320
 6  74  54  64  -6   1   0 0.01    M    M  8.4 17 340   M    M   6 1      23 350
 7  76  49  63  -7   2   0 0.00    M    M  3.8 12  50   M    M   0        17  60
 8  78  52  65  -5   0   0 0.00    M    M  2.1  8 170   M    M   0        12 120
 9  73  59  66  -4   0   1 0.02    M    M  6.9 15  10   M    M   3 3      18  20
10  80  64  72   3   0   7 1.36    M    M 11.7 28 290   M    M   7 13     35 290
11  65  53  59 -10   6   0 0.01    M    M 11.8 17 340   M    M   9 1      21 350
12  63  47  55 -13  10   0    T    M    M 10.2 23 340   M    M  10 1      27 330
13  63  40  52 -16  13   0 0.00    M    M  7.1 18 350   M    M   2        24 350
14  68  40  54 -14  11   0 0.00    M    M  2.0  8 200   M    M   0        11 200
15  63  48  56 -11   9   0 0.47    M    M  6.9 20 150   M    M   8 13     24 360
16  66  48  57 -10   8   0 0.00    M    M  5.1 15 360   M    M   7 1      20  20
17  66  44  55 -11  10   0 0.00    M    M  2.7 10 200   M    M   5 1      14 160
18  74  49  62  -4   3   0 0.00    M    M  4.9 15  60   M    M   0 1      21  60
19  75  50  63  -3   2   0 0.00    M    M  5.8 15 150   M    M   0        19 130
20  81  58  70   5   0   5 0.48    M    M  9.4 18 270   M    M   2 13     27 260
21  74  51  63  -2   2   0 0.01    M    M 13.0 28 320   M    M   2 13     34 310
22  70  45  58  -6   7   0 0.00    M    M  4.3 12 360   M    M   0        16 340
23  72  44  58  -6   7   0 0.00    M    M  3.7 10 120   M    M   0        14 140
24  74  45  60  -3   5   0 0.00    M    M  3.5 10 140   M    M   0        16 130
25  80  51  66   3   0   1 0.00    M    M  1.4  7 150   M    M   0 1       9 120
26  81  55  68   6   0   3 0.00    M    M  1.6 10 130   M    M   0        13 100
27  82  56  69   7   0   4 0.00    M    M  3.2 12 100   M    M   0        16 130
28  83  54  69   7   0   4 0.00    M    M  1.3  9 110   M    M   0        13 100
29  86  54  70   9   0   5 0.00    M    M  2.1 13 320   M    M   0        17 320
================================================================================
SM 2188 1544        96  84  3.77    M    170.8          M       76
================================================================================
AV 75.4 53.2                               5.9 FASTST   M    M   3    MAX(MPH)
                                 MISC ---->  # 32 320               # 38  320
================================================================================
NOTES:
# LAST OF SEVERAL OCCURRENCES

COLUMN 17 PEAK WIND IN M.P.H.

PRELIMINARY LOCAL CLIMATOLOGICAL DATA (WS FORM: F-6) , PAGE 2

                                          STATION:  MATTOON IL AIRPORT
                                          MONTH:    SEPTEMBER
                                          YEAR:     2014
                                          LATITUDE:   39 28 N
                                          LONGITUDE:  88 17 W

[TEMPERATURE DATA]      [PRECIPITATION DATA]       SYMBOLS USED IN COLUMN 16

AVERAGE MONTHLY: 64.3   TOTAL FOR MONTH:   3.77    1 = FOG OR MIST
DPTR FM NORMAL:  -2.6   DPTR FM NORMAL:    0.84    2 = FOG REDUCING VISIBILITY
HIGHEST:    90 ON  5    GRTST 24HR  1.36 ON 10-10      TO 1/4 MILE OR LESS
LOWEST:     40 ON 14,13                            3 = THUNDER
                        SNOW, ICE PELLETS, HAIL    4 = ICE PELLETS
                        TOTAL MONTH:    M          5 = HAIL
                        GRTST 24HR    M  ON   M    6 = FREEZING RAIN OR DRIZZLE
                        GRTST DEPTH:  M  ON   M    7 = DUSTSTORM OR SANDSTORM:
                                                       VSBY 1/2 MILE OR LESS
                                                   8 = SMOKE OR HAZE
[NO. OF DAYS WITH]      [WEATHER - DAYS WITH]      9 = BLOWING SNOW
                                                   X = TORNADO
MAX 32 OR BELOW:   0    0.01 INCH OR MORE:  10
MAX 90 OR ABOVE:   1    0.10 INCH OR MORE:   6
MIN 32 OR BELOW:   0    0.50 INCH OR MORE:   2
MIN  0 OR BELOW:   0    1.00 INCH OR MORE:   1

[HDD (BASE 65) ]
TOTAL THIS MO.    96    CLEAR  (SCALE 0-3)  20
DPTR FM NORMAL    36    PTCLDY (SCALE 4-7)   7
TOTAL FM JUL 1   101    CLOUDY (SCALE 8-10)  2
DPTR FM NORMAL    36

[CDD (BASE 65) ]
TOTAL THIS MO.    84
DPTR FM NORMAL   -32    [PRESSURE DATA]
TOTAL FM JAN 1   918    HIGHEST SLP M ON M
DPTR FM NORMAL  -118    LOWEST  SLP 29.70 ON 10

[REMARKS]
