000
CXUS55 KBOI 311002
CF6MUO
PRELIMINARY LOCAL CLIMATOLOGICAL DATA (WS FORM: F-6)

                                          STATION:   MOUNTAIN HOME AFB
                                          MONTH:     AUGUST
                                          YEAR:      2014
                                          LATITUDE:   43  2 N
                                          LONGITUDE: 115 52 W

  TEMPERATURE IN F:       :PCPN:    SNOW:  WIND      :SUNSHINE: SKY     :PK WND
================================================================================
1   2   3   4   5  6A  6B    7    8   9   10  11  12  13   14  15   16   17  18
                                     12Z  AVG MX 2MIN
DY MAX MIN AVG DEP HDD CDD  WTR  SNW DPTH SPD SPD DIR MIN PSBL S-S WX    SPD DR
================================================================================

 1  97  59  78   0   0  13 0.00    M    M  5.1 12 310   M    M   2         M  M
 2  98  72  85   8   0  20 0.00    M    M  8.6 16  90   M    M   1        30  60
 3  99  68  84   7   0  19    T    M    M  9.0 18  50   M    M   3        31 220
 4  83  70  77   0   0  12 0.01    M    M 13.3 27 120   M    M   8        39 120
 5  86  65  76  -1   0  11 0.02    M    M  7.4 22 110   M    M   7 38     25 120
 6  75  65  70  -7   0   5    T    M    M  9.2 16 110   M    M   9         M  M
 7  85  62  74  -3   0   9 0.00    M    M 10.8 16 120   M    M   4 18      M  M
 8  91  59  75  -2   0  10    T    M    M  8.5 18  90   M    M   2 8      23  90
 9  91  60  76  -1   0  11 0.00    M    M  9.5 16  90   M    M   1         M  M
10  97  60  79   3   0  14 0.00    M    M  5.8 13 110   M    M   0         M  M
11  99  64  82   6   0  17 0.02    M    M 10.4 21 110   M    M   5 3      35 120
12  90  64  77   1   0  12 0.31    M    M 11.6 27 350   M    M   8 35     41 170
13  86  60  73  -3   0   8 0.02    M    M  7.2 17 150   M    M   4 3       M  M
14  87  62  75   0   0  10 0.07    M    M  7.0 15 340   M    M   2 13      M  M
15  89  58  74  -1   0   9 0.00    M    M  6.9 13 340   M    M   1         M  M
16  91  57  74  -1   0   9 0.00    M    M  7.8 16 330   M    M   0        24  20
17  94  56  75   0   0  10    T    M    M  4.4 14  10   M    M   2        47 340
18  97  58  78   4   0  13 0.00    M    M  7.4 13 290   M    M   1 3       M  M
19  94  62  78   4   0  13 0.00    M    M  6.6 24 300   M    M   4 3      38 300
20  87  60  74   0   0   9    T    M    M  7.1 12 100   M    M   5 3       M  M
21  85  62  74   1   0   9 0.00    M    M  9.1 16 100   M    M   5         M  M
22  81  57  69  -4   0   4    T    M    M 12.0 18 110   M    M   6 3      32 130
23  78  51  65  -8   0   0 0.00    M    M 12.9 23 300   M    M   0        32 320
24  80  50  65  -7   0   0 0.00    M    M  5.1 15 110   M    M   2         M  M
25  71  56  64  -8   1   0    T    M    M  6.2 17 260   M    M   6 8       M  M
26  82  49  66  -6   0   1 0.00    M    M  3.5  7 240   M    M   1         M  M
27  89  54  72   1   0   7 0.00    M    M  5.0 13 270   M    M   0        17 270
28  94  56  75   4   0  10 0.00    M    M  8.5 17 330   M    M   0        24 320
29  91  54  73   2   0   8    T    M    M  4.4 15 120   M    M   2        24 120
30  81  55  68  -2   0   3 0.10    M    M 14.2 35 310   M    M   4 1      52 310
================================================================================
SM 2648 1785         1 276  0.55    M    244.5          M       95
================================================================================
AV 88.3 59.5                               8.1 FASTST   M    M   3    MAX(MPH)
                                 MISC ---->  # 35 310                 52    M
================================================================================
NOTES:
# LAST OF SEVERAL OCCURRENCES

COLUMN 17 PEAK WIND IN M.P.H.

PRELIMINARY LOCAL CLIMATOLOGICAL DATA (WS FORM: F-6) , PAGE 2

                                          STATION:  MOUNTAIN HOME AFB
                                          MONTH:    AUGUST
                                          YEAR:     2014
                                          LATITUDE:   43  2 N
                                          LONGITUDE: 115 52 W

[TEMPERATURE DATA]      [PRECIPITATION DATA]       SYMBOLS USED IN COLUMN 16

AVERAGE MONTHLY: 73.9   TOTAL FOR MONTH:   0.55    1 = FOG OR MIST
DPTR FM NORMAL:  -0.7   DPTR FM NORMAL:    0.42    2 = FOG REDUCING VISIBILITY
HIGHEST:    99 ON 11, 3 GRTST 24HR  0.31 ON 12-12      TO 1/4 MILE OR LESS
LOWEST:     49 ON 26                               3 = THUNDER
                        SNOW, ICE PELLETS, HAIL    4 = ICE PELLETS
                        TOTAL MONTH:    M          5 = HAIL
                        GRTST 24HR    M  ON   M    6 = FREEZING RAIN OR DRIZZLE
                        GRTST DEPTH:  M  ON   M    7 = DUSTSTORM OR SANDSTORM:
                                                       VSBY 1/2 MILE OR LESS
                                                   8 = SMOKE OR HAZE
[NO. OF DAYS WITH]      [WEATHER - DAYS WITH]      9 = BLOWING SNOW
                                                   X = TORNADO
MAX 32 OR BELOW:   0    0.01 INCH OR MORE:   7
MAX 90 OR ABOVE:  14    0.10 INCH OR MORE:   2
MIN 32 OR BELOW:   0    0.50 INCH OR MORE:   0
MIN  0 OR BELOW:   0    1.00 INCH OR MORE:   0

[HDD (BASE 65) ]
TOTAL THIS MO.     1    CLEAR  (SCALE 0-3)  16
DPTR FM NORMAL    -6    PTCLDY (SCALE 4-7)  12
TOTAL FM JUL 1     1    CLOUDY (SCALE 8-10)  2
DPTR FM NORMAL   -12

[CDD (BASE 65) ]
TOTAL THIS MO.   276
DPTR FM NORMAL   -28    [PRESSURE DATA]
TOTAL FM JAN 1   860    HIGHEST SLP M ON M
DPTR FM NORMAL    45    LOWEST  SLP M ON M

[REMARKS]
