000
CXUS55 KBOI 281002
CF6MUO
PRELIMINARY LOCAL CLIMATOLOGICAL DATA (WS FORM: F-6)

                                          STATION:   MOUNTAIN HOME AFB
                                          MONTH:     MARCH
                                          YEAR:      2015
                                          LATITUDE:   43  2 N
                                          LONGITUDE: 115 52 W

  TEMPERATURE IN F:       :PCPN:    SNOW:  WIND      :SUNSHINE: SKY     :PK WND
================================================================================
1   2   3   4   5  6A  6B    7    8   9   10  11  12  13   14  15   16   17  18
                                     12Z  AVG MX 2MIN
DY MAX MIN AVG DEP HDD CDD  WTR  SNW DPTH SPD SPD DIR MIN PSBL S-S WX    SPD DR
================================================================================

 1  45  24  35  -4  30   0 0.00    M    M  6.9 14 130   M    M   2         M  M
 2  51  21  36  -3  29   0 0.00    M    M  9.6 27 310   M    M   3        36 310
 3  44  26  35  -4  30   0 0.00    M    M 23.1 32 300   M    M   2        39 300
 4  46  21  34  -6  31   0 0.00    M    M  8.2 15 310   M    M   0         M  M
 5  55  17  36  -4  29   0 0.00    M    M  5.1 13 100   M    M   1         M  M
 6  61  22  42   2  23   0 0.00    M    M  3.7  9 300   M    M   0         M  M
 7  64  27  46   6  19   0 0.00    M    M  6.8 13 300   M    M   0         M  M
 8  63  27  45   4  20   0 0.00    M    M  7.1 16 320   M    M   0         M  M
 9  66  27  47   6  18   0 0.00    M    M  5.1 10 290   M    M   0         M  M
10  71  28  50   9  15   0 0.00    M    M  9.8 18 110   M    M   0         M  M
11  61  48  55  13  10   0 0.01    M    M  8.8 18 120   M    M   6         M  M
12  64  39  52  10  13   0    T    M    M 14.0 24 300   M    M   3        27 310
13  70  31  51   9  14   0 0.00    M    M  9.6 16 100   M    M   0         M  M
14  66  47  57  15   8   0 0.05    M    M 15.0 23 110   M    M   8        30 100
15  62  50  56  13   9   0 0.00    M    M 11.7 17 330   M    M   6        30 330
16  60  43  52   9  13   0    T    M    M  9.2 23 330   M    M   7        31 330
17  62  40  51   8  14   0    T    M    M  8.1 18 330   M    M   7         M  M
18  59  35  47   4  18   0 0.00    M    M 15.0 22 310   M    M   2        31 320
19  63  32  48   4  17   0 0.00    M    M  4.9 13 320   M    M   0         M  M
20  72  31  52   8  13   0    T    M    M  9.5 18 110   M    M   1         M  M
21  66  38  52   8  13   0 0.00    M    M  7.0 16 340   M    M   4         M  M
22  69  33  51   7  14   0    T    M    M 10.3 24 110   M    M   3        31 110
23  54  39  47   2  18   0 0.03    M    M 11.6 24 310   M    M   7        32 320
24  53  31  42  -3  23   0 0.11    M    M 14.5 27 320   M    M   7        39 320
25  56  29  43  -2  22   0    T    M    M  7.1 14 360   M    M   4        20 340
26  65  30  48   3  17   0 0.00    M    M  5.3  8 300   M    M   0         M  M
27  77  36  57  12   8   0 0.00    M    M  8.2 20 110   M    M   0         M  M
================================================================================
SM 1645  872       488   0  0.20    M    255.2          M       73
================================================================================
AV 60.9 32.3                               9.5 FASTST   M    M   3    MAX(MPH)
                                 MISC ---->    32   M                 39    M
================================================================================
NOTES:
# LAST OF SEVERAL OCCURRENCES

COLUMN 17 PEAK WIND IN M.P.H.

PRELIMINARY LOCAL CLIMATOLOGICAL DATA (WS FORM: F-6) , PAGE 2

                                          STATION:  MOUNTAIN HOME AFB
                                          MONTH:    MARCH
                                          YEAR:     2015
                                          LATITUDE:   43  2 N
                                          LONGITUDE: 115 52 W

[TEMPERATURE DATA]      [PRECIPITATION DATA]       SYMBOLS USED IN COLUMN 16

AVERAGE MONTHLY: 46.6   TOTAL FOR MONTH:   0.20    1 = FOG OR MIST
DPTR FM NORMAL:   4.4   DPTR FM NORMAL:   -0.83    2 = FOG REDUCING VISIBILITY
HIGHEST:    77 ON 27    GRTST 24HR  0.11 ON 24-24      TO 1/4 MILE OR LESS
LOWEST:     17 ON  5                               3 = THUNDER
                        SNOW, ICE PELLETS, HAIL    4 = ICE PELLETS
                        TOTAL MONTH:    M          5 = HAIL
                        GRTST 24HR    M  ON   M    6 = FREEZING RAIN OR DRIZZLE
                        GRTST DEPTH:  M  ON   M    7 = DUSTSTORM OR SANDSTORM:
                                                       VSBY 1/2 MILE OR LESS
                                                   8 = SMOKE OR HAZE
[NO. OF DAYS WITH]      [WEATHER - DAYS WITH]      9 = BLOWING SNOW
                                                   X = TORNADO
MAX 32 OR BELOW:   0    0.01 INCH OR MORE:   4
MAX 90 OR ABOVE:   0    0.10 INCH OR MORE:   1
MIN 32 OR BELOW:  16    0.50 INCH OR MORE:   0
MIN  0 OR BELOW:   0    1.00 INCH OR MORE:   0

[HDD (BASE 65) ]
TOTAL THIS MO.   488    CLEAR  (SCALE 0-3)  18
DPTR FM NORMAL  -132    PTCLDY (SCALE 4-7)   9
TOTAL FM JUL 1  3926    CLOUDY (SCALE 8-10)  0
DPTR FM NORMAL -1030

[CDD (BASE 65) ]
TOTAL THIS MO.     0
DPTR FM NORMAL     0    [PRESSURE DATA]
TOTAL FM JAN 1     0    HIGHEST SLP M ON M
DPTR FM NORMAL     0    LOWEST  SLP M ON M

[REMARKS]
