000
CXUS54 KFWD 250730
CF6MWL
PRELIMINARY LOCAL CLIMATOLOGICAL DATA (WS FORM: F-6)

                                          STATION:   MINERAL WELLS
                                          MONTH:     SEPTEMBER
                                          YEAR:      2016
                                          LATITUDE:   32 46 N
                                          LONGITUDE:  98  4 W

  TEMPERATURE IN F:       :PCPN:    SNOW:  WIND      :SUNSHINE: SKY     :PK WND
================================================================================
1   2   3   4   5  6A  6B    7    8   9   10  11  12  13   14  15   16   17  18
                                     12Z  AVG MX 2MIN
DY MAX MIN AVG DEP HDD CDD  WTR  SNW DPTH SPD SPD DIR MIN PSBL S-S WX    SPD DR
================================================================================

 1  87  70  79  -1   0  14 0.06  0.0    0  4.2 22  60   M    M   3 13     27  50
 2  87  70  79  -1   0  14 0.01  0.0    0  4.1 13  60   M    M   5 1      15  50
 3  89  68  79  -1   0  14 0.00  0.0    0  7.6 14 110   M    M   2        18 150
 4  91  68  80   1   0  15 0.00  0.0    0  9.1 17 150   M    M   1        23 140
 5  93  71  82   3   0  17 0.00  0.0    0 10.7 20 170   M    M   2 1      26 170
 6  94  74  84   5   0  19 0.00  0.0    0 10.4 20 140   M    M   3        26 140
 7  95  74  85   7   0  20 0.00  0.0    0 10.3 20 190   M    M   2        25 190
 8  97  74  86   8   0  21 0.00  0.0    0 10.4 17 170   M    M   0        23 150
 9  97  72  85   7   0  20 0.00  0.0    0 10.7 18 170   M    M   0        26 190
10  82  64  73  -5   0   8 2.02  0.0    0  7.9 35  10   M    M   6 13     43  20
11  85  58  72  -5   0   7 0.00  0.0    0  3.1 10 120   M    M   0 1      15 260
12  90  64  77   0   0  12 0.00  0.0    0  8.9 16 130   M    M   1 1      21 200
13  88  70  79   3   0  14 0.01  0.0    0  7.3 17 120   M    M   2        22 120
14  84  71  78   2   0  13 0.14  0.0    0  4.0 21 120   M    M   6 13     25 120
15  91  68  80   4   0  15 0.02  0.0    0  3.1 12 150   M    M   2 12     15 140
16  89  67  78   3   0  13 0.01  0.0    0  5.6 23 280   M    M   2        31 270
17  92  70  81   6   0  16 0.00  0.0    0  4.2 12 300   M    M   0        14 320
18  94  68  81   6   0  16    T  0.0    0  5.9 25 360   M    M   1        34  10
19  97  73  85  11   0  20 0.00  0.0    0  5.1 10 130   M    M   1        13 130
20  95  72  84  10   0  19 0.00  0.0    0  4.5 12 190   M    M   1        14 190
21  92  71  82   8   0  17 0.00  0.0    0  5.9 10 130   M    M   0 18     15 150
22  92  65  79   6   0  14 0.00  0.0    0  5.4 15 150   M    M   1        19 160
23  92  70  81   8   0  16 0.00  0.0    0  8.7 18 140   M    M   3        23 150
24  91  71  81   8   0  16 0.20  0.0    0 10.6 21 120   M    M   4 1      27 120
================================================================================
SM 2184 1663         0 370  2.47     0.0 167.7          M       48
================================================================================
AV 91.0 69.3                               7.0 FASTST   M    M   2    MAX(MPH)
                                 MISC ---->  # 35  10               # 43   20
================================================================================
NOTES:
# LAST OF SEVERAL OCCURRENCES

COLUMN 17 PEAK WIND IN M.P.H.

PRELIMINARY LOCAL CLIMATOLOGICAL DATA (WS FORM: F-6) , PAGE 2

                                          STATION:  MINERAL WELLS
                                          MONTH:    SEPTEMBER
                                          YEAR:     2016
                                          LATITUDE:   32 46 N
                                          LONGITUDE:  98  4 W

[TEMPERATURE DATA]      [PRECIPITATION DATA]       SYMBOLS USED IN COLUMN 16

AVERAGE MONTHLY: 80.1   TOTAL FOR MONTH:   2.47    1 = FOG OR MIST
DPTR FM NORMAL:   3.6   DPTR FM NORMAL:    0.13    2 = FOG REDUCING VISIBILITY
HIGHEST:    97 ON 19, 9 GRTST 24HR  2.02 ON 10-10      TO 1/4 MILE OR LESS
LOWEST:     58 ON 11                               3 = THUNDER
                        SNOW, ICE PELLETS, HAIL    4 = ICE PELLETS
                        TOTAL MONTH:   0.0 INCH    5 = HAIL
                        GRTST 24HR     0.0         6 = FREEZING RAIN OR DRIZZLE
                        GRTST DEPTH:   0           7 = DUSTSTORM OR SANDSTORM:
                                                       VSBY 1/2 MILE OR LESS
                                                   8 = SMOKE OR HAZE
[NO. OF DAYS WITH]      [WEATHER - DAYS WITH]      9 = BLOWING SNOW
                                                   X = TORNADO
MAX 32 OR BELOW:   0    0.01 INCH OR MORE:   8
MAX 90 OR ABOVE:  16    0.10 INCH OR MORE:   3
MIN 32 OR BELOW:   0    0.50 INCH OR MORE:   1
MIN  0 OR BELOW:   0    1.00 INCH OR MORE:   1

[HDD (BASE 65) ]
TOTAL THIS MO.     0    CLEAR  (SCALE 0-3)  17
DPTR FM NORMAL    -4    PTCLDY (SCALE 4-7)   7
TOTAL FM JUL 1     0    CLOUDY (SCALE 8-10)  0
DPTR FM NORMAL    -4

[CDD (BASE 65) ]
TOTAL THIS MO.   370
DPTR FM NORMAL    87    [PRESSURE DATA]
TOTAL FM JAN 1  2310    HIGHEST SLP M ON M
DPTR FM NORMAL   126    LOWEST  SLP 29.82 ON  9

[REMARKS]
