000
CXUS56 KSGX 251445
CF6MYF
PRELIMINARY LOCAL CLIMATOLOGICAL DATA (WS FORM: F-6)

                                          STATION:   SAN DIEGO/MONTGOMERY FLD CA
                                          MONTH:     DECEMBER
                                          YEAR:      2014
                                          LATITUDE:   32 49 N
                                          LONGITUDE: 117  9 W

  TEMPERATURE IN F:       :PCPN:    SNOW:  WIND      :SUNSHINE: SKY     :PK WND
================================================================================
1   2   3   4   5  6A  6B    7    8   9   10  11  12  13   14  15   16   17  18
                                     12Z  AVG MX 2MIN
DY MAX MIN AVG DEP HDD CDD  WTR  SNW DPTH SPD SPD DIR MIN PSBL S-S WX    SPD DR
================================================================================

 1  71  53  62   5   3   0 0.00  0.0    0  3.6 15 330   M    M   0        18 340
 2  69  58  64   8   1   0 0.49  0.0    0  5.6 15 150   M    M   9 1      20 170
 3  66  61  64   8   1   0 0.30  0.0    0  4.0 12 190   M    M  10 1      14 200
 4  70  58  64   8   1   0 0.66  0.0    0  6.2 13 280   M    M   4 1      16 140
 5  68  55  62   6   3   0 0.00  0.0    0  2.7  9 300   M    M   2 18     11 310
 6  72  57  65   9   0   0    T  0.0    0  5.1 14 320   M    M   1 18     17 310
 7  78  54  66  10   0   1 0.00  0.0    0  4.0 17 310   M    M   2 12     22 300
 8  75  55  65   9   0   0 0.00  0.0    0  2.8  9 280   M    M   0 18     11 280
 9  76  53  65   9   0   0 0.00  0.0    0  3.5 15 310   M    M   0 18     16 310
10  69  51  60   4   5   0 0.00  0.0    0  2.3 10 260   M    M   1 18     12 250
11  67  59  63   7   2   0    T  0.0    0  6.9 14 160   M    M   7 18     18 160
12  63  54  59   3   6   0    M  0.0    0  7.9 29 210   M    M   8 1      37 200
13  63  49  56   1   9   0    T    M    0  4.4 14 300   M    M   3 1      17 300
14  65  45  55   0  10   0 0.00  0.0    0  2.7 12 290   M    M   0        13 310
15  63  47  55   0  10   0 0.00  0.0    0  2.2 10 250   M    M   1         M  M
16  60  51  56   1   9   0    M  0.0    0  6.1 13 110   M    M   5 1      17 140
17  64  51  58   3   7   0    M  0.0    0  7.7 18 290   M    M   6 1      23 250
18  64  49  57   2   8   0    T    M    0  4.1 12 290   M    M   5        13 300
19  68  48  58   3   7   0 0.00  0.0    0  3.5 14 300   M    M   0        16 290
20  65  48  57   2   8   0 0.00  0.0    0  3.0 14 310   M    M   4 1      17 310
21  68  51  60   5   5   0 0.00  0.0    0  3.5 12 310   M    M   1 1      15 310
22  77  50  64   9   1   0 0.00  0.0    0  2.9 13 290   M    M   0 18     15 300
23  82  50  66  11   0   1 0.00  0.0    0  2.3 10  70   M    M   0 1      13  70
24  75  50  63   8   2   0 0.00  0.0    0  2.7  9 250   M    M   0        12 250
================================================================================
SM 1658 1257        98   2  1.45     0.0  99.7          M       69
================================================================================
AV 69.1 52.4                               4.2 FASTST   M    M   3    MAX(MPH)
                                 MISC ---->  # 29 210               # 37  200
================================================================================
NOTES:
# LAST OF SEVERAL OCCURRENCES

COLUMN 17 PEAK WIND IN M.P.H.

PRELIMINARY LOCAL CLIMATOLOGICAL DATA (WS FORM: F-6) , PAGE 2

                                          STATION:  SAN DIEGO/MONTGOMERY FLD CA
                                          MONTH:    DECEMBER
                                          YEAR:     2014
                                          LATITUDE:   32 49 N
                                          LONGITUDE: 117  9 W

[TEMPERATURE DATA]      [PRECIPITATION DATA]       SYMBOLS USED IN COLUMN 16

AVERAGE MONTHLY: 60.7   TOTAL FOR MONTH:   1.45    1 = FOG OR MIST
DPTR FM NORMAL:   5.2   DPTR FM NORMAL:    0.46    2 = FOG REDUCING VISIBILITY
HIGHEST:    82 ON 23    GRTST 24HR  0.82 ON  3- 4      TO 1/4 MILE OR LESS
LOWEST:     45 ON 14                               3 = THUNDER
                        SNOW, ICE PELLETS, HAIL    4 = ICE PELLETS
                        TOTAL MONTH:   0.0 INCH    5 = HAIL
                        GRTST 24HR     0.0         6 = FREEZING RAIN OR DRIZZLE
                        GRTST DEPTH:   0           7 = DUSTSTORM OR SANDSTORM:
                                                       VSBY 1/2 MILE OR LESS
                                                   8 = SMOKE OR HAZE
[NO. OF DAYS WITH]      [WEATHER - DAYS WITH]      9 = BLOWING SNOW
                                                   X = TORNADO
MAX 32 OR BELOW:   0    0.01 INCH OR MORE:   3
MAX 90 OR ABOVE:   0    0.10 INCH OR MORE:   3
MIN 32 OR BELOW:   0    0.50 INCH OR MORE:   1
MIN  0 OR BELOW:   0    1.00 INCH OR MORE:   0

[HDD (BASE 65) ]
TOTAL THIS MO.    98    CLEAR  (SCALE 0-3)  15
DPTR FM NORMAL  -131    PTCLDY (SCALE 4-7)   6
TOTAL FM JUL 1   143    CLOUDY (SCALE 8-10)  3
DPTR FM NORMAL  -298

[CDD (BASE 65) ]
TOTAL THIS MO.     2
DPTR FM NORMAL     2    [PRESSURE DATA]
TOTAL FM JAN 1  1526    HIGHEST SLP M ON M
DPTR FM NORMAL   684    LOWEST  SLP 29.81 ON 24

[REMARKS]
