000
CXUS55 KBOI 311002
CF6MYL
PRELIMINARY LOCAL CLIMATOLOGICAL DATA (WS FORM: F-6)

                                          STATION:   MCCALL ID
                                          MONTH:     AUGUST
                                          YEAR:      2015
                                          LATITUDE:   44 52 N
                                          LONGITUDE: 116  6 W

  TEMPERATURE IN F:       :PCPN:    SNOW:  WIND      :SUNSHINE: SKY     :PK WND
================================================================================
1   2   3   4   5  6A  6B    7    8   9   10  11  12  13   14  15   16   17  18
                                     12Z  AVG MX 2MIN
DY MAX MIN AVG DEP HDD CDD  WTR  SNW DPTH SPD SPD DIR MIN PSBL S-S WX    SPD DR
================================================================================

 1  92  50  71   9   0   6 0.00    M    M  4.0 18 200   M    M   0        24 200
 2  93  52  73  11   0   8 0.00    M    M  4.6 15 360   M    M   0        21 360
 3  80  56  68   6   0   3 0.00    M    M  4.8 18 140   M    M   1        25 140
 4  82  50  66   4   0   1 0.00    M    M  4.4 17 210   M    M   1        22 200
 5  74  50  62   0   3   0 0.23    M    M  5.0 16 230   M    M   5 13     25 200
 6  75  41  58  -4   7   0 0.00    M    M  4.8 14 250   M    M   1        19 300
 7  79  42  61   0   4   0 0.00    M    M  3.5 12 230   M    M   0        17 250
 8  76  51  64   3   1   0 0.00    M    M  4.2 14 210   M    M   2        18 210
 9  82  45  64   3   1   0    T    M    M  4.4 17 190   M    M   1 3      24 190
10  84  49  67   6   0   2    T    M    M  4.9 22 190   M    M   3 3      30 180
11  90  48  69   8   0   4 0.00    M    M  5.2 22 170   M    M   1 3      28 150
12  89  58  74  13   0   9    T    M    M  4.2 20 170   M    M   1 3      23 170
13  92  50  71  11   0   6 0.01    M    M  4.6 23 170   M    M   0        29 180
14  88  57  73  13   0   8 0.04    M    M  7.7 22 120   M    M   2 38     31 130
15  75  47  61   1   4   0 0.00    M    M  2.6 12 180   M    M   6 8      15 160
16  77  43  60   0   5   0 0.00    M    M  4.2 14 320   M    M   2 8      18 320
17  76  44  60   0   5   0 0.00    M    M  7.1 17 250   M    M   4 8      22 250
18  77  41  59   0   6   0 0.00    M    M  5.9 17 350   M    M   3 8      24 330
19  78  45  62   3   3   0 0.00    M    M  2.9 13 260   M    M   6 8      17 320
20  82  43  63   4   2   0 0.00    M    M  4.2 18 180   M    M   0 18     24 170
21  77  44  61   2   4   0 0.00    M    M  6.9 22 270   M    M   1 8      30 250
22  74  42  58   0   7   0 0.00    M    M  4.0 12 360   M    M   6 8      15 340
23  81  39  60   2   5   0 0.00    M    M  2.1 10 180   M    M   3 8      14 200
24  86  45  66   8   0   1 0.00    M    M  3.8 18 180   M    M   0 8      24 170
25  87  45  66   8   0   1 0.00    M    M  3.4 21 180   M    M   0 8      23 180
26  90  45  68  11   0   3 0.00    M    M  2.4 15 250   M    M   0 8      24 270
27  82  53  68  11   0   3 0.00    M    M  5.1 21 180   M    M   0        27 190
28  82  47  65   8   0   0 0.00    M    M  3.6 21 200   M    M   2 8      31 200
29  77  54  66  10   0   1 0.03    M    M  7.5 29 180   M    M   6        34 180
30  65  43  54  -2  11   0 0.00    M    M  5.7 22 180   M    M   6 8      29 190
================================================================================
SM 2442 1419        68  56  0.31    M    137.7          M       63
================================================================================
AV 81.4 47.3                               4.6 FASTST   M    M   2    MAX(MPH)
                                 MISC ---->  # 29 180               # 34  180
================================================================================
NOTES:
# LAST OF SEVERAL OCCURRENCES

COLUMN 17 PEAK WIND IN M.P.H.

PRELIMINARY LOCAL CLIMATOLOGICAL DATA (WS FORM: F-6) , PAGE 2

                                          STATION:  MCCALL ID
                                          MONTH:    AUGUST
                                          YEAR:     2015
                                          LATITUDE:   44 52 N
                                          LONGITUDE: 116  6 W

[TEMPERATURE DATA]      [PRECIPITATION DATA]       SYMBOLS USED IN COLUMN 16

AVERAGE MONTHLY: 64.3   TOTAL FOR MONTH:   0.31    1 = FOG OR MIST
DPTR FM NORMAL:   4.7   DPTR FM NORMAL:   -0.34    2 = FOG REDUCING VISIBILITY
HIGHEST:    93 ON  2    GRTST 24HR  0.23 ON  5- 5      TO 1/4 MILE OR LESS
LOWEST:     39 ON 23                               3 = THUNDER
                        SNOW, ICE PELLETS, HAIL    4 = ICE PELLETS
                        TOTAL MONTH:    M          5 = HAIL
                        GRTST 24HR    M  ON   M    6 = FREEZING RAIN OR DRIZZLE
                        GRTST DEPTH:  M  ON   M    7 = DUSTSTORM OR SANDSTORM:
                                                       VSBY 1/2 MILE OR LESS
                                                   8 = SMOKE OR HAZE
[NO. OF DAYS WITH]      [WEATHER - DAYS WITH]      9 = BLOWING SNOW
                                                   X = TORNADO
MAX 32 OR BELOW:   0    0.01 INCH OR MORE:   4
MAX 90 OR ABOVE:   5    0.10 INCH OR MORE:   1
MIN 32 OR BELOW:   0    0.50 INCH OR MORE:   0
MIN  0 OR BELOW:   0    1.00 INCH OR MORE:   0

[HDD (BASE 65) ]
TOTAL THIS MO.    68    CLEAR  (SCALE 0-3)  21
DPTR FM NORMAL  -102    PTCLDY (SCALE 4-7)   9
TOTAL FM JUL 1   139    CLOUDY (SCALE 8-10)  0
DPTR FM NORMAL  -181

[CDD (BASE 65) ]
TOTAL THIS MO.    56
DPTR FM NORMAL    49    [PRESSURE DATA]
TOTAL FM JAN 1   169    HIGHEST SLP M ON M
DPTR FM NORMAL   146    LOWEST  SLP 29.65 ON  2

[REMARKS]
