000
CXUS53 KBIS 260728
CF6N60
PRELIMINARY LOCAL CLIMATOLOGICAL DATA (WS FORM: F-6)

                                          STATION:   GARRISON (AMOS) ND
                                          MONTH:     AUGUST
                                          YEAR:      2016
                                          LATITUDE:   47 39 N
                                          LONGITUDE: 101 23 W

  TEMPERATURE IN F:       :PCPN:    SNOW:  WIND      :SUNSHINE: SKY     :PK WND
================================================================================
1   2   3   4   5  6A  6B    7    8   9   10  11  12  13   14  15   16   17  18
                                     12Z  AVG MX 2MIN
DY MAX MIN AVG DEP HDD CDD  WTR  SNW DPTH SPD SPD DIR MIN PSBL S-S WX    SPD DR
================================================================================

 1  84  60  72   M   0   7    M    M    M  8.5 18  30   M    M   0        29  30
 2  86  54  70   M   0   5 0.00    M    M  4.5 14 240   M    M   M        21 280
 3  93  64  79   M   0  14 0.00    M    M 13.7 26 300   M    M   0        37 310
 4  77  53  65   M   0   0 0.00    M    M 17.7 31 300   M    M   0        40 300
 5  82  47  65   M   0   0 0.00    M    M  3.6 10 210   M    M   0        15 210
 6  86  52  69   M   0   4 0.00    M    M  6.0 15 140   M    M   M        20 160
 7  85  58  72   M   0   7 0.00    M    M  9.1 18 140   M    M   0        26 160
 8  88  56  72   M   0   7 0.00    M    M 10.4 18 290   M    M   0        24 290
 9  81  52  67   M   0   2 0.05    M    M  9.7 36 100   M    M   0        50  90
10  83  61  72   M   0   7 0.70    M    M  9.5 38  90   M    M   0        52  90
11  82  57  70   M   0   5 0.00    M    M  9.3 21 290   M    M   0        27 270
12  78  55  67   M   0   2 0.06    M    M  8.0 20 300   M    M   0        28 290
13  81  52  67   M   0   2 0.00    M    M  9.5 21 330   M    M   0        27 300
14  86  49  68   M   0   3 0.00    M    M  4.2 12 120   M    M   0        17 290
15  88  54  71   M   0   6 0.00    M    M  5.7 25 340   M    M   0        33 350
16  86  54  70   M   0   5 0.00    M    M  4.1 13 350   M    M   0        17 340
17  90  53  72   M   0   7 0.00    M    M  6.7 17 180   M    M   0        22 160
18  80  52  66   M   0   1 0.01    M    M 10.3 28  30   M    M   0        39  20
19  68  47  58   M   7   0 0.00    M    M  9.9 18 320   M    M   0        22 320
20  73  49  61   M   4   0 0.00    M    M  6.6 17 340   M    M   0        22 320
21  85  47  66   M   0   1 0.00    M    M  8.0 15 220   M    M   0        21 220
22  93  52  73   M   0   8 0.00    M    M  7.7 14 150   M    M   0        18 150
23  82  56  69   M   0   4 0.00    M    M 14.2 35 320   M    M   0        43 330
24  70  52  61   M   4   0 0.00    M    M 15.4 29 300   M    M   0        38 300
25  74  48  61   M   4   0 0.00    M    M 10.0 23 300   M    M   0        32 310
================================================================================
SM 2061 1334        19  97  0.82    M    222.3          M        0
================================================================================
AV 82.4 53.4                               8.9 FASTST   M    M   0    MAX(MPH)
                                 MISC ---->  # 38  90               # 52   90
================================================================================
NOTES:
# LAST OF SEVERAL OCCURRENCES

COLUMN 17 PEAK WIND IN M.P.H.

PRELIMINARY LOCAL CLIMATOLOGICAL DATA (WS FORM: F-6) , PAGE 2

                                          STATION:  GARRISON (AMOS) ND
                                          MONTH:    AUGUST
                                          YEAR:     2016
                                          LATITUDE:   47 39 N
                                          LONGITUDE: 101 23 W

[TEMPERATURE DATA]      [PRECIPITATION DATA]       SYMBOLS USED IN COLUMN 16

AVERAGE MONTHLY: 67.9   TOTAL FOR MONTH:   0.82    1 = FOG OR MIST
DPTR FM NORMAL:     M   DPTR FM NORMAL:       M    2 = FOG REDUCING VISIBILITY
HIGHEST:    93 ON 22, 3 GRTST 24HR  0.74 ON  9-10      TO 1/4 MILE OR LESS
LOWEST:     47 ON 21,19                            3 = THUNDER
                        SNOW, ICE PELLETS, HAIL    4 = ICE PELLETS
                        TOTAL MONTH:    M          5 = HAIL
                        GRTST 24HR    M  ON   M    6 = FREEZING RAIN OR DRIZZLE
                        GRTST DEPTH:  M  ON   M    7 = DUSTSTORM OR SANDSTORM:
                                                       VSBY 1/2 MILE OR LESS
                                                   8 = SMOKE OR HAZE
[NO. OF DAYS WITH]      [WEATHER - DAYS WITH]      9 = BLOWING SNOW
                                                   X = TORNADO
MAX 32 OR BELOW:   0    0.01 INCH OR MORE:   4
MAX 90 OR ABOVE:   3    0.10 INCH OR MORE:   1
MIN 32 OR BELOW:   0    0.50 INCH OR MORE:   1
MIN  0 OR BELOW:   0    1.00 INCH OR MORE:   0

[HDD (BASE 65) ]
TOTAL THIS MO.    19    CLEAR  (SCALE 0-3)  23
DPTR FM NORMAL     M    PTCLDY (SCALE 4-7)   0
TOTAL FM JUL 1    31    CLOUDY (SCALE 8-10)  0
DPTR FM NORMAL     M

[CDD (BASE 65) ]
TOTAL THIS MO.    97
DPTR FM NORMAL     M    [PRESSURE DATA]
TOTAL FM JAN 1   347    HIGHEST SLP  0.00 ON  4
DPTR FM NORMAL     M    LOWEST  SLP 29.54 ON M

[REMARKS]
