000
CXUS51 KOKX 280703
CF6NYC
PRELIMINARY LOCAL CLIMATOLOGICAL DATA (WS FORM: F-6)

                                          STATION:   CENTRAL PARK NY
                                          MONTH:     MAY
                                          YEAR:      2016
                                          LATITUDE:   40 46 N
                                          LONGITUDE:  73 58 W

  TEMPERATURE IN F:       :PCPN:    SNOW:  WIND      :SUNSHINE: SKY     :PK WND
================================================================================
1   2   3   4   5  6A  6B    7    8   9   10  11  12  13   14  15   16   17  18
                                     12Z  AVG MX 2MIN
DY MAX MIN AVG DEP HDD CDD  WTR  SNW DPTH SPD SPD DIR MIN PSBL S-S WX    SPD DR
================================================================================

 1  51  45  48 -10  17   0 0.16  0.0    0  5.0 13  70   M    M   9 18     20 170
 2  60  45  53  -5  12   0 0.04  0.0    0  2.3  9  60   M    M   8 18     12 300
 3  56  51  54  -5  11   0 0.61  0.0    0  6.0 14  60   M    M  10 18     19  70
 4  52  48  50  -9  15   0 0.01  0.0    0  8.8 17  60   M    M  10 18     24  60
 5  57  46  52  -7  13   0 0.00  0.0    0  8.2 15  60   M    M  10 18     23  40
 6  54  48  51  -9  14   0 0.54  0.0    0  7.8 18  80   M    M  10 18     28  60
 7  60  48  54  -6  11   0 0.00  0.0    0  4.4 14  80   M    M   8 1      19  60
 8  66  49  58  -2   7   0 0.16  0.0    0  4.7 20 310   M    M   4 1      31 300
 9  72  52  62   2   3   0 0.00  0.0    0  5.1 18 260   M    M   2        30 270
10  63  50  57  -4   8   0 0.00  0.0    0  4.8 13  60   M    M   1        20 250
11  76  50  63   2   2   0 0.00  0.0    0  2.5 10 250   M    M   1        17 250
12  80  56  68   7   0   3 0.00  0.0    0  3.3 12  70   M    M   0        18   5
13  65  57  61  -1   4   0 0.25  0.0    0   M   M   M   M    M   0         M  M
14  73  56  65   3   0   0    T  0.0    0   M   M   M   M    M   0         M  M
15  59  46  53  -9  12   0    T  0.0    0   M   M   M   M    M   0         M  M
16  66  43  55  -7  10   0 0.00  0.0    0   M   M 290   M    M   0         M  M
17  64  52  58  -5   7   0    T  0.0    0  3.9  6  99   M    M   6         M  M
18  68  52  60  -3   5   0    T  0.0    M   M   M   M   M    M   8         M  M
19  73  54  64   1   1   0 0.00  0.0    0  1.4 10 190   M    M   7        21 180
20  76  53  65   1   0   0 0.00  0.0    0  4.5 12  50   M    M   0        16 250
21  66  54  60  -4   5   0 0.04  0.0    0  3.7 12 150   M    M   5        19 150
22  70  52  61  -3   4   0 0.09  0.0    0  3.6 10  60   M    M   8 1      14  50
23  78  56  67   3   0   2 0.02  0.0    0  2.5  9 180   M    M   2 8      16 170
24  73  58  66   1   0   1 0.18  0.0    0  2.0  9  20   M    M   9 18     14  30
25  88  61  75  10   0  10 0.00  0.0    0  4.3 10 240   M    M   0        16 250
26  90  69  80  15   0  15 0.00  0.0    0  3.6 10 180   M    M   0        17 190
27  87  73  80  14   0  15 0.00  0.0    0  3.8 13 160   M    M   0 8      20 250
================================================================================
SM 1843 1424       161  46  2.10     0.0  96.2          M      118
================================================================================
AV 68.3 52.7                               4.4 FASTST   M    M   4    MAX(MPH)
                                 MISC ---->  # 20 310               # 31  300
================================================================================
NOTES:
# LAST OF SEVERAL OCCURRENCES

COLUMN 17 PEAK WIND IN M.P.H.

PRELIMINARY LOCAL CLIMATOLOGICAL DATA (WS FORM: F-6) , PAGE 2

                                          STATION:  CENTRAL PARK NY
                                          MONTH:    MAY
                                          YEAR:     2016
                                          LATITUDE:   40 46 N
                                          LONGITUDE:  73 58 W

[TEMPERATURE DATA]      [PRECIPITATION DATA]       SYMBOLS USED IN COLUMN 16

AVERAGE MONTHLY: 60.5   TOTAL FOR MONTH:   2.10    1 = FOG OR MIST
DPTR FM NORMAL:  -1.4   DPTR FM NORMAL:   -1.49    2 = FOG REDUCING VISIBILITY
HIGHEST:    90 ON 26    GRTST 24HR  0.65 ON  2- 3      TO 1/4 MILE OR LESS
LOWEST:     43 ON 16                               3 = THUNDER
                        SNOW, ICE PELLETS, HAIL    4 = ICE PELLETS
                        TOTAL MONTH:   0.0 INCH    5 = HAIL
                        GRTST 24HR     0.0         6 = FREEZING RAIN OR DRIZZLE
                        GRTST DEPTH:   0           7 = DUSTSTORM OR SANDSTORM:
                                                       VSBY 1/2 MILE OR LESS
                                                   8 = SMOKE OR HAZE
[NO. OF DAYS WITH]      [WEATHER - DAYS WITH]      9 = BLOWING SNOW
                                                   X = TORNADO
MAX 32 OR BELOW:   0    0.01 INCH OR MORE:  11
MAX 90 OR ABOVE:   1    0.10 INCH OR MORE:   6
MIN 32 OR BELOW:   0    0.50 INCH OR MORE:   2
MIN  0 OR BELOW:   0    1.00 INCH OR MORE:   0

[HDD (BASE 65) ]
TOTAL THIS MO.   161    CLEAR  (SCALE 0-3)  13
DPTR FM NORMAL    31    PTCLDY (SCALE 4-7)   6
TOTAL FM JUL 1  3761    CLOUDY (SCALE 8-10)  8
DPTR FM NORMAL  -962

[CDD (BASE 65) ]
TOTAL THIS MO.    46
DPTR FM NORMAL     2    [PRESSURE DATA]
TOTAL FM JAN 1    65    HIGHEST SLP M ON M
DPTR FM NORMAL     9    LOWEST  SLP 29.59 ON 14

[REMARKS]
