000
CXUS54 KMAF 291100
CF6ODO
PRELIMINARY LOCAL CLIMATOLOGICAL DATA (WS FORM: F-6)

                                          STATION:   Odessa Schleymeyer
                                          MONTH:     SEPTEMBER
                                          YEAR:      2014
                                          LATITUDE:   31 55 N
                                          LONGITUDE: 102 23 W

  TEMPERATURE IN F:       :PCPN:    SNOW:  WIND      :SUNSHINE: SKY     :PK WND
================================================================================
1   2   3   4   5  6A  6B    7    8   9   10  11  12  13   14  15   16   17  18
                                     12Z  AVG MX 2MIN
DY MAX MIN AVG DEP HDD CDD  WTR  SNW DPTH SPD SPD DIR MIN PSBL S-S WX    SPD DR
================================================================================

 1 103  77  90  10   0  25 0.00  0.0    0 14.9 24 170   M    M   0        32 180
 2 100  77  89   9   0  24 0.00  0.0    0 15.5 26 160   M    M   0        32 160
 3  93  74  84   5   0  19 0.00  0.0    0 17.1 26 160   M    M   1        34 180
 4  90  70  80   1   0  15 0.00  0.0    0 19.9 32 160   M    M   1        40 150
 5  84  71  78  -1   0  13    T  0.0    0 16.8 31 150   M    M   6        37 150
 6  74  64  69 -10   0   4 0.08  0.0    0 15.8 22  50   M    M  10 1      26  60
 7  76  62  69  -9   0   4 0.94  0.0    0  7.7 18  50   M    M   8 18     22  50
 8  88  66  77  -1   0  12 0.00  0.0    0  8.8 17 210   M    M   2 1      23 170
 9  95  71  83   5   0  18 0.00  0.0    0 14.5 23 190   M    M   1        31 200
10  97  73  85   7   0  20 0.00  0.0    0 11.2 26  70   M    M   1        34  60
11  85  68  77   0   0  12    T  0.0    0 12.7 21  80   M    M   1        26  70
12  72  51  62 -15   3   0 0.15  0.0    0 18.2 30  50   M    M  10 1      38  60
13  56  49  53 -23  12   0 0.03    M    0  8.7 24  60   M    M  10 18     30  50
14  68  56  62 -14   3   0 0.16  0.0    0  5.5 15 150   M    M  10 18     18 160
15  76  64  70  -6   0   5    T  0.0    0  6.0 15 170   M    M   8 1      18 160
16  83  68  76   0   0  11 0.02  0.0    0  5.4 13  70   M    M   5 18     17 180
17  89  68  79   4   0  14 0.85  0.0    0  7.4 20  60   M    M   3 13     24 100
18  79  69  74  -1   0   9 0.45  0.0    0 10.0 18  60   M    M   5 13     22  60
19  78  68  73  -2   0   8 0.92  0.0    0 10.2 16 130   M    M   9 13     21 350
20  82  70  76   2   0  11 0.30  0.0    0  8.2 17 140   M    M   8 138    21 140
21  78  70  74   0   0   9 0.37  0.0    0  8.9 23  60   M    M  10 1      28  60
22  80  68  74   0   0   9    T  0.0    0  8.9 21 160   M    M   4 1      24 150
23  82  65  74   1   0   9 0.00  0.0    0  9.8 22 170   M    M   1 18     30 160
24  83  67  75   2   0  10 0.00  0.0    0 10.7 17 140   M    M   2 8      23 160
25  77  63  70  -2   0   5 0.00  0.0    0  7.6 14  40   M    M   3        20 190
26  77  61  69  -3   0   4 0.00  0.0    0  7.0 16 180   M    M   1 3      20 170
27  77  60  69  -3   0   4    T  0.0    0  7.8 17 150   M    M   5        20 150
28  79  60  70  -2   0   5 0.00  0.0    0  7.5 14 120   M    M   2 12     19 140
================================================================================
SM 2301 1850        18 279  4.27     0.0 302.7          M      127
================================================================================
AV 82.2 66.1                              10.8 FASTST   M    M   5    MAX(MPH)
                                 MISC ---->  # 32 160               # 40  150
================================================================================
NOTES:
# LAST OF SEVERAL OCCURRENCES

COLUMN 17 PEAK WIND IN M.P.H.

PRELIMINARY LOCAL CLIMATOLOGICAL DATA (WS FORM: F-6) , PAGE 2

                                          STATION:  Odessa Schleymeyer
                                          MONTH:    SEPTEMBER
                                          YEAR:     2014
                                          LATITUDE:   31 55 N
                                          LONGITUDE: 102 23 W

[TEMPERATURE DATA]      [PRECIPITATION DATA]       SYMBOLS USED IN COLUMN 16

AVERAGE MONTHLY: 74.1   TOTAL FOR MONTH:   4.27    1 = FOG OR MIST
DPTR FM NORMAL:  -1.8   DPTR FM NORMAL:    2.56    2 = FOG REDUCING VISIBILITY
HIGHEST:   103 ON  1    GRTST 24HR  1.30 ON 17-18      TO 1/4 MILE OR LESS
LOWEST:     49 ON 13                               3 = THUNDER
                        SNOW, ICE PELLETS, HAIL    4 = ICE PELLETS
                        TOTAL MONTH:   0.0 INCH    5 = HAIL
                        GRTST 24HR     0.0         6 = FREEZING RAIN OR DRIZZLE
                        GRTST DEPTH:   0           7 = DUSTSTORM OR SANDSTORM:
                                                       VSBY 1/2 MILE OR LESS
                                                   8 = SMOKE OR HAZE
[NO. OF DAYS WITH]      [WEATHER - DAYS WITH]      9 = BLOWING SNOW
                                                   X = TORNADO
MAX 32 OR BELOW:   0    0.01 INCH OR MORE:  11
MAX 90 OR ABOVE:   6    0.10 INCH OR MORE:   8
MIN 32 OR BELOW:   0    0.50 INCH OR MORE:   3
MIN  0 OR BELOW:   0    1.00 INCH OR MORE:   0

[HDD (BASE 65) ]
TOTAL THIS MO.    18    CLEAR  (SCALE 0-3)  13
DPTR FM NORMAL    17    PTCLDY (SCALE 4-7)   8
TOTAL FM JUL 1    18    CLOUDY (SCALE 8-10)  7
DPTR FM NORMAL    17

[CDD (BASE 65) ]
TOTAL THIS MO.   279
DPTR FM NORMAL   -30    [PRESSURE DATA]
TOTAL FM JAN 1  2001    HIGHEST SLP M ON M
DPTR FM NORMAL  -333    LOWEST  SLP 29.67 ON  1

[REMARKS]
