000
CXUS54 KMAF 011100
CF6ODO
PRELIMINARY LOCAL CLIMATOLOGICAL DATA (WS FORM: F-6)

                                          STATION:   Odessa Schleymeyer
                                          MONTH:     JUNE
                                          YEAR:      2015
                                          LATITUDE:   31 55 N
                                          LONGITUDE: 102 23 W

  TEMPERATURE IN F:       :PCPN:    SNOW:  WIND      :SUNSHINE: SKY     :PK WND
================================================================================
1   2   3   4   5  6A  6B    7    8   9   10  11  12  13   14  15   16   17  18
                                     12Z  AVG MX 2MIN
DY MAX MIN AVG DEP HDD CDD  WTR  SNW DPTH SPD SPD DIR MIN PSBL S-S WX    SPD DR
================================================================================

 1  90  63  77  -2   0  12 0.00  0.0    0 11.5 21 150   M    M   0        25 140
 2  91  65  78  -1   0  13 0.00  0.0    0 12.6 24 180   M    M   0        29 200
 3  94  67  81   2   0  16 0.00  0.0    0 13.0 21 160   M    M   0        27 160
 4  92  67  80   1   0  15 0.00  0.0    0 15.9 24 150   M    M   0        31 130
 5  89  67  78  -2   0  13 0.00  0.0    0 15.6 25 150   M    M   1        35 160
 6  89  66  78  -2   0  13 0.00  0.0    0 13.3 22 170   M    M   2        28 170
 7  91  67  79  -1   0  14 0.00  0.0    0 11.5 20 150   M    M   0        26 130
 8  91  69  80   0   0  15 0.00  0.0    0  7.3 16 150   M    M   0        20 190
 9  93  70  82   2   0  17 0.00  0.0    0  9.1 16 140   M    M   1        21 140
10  96  71  84   4   0  19 0.00  0.0    0 14.2 22 180   M    M   0        29 190
11 100  72  86   6   0  21 0.00  0.0    0 14.9 25 170   M    M   0        31 160
12  93  69  81   0   0  16 0.47  0.0    0 14.1 40 170   M    M   2 138    50 140
13  91  69  80  -1   0  15 0.00  0.0    0 13.3 24 170   M    M   4        33 100
14  92  63  78  -3   0  13 0.68  0.0    0  9.3 32 300   M    M   1 13     41 300
15  83  67  75  -6   0  10    T  0.0    0  6.5 26 130   M    M   1        31 130
16  85  66  76  -5   0  11 0.15  0.0    0  9.3 15  80   M    M   4         M  M
17  89  68  79  -2   0  14 0.00  0.0    0  6.4 15 140   M    M   3 1      18 140
18  93  71  82   1   0  17 0.00  0.0    0  8.7 17 140   M    M   0        22 170
19  91  71  81  -1   0  16 0.00  0.0    0 10.0 20 170   M    M   2 18     26 130
20  91  69  80  -2   0  15 0.00  0.0    0 13.0 21 160   M    M   3 18     28 160
21  92  73  83   1   0  18 0.00  0.0    0 13.5 22 140   M    M   6 8      27 170
22  88  71  80  -2   0  15 0.00  0.0    0 16.8 28 140   M    M   6        33 150
23  91  69  80  -2   0  15    T  0.0    0 16.7 25 140   M    M   4 8      34 150
24  90  70  80  -2   0  15 0.00  0.0    0 12.8 23 140   M    M   1        31 200
25  95  71  83   1   0  18 0.00  0.0    0 13.1 22 160   M    M   1 8      28 150
26  96  72  84   2   0  19 0.00  0.0    0 11.4 35 220   M    M   1 8      47 240
27  94  71  83   1   0  18 0.00  0.0    0 10.3 24  70   M    M   3        31  90
28  92  66  79  -3   0  14 0.00  0.0    0  7.1 18 140   M    M   2        26 110
29  95  69  82   0   0  17 0.00  0.0    0  8.4 18 110   M    M   0 18     25 170
30  87  63  75  -7   0  10 1.96  0.0    0 10.4 54  60   M    M   4 138    74  50
================================================================================
SM 2744 2052         0 454  3.26     0.0 350.0          M       52
================================================================================
AV 91.5 68.4                              11.7 FASTST   M    M   2    MAX(MPH)
                                 MISC ---->  # 54  60               # 74   50
================================================================================
NOTES:
# LAST OF SEVERAL OCCURRENCES

COLUMN 17 PEAK WIND IN M.P.H.

PRELIMINARY LOCAL CLIMATOLOGICAL DATA (WS FORM: F-6) , PAGE 2

                                          STATION:  Odessa Schleymeyer
                                          MONTH:    JUNE
                                          YEAR:     2015
                                          LATITUDE:   31 55 N
                                          LONGITUDE: 102 23 W

[TEMPERATURE DATA]      [PRECIPITATION DATA]       SYMBOLS USED IN COLUMN 16

AVERAGE MONTHLY: 79.9   TOTAL FOR MONTH:   3.26    1 = FOG OR MIST
DPTR FM NORMAL:  -1.0   DPTR FM NORMAL:    1.64    2 = FOG REDUCING VISIBILITY
HIGHEST:   100 ON 11    GRTST 24HR  1.96 ON 30-30      TO 1/4 MILE OR LESS
LOWEST:     63 ON 30,14                            3 = THUNDER
                        SNOW, ICE PELLETS, HAIL    4 = ICE PELLETS
                        TOTAL MONTH:   0.0 INCH    5 = HAIL
                        GRTST 24HR     0.0         6 = FREEZING RAIN OR DRIZZLE
                        GRTST DEPTH:   0           7 = DUSTSTORM OR SANDSTORM:
                                                       VSBY 1/2 MILE OR LESS
                                                   8 = SMOKE OR HAZE
[NO. OF DAYS WITH]      [WEATHER - DAYS WITH]      9 = BLOWING SNOW
                                                   X = TORNADO
MAX 32 OR BELOW:   0    0.01 INCH OR MORE:   4
MAX 90 OR ABOVE:  23    0.10 INCH OR MORE:   4
MIN 32 OR BELOW:   0    0.50 INCH OR MORE:   2
MIN  0 OR BELOW:   0    1.00 INCH OR MORE:   1

[HDD (BASE 65) ]
TOTAL THIS MO.     0    CLEAR  (SCALE 0-3)  24
DPTR FM NORMAL     0    PTCLDY (SCALE 4-7)   6
TOTAL FM JUL 1  2608    CLOUDY (SCALE 8-10)  0
DPTR FM NORMAL   124

[CDD (BASE 65) ]
TOTAL THIS MO.   454
DPTR FM NORMAL   -23    [PRESSURE DATA]
TOTAL FM JAN 1   785    HIGHEST SLP 30.10 ON 24
DPTR FM NORMAL  -134    LOWEST  SLP 29.56 ON 11

[REMARKS]
#FINAL-06-15#
