000
CXUS53 KGID 011916
CF6ODX

PRELIMINARY LOCAL CLIMATOLOGICAL DATA (WS FORM: F-6)

                                          STATION:   ORD NE
                                          MONTH:     JULY
                                          YEAR:      2015
                                          LATITUDE:   41 37 N
                                          LONGITUDE:  98 57 W

  TEMPERATURE IN F:       :PCPN:    SNOW:  WIND      :SUNSHINE: SKY     :PK WND
================================================================================
1   2   3   4   5  6A  6B    7    8   9   10  11  12  13   14  15   16   17  18
                                     12Z  AVG MX 2MIN
DY MAX MIN AVG DEP HDD CDD  WTR  SNW DPTH SPD SPD DIR MIN PSBL S-S WX    SPD DR
================================================================================

 1  86  59  73   0   0   8 0.00    M    M  5.4 13 350   M    M   3 18     18 110
 2  86  63  75   2   0  10    T    M    M  8.4 21  10   M    M   3 18     27  10
 3  84  55  70  -3   0   5 0.00    M    M  3.6  9 140   M    M   5 1      12 140
 4  87  53  70  -4   0   5 0.00    M    M  9.5 21 180   M    M   1 12     27 180
 5  95  69  82   8   0  17    T    M    M 11.3 23 320   M    M   1 3      28 300
 6  77  55  66  -8   0   1 0.17    M    M 12.5 24  10   M    M   3 18     32  20
 7  76  49  63 -11   2   0 0.00    M    M  4.7 13  70   M    M   1 18     16  80
 8  76  47  62 -12   3   0 0.05    M    M  5.4 16 290   M    M   2 1      20 290
 9  83  59  71  -3   0   6    T    M    M  5.7 14 170   M    M   3 1      19 160
10  84  60  72  -2   0   7 0.01    M    M 10.1 20 170   M    M   4 13     28 170
11  91  62  77   3   0  12 0.00    M    M  6.2 16 170   M    M   0 3      22 160
12 101  63  82   8   0  17 0.00    M    M  5.6 18 290   M    M   3 12     24 280
13  98  67  83   9   0  18 0.00    M    M  6.2 15 360   M    M   0 8      22 360
14  98  62  80   5   0  15 0.15    M    M  4.4 24 180   M    M   1 38     31 180
15  80  69  75   0   0  10 0.04    M    M  7.2 17 150   M    M   6 1      21 150
16  93  65  79   4   0  14    T    M    M  6.0 17 280   M    M   3 12     22 280
17 101  59  80   5   0  15 1.01    M    M  8.3 43 240   M    M   0 13     54 330
18  89  61  75   0   0  10 0.64    M    M  6.0 15 140   M    M   1 13     19 310
19  86  67  77   2   0  12 0.00    M    M  6.1 13  30   M    M   3        17  30
20  84  61  73  -2   0   8 0.00    M    M  6.9 17  20   M    M   1        23 360
21  84  56  70  -5   0   5 0.00    M    M  5.8 14 180   M    M   0        19 180
22  80  65  73  -2   0   8    T    M    M  7.2 15 160   M    M   3        20 180
23  91  65  78   3   0  13 0.00    M    M  9.7 20 170   M    M   3 1      27 190
24  91  66  79   4   0  14    T    M    M  5.7 25 230   M    M   0 13     30  60
25  87  64  76   1   0  11 0.00    M    M  7.5 21 170   M    M   1 3      26 170
26  93  65  79   4   0  14 0.09    M    M  6.2 18 280   M    M   1 123    23 290
27  90  70  80   5   0  15 0.00    M    M 11.0 23 160   M    M   1 3      30 150
28  84  56  70  -5   0   5 0.00    M    M  9.3 26 350   M    M   0        35 340
29  86  51  69  -6   0   4 0.00    M    M  4.1 13 250   M    M   0 8      18 240
30  91  54  73  -2   0   8 0.00    M    M  5.3 14 200   M    M   0        19 200
31  95  61  78   3   0  13 0.52    M    M  4.1 39 350   M    M   0 3      57 340
================================================================================
SM 2727 1878         5 300  2.68    M    215.4          M       53
================================================================================
AV 88.0 60.6                               6.9 FASTST   M    M   2    MAX(MPH)
                                 MISC ---->  # 43 240               # 57  340
================================================================================
NOTES:
# LAST OF SEVERAL OCCURRENCES

COLUMN 17 PEAK WIND IN M.P.H.

PRELIMINARY LOCAL CLIMATOLOGICAL DATA (WS FORM: F-6) , PAGE 2

                                          STATION:  ORD NE
                                          MONTH:    JULY
                                          YEAR:     2015
                                          LATITUDE:   41 37 N
                                          LONGITUDE:  98 57 W

[TEMPERATURE DATA]      [PRECIPITATION DATA]       SYMBOLS USED IN COLUMN 16

AVERAGE MONTHLY: 74.3   TOTAL FOR MONTH:   2.68    1 = FOG OR MIST
DPTR FM NORMAL:  -0.1   DPTR FM NORMAL:   -0.29    2 = FOG REDUCING VISIBILITY
HIGHEST:   101 ON 17,12 GRTST 24HR  1.65 ON 17-18      TO 1/4 MILE OR LESS
LOWEST:     47 ON  8                               3 = THUNDER
                        SNOW, ICE PELLETS, HAIL    4 = ICE PELLETS
                        TOTAL MONTH:    M          5 = HAIL
                        GRTST 24HR    M  ON   M    6 = FREEZING RAIN OR DRIZZLE
                        GRTST DEPTH:  M  ON   M    7 = DUSTSTORM OR SANDSTORM:
                                                       VSBY 1/2 MILE OR LESS
                                                   8 = SMOKE OR HAZE
[NO. OF DAYS WITH]      [WEATHER - DAYS WITH]      9 = BLOWING SNOW
                                                   X = TORNADO
MAX 32 OR BELOW:   0    0.01 INCH OR MORE:   9
MAX 90 OR ABOVE:  13    0.10 INCH OR MORE:   5
MIN 32 OR BELOW:   0    0.50 INCH OR MORE:   3
MIN  0 OR BELOW:   0    1.00 INCH OR MORE:   1

[HDD (BASE 65) ]
TOTAL THIS MO.     5    CLEAR  (SCALE 0-3)  25
DPTR FM NORMAL     0    PTCLDY (SCALE 4-7)   6
TOTAL FM JUL 1     5    CLOUDY (SCALE 8-10)  0
DPTR FM NORMAL     0

[CDD (BASE 65) ]
TOTAL THIS MO.   300
DPTR FM NORMAL     3    [PRESSURE DATA]
TOTAL FM JAN 1   469    HIGHEST SLP 30.26 ON 29
DPTR FM NORMAL   -31    LOWEST  SLP 29.61 ON 17

[REMARKS]
#FINAL-07-15#
