000
CXUS53 KGID 280730
CF6ODX
PRELIMINARY LOCAL CLIMATOLOGICAL DATA (WS FORM: F-6)

                                          STATION:   ORD NE
                                          MONTH:     APRIL
                                          YEAR:      2016
                                          LATITUDE:   41 37 N
                                          LONGITUDE:  98 57 W

  TEMPERATURE IN F:       :PCPN:    SNOW:  WIND      :SUNSHINE: SKY     :PK WND
================================================================================
1   2   3   4   5  6A  6B    7    8   9   10  11  12  13   14  15   16   17  18
                                     12Z  AVG MX 2MIN
DY MAX MIN AVG DEP HDD CDD  WTR  SNW DPTH SPD SPD DIR MIN PSBL S-S WX    SPD DR
================================================================================

 1  42  28  35  -9  30   0    T    M    M 17.3 33 340   M    M   3        41 330
 2  63  33  48   4  17   0 0.00    M    M 10.8 21 320   M    M   2        27 340
 3  78  41  60  15   5   0 0.00    M    M 15.2 30 320   M    M   1        37 320
 4  61  37  49   4  16   0 0.00    M    M  7.7 16 130   M    M   1        22 130
 5  70  42  56  11   9   0 0.00    M    M 13.2 32 310   M    M   1 8      41 310
 6  65  39  52   6  13   0    T    M    M 24.3 40 310   M    M   5        54 320
 7  58  31  45  -1  20   0 0.00    M    M 21.0 44 320   M    M   2        55 320
 8  59  25  42  -4  23   0 0.00    M    M  9.0 22 320   M    M   0        33 340
 9  65  26  46  -1  19   0 0.00    M    M 13.2 28 180   M    M   0        38 200
10  60  41  51   4  14   0    T    M    M 13.6 28 350   M    M   3        36  10
11  55  25  40  -7  25   0 0.00    M    M  6.5 16  10   M    M   0        22  10
12  70  30  50   2  15   0 0.00    M    M 15.2 31 190   M    M   0        40 210
13  78  41  60  12   5   0 0.00    M    M 10.1 21 190   M    M   0        29 200
14  75  46  61  13   4   0 0.00    M    M 14.6 25 180   M    M   0        35 160
15  71  55  63  14   2   0    T    M    M 16.5 25 170   M    M   5        38 180
16  61  42  52   3  13   0 1.72    M    M 13.1 24  10   M    M   9 1      28  20
17  46  41  44  -5  21   0 1.82    M    M 12.6 22  10   M    M  10 1      27  20
18  51  40  46  -4  19   0 0.36    M    M 12.0 21 320   M    M  10 1      27 320
19  57  35  46  -4  19   0 0.02    M    M  3.5 12 180   M    M   7 1      13 140
20  51  46  49  -1  16   0 0.31    M    M  6.0 18 310   M    M  10 1      23 300
21  71  42  57   7   8   0    T    M    M 13.4 25 350   M    M   3        31 360
22  69  32  51   0  14   0 0.00    M    M  6.8 15 150   M    M   0        20 150
23  80  46  63  12   2   0 0.00    M    M 15.8 30 190   M    M   0        40 180
24  74  52  63  11   2   0    T    M    M 12.7 25 200   M    M   2        31 210
25  69  44  57   5   8   0 0.00    M    M 10.8 23 310   M    M   0        29 320
26  63  43  53   1  12   0 1.07    M    M 13.8 26 320   M    M   8 1      31 330
27  49  39  44  -8  21   0 2.07    M    M 19.5 29 340   M    M  10 1      35 320
================================================================================
SM 1711 1042       372   0  7.37    M    348.2          M       92
================================================================================
AV 63.4 38.6                              12.9 FASTST   M    M   3    MAX(MPH)
                                 MISC ---->  # 44 320               # 55  320
================================================================================
NOTES:
# LAST OF SEVERAL OCCURRENCES

COLUMN 17 PEAK WIND IN M.P.H.

PRELIMINARY LOCAL CLIMATOLOGICAL DATA (WS FORM: F-6) , PAGE 2

                                          STATION:  ORD NE
                                          MONTH:    APRIL
                                          YEAR:     2016
                                          LATITUDE:   41 37 N
                                          LONGITUDE:  98 57 W

[TEMPERATURE DATA]      [PRECIPITATION DATA]       SYMBOLS USED IN COLUMN 16

AVERAGE MONTHLY: 51.0   TOTAL FOR MONTH:   7.37    1 = FOG OR MIST
DPTR FM NORMAL:   2.7   DPTR FM NORMAL:    5.11    2 = FOG REDUCING VISIBILITY
HIGHEST:    80 ON 23    GRTST 24HR  3.05 ON 26-27      TO 1/4 MILE OR LESS
LOWEST:     25 ON 11, 8                            3 = THUNDER
                        SNOW, ICE PELLETS, HAIL    4 = ICE PELLETS
                        TOTAL MONTH:    M          5 = HAIL
                        GRTST 24HR    M  ON   M    6 = FREEZING RAIN OR DRIZZLE
                        GRTST DEPTH:  M  ON   M    7 = DUSTSTORM OR SANDSTORM:
                                                       VSBY 1/2 MILE OR LESS
                                                   8 = SMOKE OR HAZE
[NO. OF DAYS WITH]      [WEATHER - DAYS WITH]      9 = BLOWING SNOW
                                                   X = TORNADO
MAX 32 OR BELOW:   0    0.01 INCH OR MORE:   7
MAX 90 OR ABOVE:   0    0.10 INCH OR MORE:   6
MIN 32 OR BELOW:   7    0.50 INCH OR MORE:   4
MIN  0 OR BELOW:   0    1.00 INCH OR MORE:   4

[HDD (BASE 65) ]
TOTAL THIS MO.   372    CLEAR  (SCALE 0-3)  18
DPTR FM NORMAL   -81    PTCLDY (SCALE 4-7)   3
TOTAL FM JUL 1  5402    CLOUDY (SCALE 8-10)  6
DPTR FM NORMAL  -914

[CDD (BASE 65) ]
TOTAL THIS MO.     0
DPTR FM NORMAL     0    [PRESSURE DATA]
TOTAL FM JAN 1     0    HIGHEST SLP M ON M
DPTR FM NORMAL     0    LOWEST  SLP 29.34 ON 27

[REMARKS]
