000
CXUS55 KCAE 011400
CF6OGB
PRELIMINARY LOCAL CLIMATOLOGICAL DATA (WS FORM: F-6)

                                          STATION:   ORANGEBURG AIRPORT SC
                                          MONTH:     JULY
                                          YEAR:      2015
                                          LATITUDE:   33 27 N
                                          LONGITUDE:  80 51 W

  TEMPERATURE IN F:       :PCPN:    SNOW:  WIND      :SUNSHINE: SKY     :PK WND
================================================================================
1   2   3   4   5  6A  6B    7    8   9   10  11  12  13   14  15   16   17  18
                                     12Z  AVG MX 2MIN
DY MAX MIN AVG DEP HDD CDD  WTR  SNW DPTH SPD SPD DIR MIN PSBL S-S WX    SPD DR
================================================================================

 1  88  69  79  -2   0  14 0.00    M    M  7.3 15 230   M    M   3 1      19 220
 2  93  70  82   1   0  17 1.01    M    M  9.1 26 290   M    M   2 138    38 280
 3  84  70  77  -4   0  12 0.03    M    M  9.3 22 260   M    M   5        27 250
 4  89  70  80  -1   0  15 0.13    M    M  8.1 29 270   M    M   1 13     39 280
 5  91  69  80  -1   0  15 1.57    M    M  5.9 26 190   M    M   3 13     33 170
 6  87  70  79  -2   0  14 0.00    M    M  6.1 12 230   M    M   6 18     16 210
 7  90  71  81   0   0  16 0.19    M    M  3.8 21 170   M    M   2 138    26 170
 8  93  71  82   0   0  17 0.00    M    M  4.9 12 200   M    M   0 1      16 220
 9  94  73  84   2   0  19 0.00    M    M  5.9 12 360   M    M   1 13     15  10
10  98  74  86   4   0  21 0.00    M    M  4.2 10 260   M    M   0 1      14 310
11  99  71  85   3   0  20 0.00    M    M  4.4 18 300   M    M   1 13     23 300
12  94  75  85   3   0  20 0.00    M    M  5.3 10  40   M    M   1        15  30
13  93  74  84   2   0  19    T    M    M  5.7 17 210   M    M   2 123    24 220
14  94  74  84   2   0  19    T    M    M  8.0 22 210   M    M   1 3      29 210
15  95  72  84   2   0  19 0.00    M    M  6.0 16 260   M    M   2        21 250
16  96  73  85   3   0  20 0.00    M    M  4.3 12  50   M    M   2        14  50
17  94  76  85   3   0  20 0.00    M    M  5.1 13  80   M    M   4 1      17  90
18  96  73  85   3   0  20 0.06    M    M  3.5 24 360   M    M   3 13     38 360
19  95  73  84   2   0  19 0.86    M    M  3.5 24 240   M    M   4 138    30 250
20  96  73  85   3   0  20 0.01    M    M  5.1 25 280   M    M   1 13     31 260
21 100  75  88   6   0  23 0.00    M    M  7.9 20 250   M    M   1 1      25 240
22  97  76  87   5   0  22 0.00    M    M  3.4 10 260   M    M   0        13 260
23 100  75  88   6   0  23 0.43    M    M  6.4 25 300   M    M   2 8      33 290
24  87  75  81  -1   0  16 0.11    M    M  4.2  9 150   M    M   7 13     13 140
25  91  71  81  -1   0  16 0.00    M    M  4.2 14  40   M    M   0 1      19  60
26  94  68  81  -1   0  16 0.00    M    M  4.4 14 360   M    M   0 1      18 350
27  95  69  82   0   0  17 0.00    M    M  3.5 14 150   M    M   2 1      22  90
28  96  75  86   4   0  21 0.00    M    M  3.5 12  60   M    M   2 1      17 150
29  97  75  86   4   0  21 0.00    M    M  4.0 12 140   M    M   3        16  50
30  99  74  87   5   0  22    T    M    M  2.7 21 350   M    M   1 13     29 330
31  96  75  86   4   0  21 0.26    M    M  5.6 23 180   M    M   3 138    33 170
================================================================================
SM 2911 2249         0 574  4.66    M    165.3          M       65
================================================================================
AV 93.9 72.5                               5.3 FASTST   M    M   2    MAX(MPH)
                                 MISC ---->  # 29 270               # 39  280
================================================================================
NOTES:
# LAST OF SEVERAL OCCURRENCES

COLUMN 17 PEAK WIND IN M.P.H.

PRELIMINARY LOCAL CLIMATOLOGICAL DATA (WS FORM: F-6) , PAGE 2

                                          STATION:  ORANGEBURG AIRPORT SC
                                          MONTH:    JULY
                                          YEAR:     2015
                                          LATITUDE:   33 27 N
                                          LONGITUDE:  80 51 W

[TEMPERATURE DATA]      [PRECIPITATION DATA]       SYMBOLS USED IN COLUMN 16

AVERAGE MONTHLY: 83.2   TOTAL FOR MONTH:   4.66    1 = FOG OR MIST
DPTR FM NORMAL:   1.4   DPTR FM NORMAL:   -0.63    2 = FOG REDUCING VISIBILITY
HIGHEST:   100 ON 23,21 GRTST 24HR  1.57 ON  5- 5      TO 1/4 MILE OR LESS
LOWEST:     68 ON 26                               3 = THUNDER
                        SNOW, ICE PELLETS, HAIL    4 = ICE PELLETS
                        TOTAL MONTH:    M          5 = HAIL
                        GRTST 24HR    M  ON   M    6 = FREEZING RAIN OR DRIZZLE
                        GRTST DEPTH:  M  ON   M    7 = DUSTSTORM OR SANDSTORM:
                                                       VSBY 1/2 MILE OR LESS
                                                   8 = SMOKE OR HAZE
[NO. OF DAYS WITH]      [WEATHER - DAYS WITH]      9 = BLOWING SNOW
                                                   X = TORNADO
MAX 32 OR BELOW:   0    0.01 INCH OR MORE:  11
MAX 90 OR ABOVE:  26    0.10 INCH OR MORE:   8
MIN 32 OR BELOW:   0    0.50 INCH OR MORE:   3
MIN  0 OR BELOW:   0    1.00 INCH OR MORE:   2

[HDD (BASE 65) ]
TOTAL THIS MO.     0    CLEAR  (SCALE 0-3)  24
DPTR FM NORMAL     0    PTCLDY (SCALE 4-7)   7
TOTAL FM JUL 1     0    CLOUDY (SCALE 8-10)  0
DPTR FM NORMAL     0

[CDD (BASE 65) ]
TOTAL THIS MO.   574
DPTR FM NORMAL    53    [PRESSURE DATA]
TOTAL FM JAN 1  1458    HIGHEST SLP 30.17 ON  9
DPTR FM NORMAL   236    LOWEST  SLP 29.71 ON 14

[REMARKS]
#FINAL-07-15#
