000
CXUS55 KEAX 290736
CF6OJC
PRELIMINARY LOCAL CLIMATOLOGICAL DATA (WS FORM: F-6)

                                          STATION:   Johnson County Executive KS
                                          MONTH:     JUNE
                                          YEAR:      2015
                                          LATITUDE:   38 50 N
                                          LONGITUDE:  94 44 W

  TEMPERATURE IN F:       :PCPN:    SNOW:  WIND      :SUNSHINE: SKY     :PK WND
================================================================================
1   2   3   4   5  6A  6B    7    8   9   10  11  12  13   14  15   16   17  18
                                     12Z  AVG MX 2MIN
DY MAX MIN AVG DEP HDD CDD  WTR  SNW DPTH SPD SPD DIR MIN PSBL S-S WX    SPD DR
================================================================================

 1  65  57  61  -9   4   0 0.00    M    M  6.0 12 130   M    M   8        15 120
 2  75  56  66  -4   0   1 0.00    M    M  9.1 15 150   M    M   5        20 150
 3  77  63  70   0   0   5 0.34    M    M  9.5 25 170   M    M   5 13     32 200
 4  80  64  72   2   0   7 0.01    M    M  8.6 22  40   M    M   6 3      26 130
 5  85  63  74   3   0   9 1.18    M    M  5.8 26 330   M    M   3 13     34 340
 6  85  67  76   5   0  11 0.13    M    M  8.2 26 340   M    M   3 13     35 350
 7  91  73  82  11   0  17 0.09    M    M 11.8 21 350   M    M   1 3      29 210
 8  87  66  77   5   0  12 0.04    M    M  6.5 15 320   M    M   2 3      19 270
 9  91  64  78   6   0  13 0.00    M    M  4.7 13 210   M    M   0        19 180
10  92  73  83  11   0  18 0.00    M    M  8.3 15 170   M    M   0        19 170
11  90  73  82  10   0  17    T    M    M 10.7 24 200   M    M   1        34 210
12  80  68  74   1   0   9 0.00    M    M  6.1 15 350   M    M   6 1      20 330
13  80  69  75   2   0  10 0.12    M    M  4.5 10 150   M    M   7 1      12 150
14  84  69  77   4   0  12 0.85    M    M  8.6 22 200   M    M   5 13     36 210
15  84  70  77   4   0  12 0.74    M    M  8.7 18 170   M    M   6 13     24 160
16  77  68  73  -1   0   8    T    M    M  7.6 13  40   M    M   9         M  M
17  84  71  78   4   0  13 0.06    M    M  6.8 12 190   M    M   4 13     15 190
18  85  71  78   4   0  13 0.62    M    M  6.1 15  40   M    M   4 13     19  40
19  85  66  76   2   0  11 0.00    M    M  7.1 13  70   M    M   1        17  30
20  95  67  81   7   0  16 0.00    M    M 11.2 21 210   M    M   0 1      30 220
21  87  76  82   7   0  17 0.00    M    M 10.3 23 170   M    M   2        31 180
22  92  73  83   8   0  18 0.00    M    M 13.3 24 210   M    M   2        32 220
23  82  67  75   0   0  10 0.00    M    M  8.0 17  40   M    M   4 3      22  40
24  94  67  81   6   0  16 0.00    M    M 10.2 21 190   M    M   0        27 190
25  95  75  85   9   0  20 0.02    M    M 10.7 20 240   M    M   1 3      26 250
26  83  64  74  -2   0   9 1.99    M    M  8.7 53 360   M    M   7 13     64 360
27  83  62  73  -3   0   8 0.00    M    M  5.1 12  10   M    M   1        18 360
28  88  65  77   1   0  12 0.00    M    M  9.1 20 270   M    M   1        28 250
================================================================================
SM 2376 1887         4 324  6.19    M    231.3          M       94
================================================================================
AV 84.9 67.4                               8.3 FASTST   M    M   3    MAX(MPH)
                                 MISC ---->  # 53 360               # 64  360
================================================================================
NOTES:
# LAST OF SEVERAL OCCURRENCES

COLUMN 17 PEAK WIND IN M.P.H.

PRELIMINARY LOCAL CLIMATOLOGICAL DATA (WS FORM: F-6) , PAGE 2

                                          STATION:  Johnson County Executive KS
                                          MONTH:    JUNE
                                          YEAR:     2015
                                          LATITUDE:   38 50 N
                                          LONGITUDE:  94 44 W

[TEMPERATURE DATA]      [PRECIPITATION DATA]       SYMBOLS USED IN COLUMN 16

AVERAGE MONTHLY: 76.1   TOTAL FOR MONTH:   6.19    1 = FOG OR MIST
DPTR FM NORMAL:   3.0   DPTR FM NORMAL:    0.68    2 = FOG REDUCING VISIBILITY
HIGHEST:    95 ON 25,20 GRTST 24HR  2.01 ON 25-26      TO 1/4 MILE OR LESS
LOWEST:     56 ON  2                               3 = THUNDER
                        SNOW, ICE PELLETS, HAIL    4 = ICE PELLETS
                        TOTAL MONTH:    M          5 = HAIL
                        GRTST 24HR    M  ON   M    6 = FREEZING RAIN OR DRIZZLE
                        GRTST DEPTH:  M  ON   M    7 = DUSTSTORM OR SANDSTORM:
                                                       VSBY 1/2 MILE OR LESS
                                                   8 = SMOKE OR HAZE
[NO. OF DAYS WITH]      [WEATHER - DAYS WITH]      9 = BLOWING SNOW
                                                   X = TORNADO
MAX 32 OR BELOW:   0    0.01 INCH OR MORE:  13
MAX 90 OR ABOVE:   8    0.10 INCH OR MORE:   8
MIN 32 OR BELOW:   0    0.50 INCH OR MORE:   5
MIN  0 OR BELOW:   0    1.00 INCH OR MORE:   2

[HDD (BASE 65) ]
TOTAL THIS MO.     4    CLEAR  (SCALE 0-3)  13
DPTR FM NORMAL    -2    PTCLDY (SCALE 4-7)  14
TOTAL FM JUL 1  4881    CLOUDY (SCALE 8-10)  1
DPTR FM NORMAL   -51

[CDD (BASE 65) ]
TOTAL THIS MO.   324
DPTR FM NORMAL    89    [PRESSURE DATA]
TOTAL FM JAN 1   401    HIGHEST SLP  0.00 ON M
DPTR FM NORMAL    62    LOWEST  SLP  0.00 ON M

[REMARKS]
