000
CXUS54 KOUN 240800
CF6OKC
PRELIMINARY LOCAL CLIMATOLOGICAL DATA (WS FORM: F-6)

                                          STATION:   OKLAHOMA CITY
                                          MONTH:     NOVEMBER
                                          YEAR:      2014
                                          LATITUDE:   35 24 N
                                          LONGITUDE:  97 36 W

  TEMPERATURE IN F:       :PCPN:    SNOW:  WIND      :SUNSHINE: SKY     :PK WND
================================================================================
1   2   3   4   5  6A  6B    7    8   9   10  11  12  13   14  15   16   17  18
                                     12Z  AVG MX 2MIN
DY MAX MIN AVG DEP HDD CDD  WTR  SNW DPTH SPD SPD DIR MIN PSBL S-S WX    SPD DR
================================================================================

 1  61  35  48  -9  17   0 0.00  0.0    0 12.5 20 160   M    M   4        25 150
 2  67  45  56  -1   9   0 0.00  0.0    0 18.2 29 170   M    M   7        38 180
 3  69  52  61   5   4   0 0.18  0.0    0 16.6 29 180   M    M   9 13     36 190
 4  59  46  53  -3  12   0 1.12  0.0    0 10.6 26 320   M    M   9 13     29 310
 5  62  43  53  -2  12   0 0.00  0.0    0  2.3  8 190   M    M   8        12 260
 6  67  41  54  -1  11   0 0.00  0.0    0  8.9 17 360   M    M   1        24 350
 7  71  36  54   0  11   0 0.00  0.0    0 12.5 26 200   M    M   2        35 180
 8  62  39  51  -3  14   0 0.00  0.0    0 11.5 30 350   M    M   4        37 350
 9  76  35  56   2   9   0 0.00  0.0    0 12.6 31 200   M    M   4        38 210
10  80  38  59   6   6   0 0.00  0.0    0 21.4 41 350   M    M   4        53 360
11  41  29  35 -18  30   0 0.00  0.0    0 21.7 38 360   M    M   3        49 350
12  29  22  26 -26  39   0 0.00  0.0    0 20.1 29 350   M    M   6        36 350
13  34  24  29 -23  36   0 0.00  0.0    0 11.8 24  10   M    M   7        31 360
14  39  22  31 -20  34   0 0.00  0.0    0  5.3 13 150   M    M   8        15 160
15  53  26  40 -11  25   0 0.00  0.0    0 12.8 12 100   M    M   6        15  90
16  39  22  31 -19  34   0 0.16  2.5    0 15.0 25 350   M    M  10        36 340
17  35  17  26 -24  39   0 0.00  0.0    2  9.2 22 330   M    M   0        26 340
18  55  19  37 -13  28   0 0.00  0.0    T  9.8 22 220   M    M   1        28 210
19  62  31  47  -2  18   0 0.00  0.0    0  8.3 18 200   M    M   3        23 200
20  63  33  48  -1  17   0 0.00  0.0    0  8.3 15  60   M    M   4        18  60
21  67  44  56   8   9   0    T  0.0    0 10.6 21 200   M    M   9 18     26 200
22  62  55  59  11   6   0 0.89  0.0    0 15.8 30 150   M    M  10 13     37 160
23  64  41  53   6  12   0 0.03  0.0    0 16.8 36 330   M    M   9 1      46 330
================================================================================
SM 1317  795       432   0  2.38     2.5 292.6          M      128
================================================================================
AV 57.3 34.6                              12.7 FASTST   M    M   6    MAX(MPH)
                                 MISC ---->  # 41 350               # 53  360
================================================================================
NOTES:
# LAST OF SEVERAL OCCURRENCES

COLUMN 17 PEAK WIND IN M.P.H.

PRELIMINARY LOCAL CLIMATOLOGICAL DATA (WS FORM: F-6) , PAGE 2

                                          STATION:  OKLAHOMA CITY
                                          MONTH:    NOVEMBER
                                          YEAR:     2014
                                          LATITUDE:   35 24 N
                                          LONGITUDE:  97 36 W

[TEMPERATURE DATA]      [PRECIPITATION DATA]       SYMBOLS USED IN COLUMN 16

AVERAGE MONTHLY: 45.9   TOTAL FOR MONTH:   2.38    1 = FOG OR MIST
DPTR FM NORMAL:  -6.3   DPTR FM NORMAL:    0.79    2 = FOG REDUCING VISIBILITY
HIGHEST:    80 ON 10    GRTST 24HR  1.30 ON  3- 4      TO 1/4 MILE OR LESS
LOWEST:     17 ON 17                               3 = THUNDER
                        SNOW, ICE PELLETS, HAIL    4 = ICE PELLETS
                        TOTAL MONTH:   2.5 INCHES  5 = HAIL
                        GRTST 24HR   2.5 ON 16-16  6 = FREEZING RAIN OR DRIZZLE
                        GRTST DEPTH:   2 ON 17     7 = DUSTSTORM OR SANDSTORM:
                                                       VSBY 1/2 MILE OR LESS
                                                   8 = SMOKE OR HAZE
[NO. OF DAYS WITH]      [WEATHER - DAYS WITH]      9 = BLOWING SNOW
                                                   X = TORNADO
MAX 32 OR BELOW:   1    0.01 INCH OR MORE:   5
MAX 90 OR ABOVE:   0    0.10 INCH OR MORE:   4
MIN 32 OR BELOW:   9    0.50 INCH OR MORE:   2
MIN  0 OR BELOW:   0    1.00 INCH OR MORE:   1

[HDD (BASE 65) ]
TOTAL THIS MO.   432    CLEAR  (SCALE 0-3)   6
DPTR FM NORMAL   133    PTCLDY (SCALE 4-7)  11
TOTAL FM JUL 1   518    CLOUDY (SCALE 8-10)  6
DPTR FM NORMAL    55

[CDD (BASE 65) ]
TOTAL THIS MO.     0
DPTR FM NORMAL    -7    [PRESSURE DATA]
TOTAL FM JAN 1  2126    HIGHEST SLP M ON M
DPTR FM NORMAL    27    LOWEST  SLP 29.31 ON 23

[REMARKS]
