000
CXUS56 KBOI 201002
CF6ONO
PRELIMINARY LOCAL CLIMATOLOGICAL DATA (WS FORM: F-6)

                                          STATION:   ONTARIO OR
                                          MONTH:     APRIL
                                          YEAR:      2014
                                          LATITUDE:   44  1 N
                                          LONGITUDE: 117  1 W

  TEMPERATURE IN F:       :PCPN:    SNOW:  WIND      :SUNSHINE: SKY     :PK WND
================================================================================
1   2   3   4   5  6A  6B    7    8   9   10  11  12  13   14  15   16   17  18
                                     12Z  AVG MX 2MIN
DY MAX MIN AVG DEP HDD CDD  WTR  SNW DPTH SPD SPD DIR MIN PSBL S-S WX    SPD DR
================================================================================

 1  47  39  43  -4  22   0 0.11    M    M  7.9 16 230   M    M  10        20 220
 2  60  36  48   0  17   0 0.06    M    M  7.0 21 320   M    M   6 18     27 320
 3  60  30  45  -3  20   0 0.00    M    M  5.6 14 220   M    M   0        18 220
 4  60  42  51   3  14   0 0.01    M    M  6.2 17 200   M    M   6        23 190
 5  61  40  51   3  14   0    T    M    M  6.4 16 290   M    M   6        21 280
 6  67  46  57   9   8   0 0.01    M    M  5.6 18 290   M    M   7        24 290
 7  70  37  54   6  11   0 0.00    M    M  3.8 15 310   M    M   0        19 310
 8  75  38  57   8   8   0 0.00    M    M  3.4  7 160   M    M   0         M  M
 9  70  47  59  10   6   0 0.00    M    M  8.0 20 350   M    M   0        23 340
10  68  34  51   2  14   0 0.00    M    M  4.6 15 300   M    M   0        19 300
11  73  35  54   5  11   0 0.00    M    M  3.2 10 240   M    M   0        13 100
12  67  47  57   8   8   0 0.00    M    M 17.4 32 320   M    M   1        40 310
13  65  36  51   1  14   0 0.00    M    M 13.2 25 320   M    M   0        33 330
14  66  26  46  -4  19   0 0.00    M    M  5.5 23 120   M    M   0        28 120
15  65  39  52   2  13   0 0.00    M    M  9.8 25 300   M    M   1        32 360
16  66  40  53   3  12   0 0.00    M    M  3.8 13 140   M    M   1        16 160
17  77  34  56   6   9   0    T    M    M  6.2 33 300   M    M   2        43 300
18  66  41  54   3  11   0 0.00    M    M  5.9 16 290   M    M   3        20 290
19  78  32  55   4  10   0 0.00    M    M  8.2 39 310   M    M   0 8      50 310
================================================================================
SM 1261  719       241   0  0.19    M    131.7          M       43
================================================================================
AV 66.4 37.8                               6.9 FASTST   M    M   2    MAX(MPH)
                                 MISC ---->  # 39 310               # 50  310
================================================================================
NOTES:
# LAST OF SEVERAL OCCURRENCES

COLUMN 17 PEAK WIND IN M.P.H.

PRELIMINARY LOCAL CLIMATOLOGICAL DATA (WS FORM: F-6) , PAGE 2

                                          STATION:  ONTARIO OR
                                          MONTH:    APRIL
                                          YEAR:     2014
                                          LATITUDE:   44  1 N
                                          LONGITUDE: 117  1 W

[TEMPERATURE DATA]      [PRECIPITATION DATA]       SYMBOLS USED IN COLUMN 16

AVERAGE MONTHLY: 52.1   TOTAL FOR MONTH:   0.19    1 = FOG OR MIST
DPTR FM NORMAL:   3.1   DPTR FM NORMAL:   -0.31    2 = FOG REDUCING VISIBILITY
HIGHEST:    78 ON 19    GRTST 24HR  0.17 ON  1- 2      TO 1/4 MILE OR LESS
LOWEST:     26 ON 14                               3 = THUNDER
                        SNOW, ICE PELLETS, HAIL    4 = ICE PELLETS
                        TOTAL MONTH:    M          5 = HAIL
                        GRTST 24HR    M  ON   M    6 = FREEZING RAIN OR DRIZZLE
                        GRTST DEPTH:  M  ON   M    7 = DUSTSTORM OR SANDSTORM:
                                                       VSBY 1/2 MILE OR LESS
                                                   8 = SMOKE OR HAZE
[NO. OF DAYS WITH]      [WEATHER - DAYS WITH]      9 = BLOWING SNOW
                                                   X = TORNADO
MAX 32 OR BELOW:   0    0.01 INCH OR MORE:   4
MAX 90 OR ABOVE:   0    0.10 INCH OR MORE:   1
MIN 32 OR BELOW:   3    0.50 INCH OR MORE:   0
MIN  0 OR BELOW:   0    1.00 INCH OR MORE:   0

[HDD (BASE 65) ]
TOTAL THIS MO.   241    CLEAR  (SCALE 0-3)  14
DPTR FM NORMAL   -63    PTCLDY (SCALE 4-7)   4
TOTAL FM JUL 1  5585    CLOUDY (SCALE 8-10)  1
DPTR FM NORMAL   -19

[CDD (BASE 65) ]
TOTAL THIS MO.     0
DPTR FM NORMAL     0    [PRESSURE DATA]
TOTAL FM JAN 1     0    HIGHEST SLP M ON M
DPTR FM NORMAL     0    LOWEST  SLP 29.59 ON 17

[REMARKS]
