000
CXUS51 KBOX 191200
CF6ORH
PRELIMINARY LOCAL CLIMATOLOGICAL DATA (WS FORM: F-6)

                                          STATION:   WORCESTER MA
                                          MONTH:     SEPTEMBER
                                          YEAR:      2017
                                          LATITUDE:   42 16 N
                                          LONGITUDE:  71 52 W

  TEMPERATURE IN F:       :PCPN:    SNOW:  WIND      :SUNSHINE: SKY     :PK WND
================================================================================
1   2   3   4   5  6A  6B    7    8   9   10  11  12  13   14  15   16   17  18
                                     12Z  AVG MX 2MIN
DY MAX MIN AVG DEP HDD CDD  WTR  SNW DPTH SPD SPD DIR MIN PSBL S-S WX    SPD DR
================================================================================

 1  64  44  54 -12  11   0 0.00  0.0    M 11.6 24 290   M    M   0        29 290
 2  67  45  56 -10   9   0 0.00  0.0    M  6.4 12 340   M    M   0        16 350
 3  57  51  54 -12  11   0 0.67  0.0    M 10.6 18 250   M    M  10 12     25 240
 4  75  53  64  -1   1   0 0.00  0.0    M 14.6 25 270   M    M   1        33 260
 5  81  62  72   7   0   7 0.00  0.0    M 15.1 22 180   M    M   3        28 220
 6  68  57  63  -2   2   0 1.33  0.0    M  6.4 23 300   M    M   9 13     29 310
 7  70  53  62  -2   3   0 0.31  0.0    M  9.4 29 290   M    M   5 1      37 280
 8  67  50  59  -5   6   0 0.00  0.0    M  9.4 16 260   M    M   3        19 310
 9  67  50  59  -5   6   0 0.00  0.0    M  9.8 16 340   M    M   2        20 330
10  69  52  61  -2   4   0 0.00  0.0    M  8.2 14 340   M    M   2        18 310
11  74  50  62  -1   3   0 0.00  0.0    M  9.0 16 310   M    M   0        22 330
12  79  57  68   5   0   3 0.00  0.0    M  8.6 16 280   M    M   0        19 280
13  79  58  69   7   0   4 0.00  0.0    M  7.2 16 270   M    M   1        21 270
14  76  64  70   8   0   5 0.01  0.0    M  9.6 20 250   M    M   6 13     25 250
15  78  65  72  10   0   7 0.01  0.0    M  3.9 12 220   M    M   8 1      15 200
16  79  64  72  11   0   7 0.00  0.0    M  3.1  7 290   M    M   6 12      9  30
17  80  62  71  10   0   6 0.00  0.0    M  4.5  9 130   M    M   2 2      13 100
18  70  59  65   4   0   0 0.02  0.0    M  5.1 10  70   M    M   9 12     13  60
================================================================================
SM 1300  996        56  39  2.35     0.0 152.5          M       67
================================================================================
AV 72.2 55.3                               8.5 FASTST   M    M   4    MAX(MPH)
                                 MISC ---->  # 29 290               # 37  280
================================================================================
NOTES:
# LAST OF SEVERAL OCCURRENCES

COLUMN 17 PEAK WIND IN M.P.H.

PRELIMINARY LOCAL CLIMATOLOGICAL DATA (WS FORM: F-6) , PAGE 2

                                          STATION:  WORCESTER MA
                                          MONTH:    SEPTEMBER
                                          YEAR:     2017
                                          LATITUDE:   42 16 N
                                          LONGITUDE:  71 52 W

[TEMPERATURE DATA]      [PRECIPITATION DATA]       SYMBOLS USED IN COLUMN 16

AVERAGE MONTHLY: 63.8   TOTAL FOR MONTH:   2.35    1 = FOG OR MIST
DPTR FM NORMAL:   0.3   DPTR FM NORMAL:    0.18    2 = FOG REDUCING VISIBILITY
HIGHEST:    81 ON  5    GRTST 24HR  1.33 ON  6- 6      TO 1/4 MILE OR LESS
LOWEST:     44 ON  1                               3 = THUNDER
                        SNOW, ICE PELLETS, HAIL    4 = ICE PELLETS
                        TOTAL MONTH:   0.0 INCH    5 = HAIL
                        GRTST 24HR     0.0         6 = FREEZING RAIN OR DRIZZLE
                        GRTST DEPTH:  M  ON   M    7 = DUSTSTORM OR SANDSTORM:
                                                       VSBY 1/2 MILE OR LESS
                                                   8 = SMOKE OR HAZE
[NO. OF DAYS WITH]      [WEATHER - DAYS WITH]      9 = BLOWING SNOW
                                                   X = TORNADO
MAX 32 OR BELOW:   0    0.01 INCH OR MORE:   6
MAX 90 OR ABOVE:   0    0.10 INCH OR MORE:   3
MIN 32 OR BELOW:   0    0.50 INCH OR MORE:   2
MIN  0 OR BELOW:   0    1.00 INCH OR MORE:   1

[HDD (BASE 65) ]
TOTAL THIS MO.    56    CLEAR  (SCALE 0-3)  11
DPTR FM NORMAL    -5    PTCLDY (SCALE 4-7)   3
TOTAL FM JUL 1   104    CLOUDY (SCALE 8-10)  4
DPTR FM NORMAL     4

[CDD (BASE 65) ]
TOTAL THIS MO.    39
DPTR FM NORMAL     5    [PRESSURE DATA]
TOTAL FM JAN 1   470    HIGHEST SLP M ON M
DPTR FM NORMAL    10    LOWEST  SLP 29.70 ON M

[REMARKS]
