000
CXUS53 KGRB 270653
CF6OSH
PRELIMINARY LOCAL CLIMATOLOGICAL DATA (WS FORM: F-6)

                                          STATION:   OSHKOSH WI
                                          MONTH:     JUNE
                                          YEAR:      2017
                                          LATITUDE:   44  0 N
                                          LONGITUDE:  88 34 W

  TEMPERATURE IN F:       :PCPN:    SNOW:  WIND      :SUNSHINE: SKY     :PK WND
================================================================================
1   2   3   4   5  6A  6B    7    8   9   10  11  12  13   14  15   16   17  18
                                     12Z  AVG MX 2MIN
DY MAX MIN AVG DEP HDD CDD  WTR  SNW DPTH SPD SPD DIR MIN PSBL S-S WX    SPD DR
================================================================================

 1  77  42  60  -2   5   0 0.00  0.0    0  4.5 14 290   M    M   0        19 300
 2  81  47  64   1   1   0 0.00  0.0    0  5.3 15 130   M    M   1        19 130
 3  82  60  71   8   0   6 0.22  0.0    0 10.1 25 310   M    M   4 13     35 310
 4  85  64  75  11   0  10    T  0.0    0  8.0 17 320   M    M   0 1      24 290
 5  74  60  67   3   0   2 0.00  0.0    0 10.8 23  30   M    M   3 18     29  40
 6  75  52  64   0   1   0 0.00  0.0    0  8.6 15  30   M    M   0         M  M
 7  77  51  64   0   1   0 0.00  0.0    0  5.6 13 120   M    M   0        16 100
 8  81  56  69   4   0   4 0.01  0.0    0  7.3 18  40   M    M   4 8      23  70
 9  76  60  68   3   0   3 0.00  0.0    0  8.3 18  30   M    M   2 1      22  20
10  89  60  75   9   0  10 0.00  0.0    0 16.6 33 200   M    M   0        44 220
11  89  73  81  15   0  16 0.00  0.0    0 13.0 21 190   M    M   2        28 190
12  86  66  76  10   0  11 2.79  0.0    0 10.0 38 340   M    M   6 123    48 290
13  78  65  72   6   0   7 0.15  0.0    0  6.8 18 120   M    M   5 13     23 110
14  87  65  76   9   0  11 1.36  0.0    0  7.8 24 260   M    M   1 138    33 260
15  86  64  75   8   0  10 0.00  0.0    0  6.9 17 290   M    M   1        23 290
16  86  64  75   8   0  10 0.04  0.0    0  7.0 15 260   M    M   2        22 240
17  82  65  74   6   0   9 0.01  0.0    0  5.0 14 200   M    M   5        19 200
18  75  62  69   1   0   4 0.24  0.0    0 11.5 28 290   M    M   7 13     36 290
19  72  57  65  -3   0   0 0.20  0.0    0  7.9 24 290   M    M   4 38     30 290
20  71  56  64  -4   1   0 0.26  0.0    0  5.8 16 210   M    M   3 1      23 210
21  76  54  65  -4   0   0 0.03  0.0    0  6.0 15 210   M    M   3 3      20 180
22  77  64  71   2   0   6 1.46  0.0    0  6.2 15 200   M    M   8 13     24 200
23  78  61  70   1   0   5 0.09  0.0    0  8.5 22 290   M    M   3 1      28 320
24  69  52  61  -8   4   0 0.01  0.0    0 11.4 22 290   M    M   5        34 300
25  68  51  60 -10   5   0 0.12  0.0    0  8.4 22 300   M    M   4 138    33 290
26  63  49  56 -14   9   0 0.01    M    0  9.8 24 350   M    M   4        31 340
================================================================================
SM 2040 1520        27 124  7.00     0.0 217.1          M       77
================================================================================
AV 78.5 58.5                               8.3 FASTST   M    M   3    MAX(MPH)
                                 MISC ---->  # 38 340               # 48  290
================================================================================
NOTES:
# LAST OF SEVERAL OCCURRENCES

COLUMN 17 PEAK WIND IN M.P.H.

PRELIMINARY LOCAL CLIMATOLOGICAL DATA (WS FORM: F-6) , PAGE 2

                                          STATION:  OSHKOSH WI
                                          MONTH:    JUNE
                                          YEAR:     2017
                                          LATITUDE:   44  0 N
                                          LONGITUDE:  88 34 W

[TEMPERATURE DATA]      [PRECIPITATION DATA]       SYMBOLS USED IN COLUMN 16

AVERAGE MONTHLY: 68.5   TOTAL FOR MONTH:   7.00    1 = FOG OR MIST
DPTR FM NORMAL:   2.0   DPTR FM NORMAL:    3.31    2 = FOG REDUCING VISIBILITY
HIGHEST:    89 ON 11,10 GRTST 24HR  2.79 ON 12-12      TO 1/4 MILE OR LESS
LOWEST:     42 ON  1                               3 = THUNDER
                        SNOW, ICE PELLETS, HAIL    4 = ICE PELLETS
                        TOTAL MONTH:   0.0 INCH    5 = HAIL
                        GRTST 24HR     0.0         6 = FREEZING RAIN OR DRIZZLE
                        GRTST DEPTH:   0           7 = DUSTSTORM OR SANDSTORM:
                                                       VSBY 1/2 MILE OR LESS
                                                   8 = SMOKE OR HAZE
[NO. OF DAYS WITH]      [WEATHER - DAYS WITH]      9 = BLOWING SNOW
                                                   X = TORNADO
MAX 32 OR BELOW:   0    0.01 INCH OR MORE:  16
MAX 90 OR ABOVE:   0    0.10 INCH OR MORE:   9
MIN 32 OR BELOW:   0    0.50 INCH OR MORE:   3
MIN  0 OR BELOW:   0    1.00 INCH OR MORE:   3

[HDD (BASE 65) ]
TOTAL THIS MO.    27    CLEAR  (SCALE 0-3)  14
DPTR FM NORMAL   -29    PTCLDY (SCALE 4-7)  12
TOTAL FM JUL 1  6499    CLOUDY (SCALE 8-10)  0
DPTR FM NORMAL  -956

[CDD (BASE 65) ]
TOTAL THIS MO.   124
DPTR FM NORMAL    34    [PRESSURE DATA]
TOTAL FM JAN 1   133    HIGHEST SLP M ON M
DPTR FM NORMAL    18    LOWEST  SLP 29.44 ON 18

[REMARKS]
