000
CXUS56 KMFR 251000
CF6OTH
PRELIMINARY LOCAL CLIMATOLOGICAL DATA (WS FORM: F-6)

                                          STATION:   NORTH BEND OR
                                          MONTH:     DECEMBER
                                          YEAR:      2014
                                          LATITUDE:   43 25 N
                                          LONGITUDE: 124 15 W

  TEMPERATURE IN F:       :PCPN:    SNOW:  WIND      :SUNSHINE: SKY     :PK WND
================================================================================
1   2   3   4   5  6A  6B    7    8   9   10  11  12  13   14  15   16   17  18
                                     12Z  AVG MX 2MIN
DY MAX MIN AVG DEP HDD CDD  WTR  SNW DPTH SPD SPD DIR MIN PSBL S-S WX    SPD DR
================================================================================

 1  52  45  49   3  16   0 2.83    M    M  5.2 10 140   M    M   M         M  M
 2  54  46  50   4  15   0 0.01    M    M  7.1 16 110   M    M   3        22 120
 3  54  46  50   4  15   0 0.14    M    M  6.4  9 150   M    M   M         M  M
 4  59  52  56  10   9   0 0.86    M    M  6.0 12 200   M    M  10        22 200
 5  64  54  59  13   6   0 0.66    M    M  6.2 20 230   M    M   7        28 220
 6  61  46  54   8  11   0 0.00    M    M  8.2 14 170   M    M   5        18 190
 7  61  46  54   8  11   0 0.01    M    M  7.3 13 150   M    M   3        22 230
 8  64  52  58  12   7   0 0.00    M    M  6.7 12 170   M    M   6        23 190
 9  64  57  61  16   4   0 0.42    M    M 10.3 20 160   M    M  10        28 160
10  66  48  57  12   8   0 0.78    M    M 12.7 25 270   M    M   6        36 170
11  59  48  54   9  11   0 0.86    M    M 12.9 30 190   M    M   9        47 190
12  55  43  49   4  16   0 0.04    M    M  4.3  7 140   M    M   0         M  M
13  57  39  48   3  17   0 0.00    M    M  7.0 10 150   M    M   0         M  M
14  55  39  47   2  18   0 0.02    M    M  6.8 12 150   M    M   5        17 150
15  54  48  51   6  14   0 0.17    M    M  5.5 10 140   0    0   0         M  M
16  55  45  50   5  15   0 0.00    M    M  4.1  7 110   M    M   M         M  M
17  55  46  51   6  14   0 0.28    M    M  6.2 12 240   M    M  10        18 240
18  61  48  55  10  10   0 0.74    M    M  7.9 17 170   M    M  10        24 170
19  54  45  50   5  15   0 1.05    M    M  7.5 10 160   M    M   M         M  M
20  59  52  56  11   9   0 1.47    M    M 16.1 25 200   M    M  10        41 200
21  57  55  56  11   9   0 0.52    M    M 11.3 18 250   M    M  10        25 230
22  57  54  56  11   9   0 0.12    M    M  3.8 15 240   M    M  10        24 240
23  57  54  56  11   9   0 0.03    M    M  2.3  6 260   0    0   0         M  M
24  55  45  50   5  15   0 1.16    M    M 12.3 21 350   M    M   9        32 350
================================================================================
SM 1389 1153       283   0 12.17    M    184.2            0    123
================================================================================
AV 57.9 48.0                               7.7 FASTST    0   0   6    MAX(MPH)
                                 MISC ---->    30   M                 47    M
================================================================================
NOTES:
# LAST OF SEVERAL OCCURRENCES

COLUMN 17 PEAK WIND IN M.P.H.

PRELIMINARY LOCAL CLIMATOLOGICAL DATA (WS FORM: F-6) , PAGE 2

                                          STATION:  NORTH BEND OR
                                          MONTH:    DECEMBER
                                          YEAR:     2014
                                          LATITUDE:   43 25 N
                                          LONGITUDE: 124 15 W

[TEMPERATURE DATA]      [PRECIPITATION DATA]       SYMBOLS USED IN COLUMN 16

AVERAGE MONTHLY: 53.0   TOTAL FOR MONTH:  12.17    1 = FOG OR MIST
DPTR FM NORMAL:   7.6   DPTR FM NORMAL:    3.47    2 = FOG REDUCING VISIBILITY
HIGHEST:    66 ON 10    GRTST 24HR  2.83 ON  1- 1      TO 1/4 MILE OR LESS
LOWEST:     39 ON 14,13                            3 = THUNDER
                        SNOW, ICE PELLETS, HAIL    4 = ICE PELLETS
                        TOTAL MONTH:    M          5 = HAIL
                        GRTST 24HR    M  ON   M    6 = FREEZING RAIN OR DRIZZLE
                        GRTST DEPTH:  M  ON   M    7 = DUSTSTORM OR SANDSTORM:
                                                       VSBY 1/2 MILE OR LESS
                                                   8 = SMOKE OR HAZE
[NO. OF DAYS WITH]      [WEATHER - DAYS WITH]      9 = BLOWING SNOW
                                                   X = TORNADO
MAX 32 OR BELOW:   0    0.01 INCH OR MORE:  20
MAX 90 OR ABOVE:   0    0.10 INCH OR MORE:  15
MIN 32 OR BELOW:   0    0.50 INCH OR MORE:  10
MIN  0 OR BELOW:   0    1.00 INCH OR MORE:   4

[HDD (BASE 65) ]
TOTAL THIS MO.   283    CLEAR  (SCALE 0-3)   6
DPTR FM NORMAL  -190    PTCLDY (SCALE 4-7)   5
TOTAL FM JUL 1  1159    CLOUDY (SCALE 8-10)  9
DPTR FM NORMAL  -766

[CDD (BASE 65) ]
TOTAL THIS MO.     0
DPTR FM NORMAL     0    [PRESSURE DATA]
TOTAL FM JAN 1    28    HIGHEST SLP M ON M
DPTR FM NORMAL    26    LOWEST  SLP  0.00 ON 11

[REMARKS]
