000
CXUS56 KMFR 260922
CF6OTH
PRELIMINARY LOCAL CLIMATOLOGICAL DATA (WS FORM: F-6)

                                          STATION:   NORTH BEND OR
                                          MONTH:     OCTOBER
                                          YEAR:      2014
                                          LATITUDE:   43 25 N
                                          LONGITUDE: 124 15 W

  TEMPERATURE IN F:       :PCPN:    SNOW:  WIND      :SUNSHINE: SKY     :PK WND
================================================================================
1   2   3   4   5  6A  6B    7    8   9   10  11  12  13   14  15   16   17  18
                                     12Z  AVG MX 2MIN
DY MAX MIN AVG DEP HDD CDD  WTR  SNW DPTH SPD SPD DIR MIN PSBL S-S WX    SPD DR
================================================================================

 1  70  48  59   4   6   0 0.00    M    M  7.2 23 360   M    M   2        29 360
 2  73  46  60   5   5   0 0.00    M    M  7.1 22 350   M    M   M        27 350
 3  82  52  67  12   0   2 0.00    M    M  4.6 10 290   M    M   M         M  M
 4  81  54  68  13   0   3 0.00    M    M  5.8 20 350   0    0   0         M  M
 5  77  48  63   8   2   0 0.00    M    M  5.5 22 350   M    M   2        24 360
 6  75  54  65  10   0   0 0.00    M    M  3.4 15 350   0    0   0         M  M
 7  57  52  55   0  10   0 0.00    M    M  3.0  8 290   0    0   0         M  M
 8  59  54  57   3   8   0 0.00    M    M  3.6  7 360   M    M   0         M  M
 9  57  54  56   2   9   0 0.00    M    M  2.9  7 290   M    M   0         M  M
10  63  54  59   5   6   0 0.00    M    M  2.3  7 330   M    M   5         M  M
11  66  54  60   6   5   0 0.06    M    M  4.6  9 150   M    M   0         M  M
12  72  50  61   7   4   0 0.00    M    M  4.7 17 350   M    M   4         M  M
13  75  48  62   8   3   0 0.23    M    M  8.5 17 200   M    M   4        24 200
14  59  54  57   3   8   0 0.84    M    M  4.8 10 190   M    M  10        21 190
15  63  54  59   5   6   0 0.67    M    M 10.1 17 200   M    M   7        25 200
16  70  50  60   6   5   0 0.01    M    M  7.0 14 250   M    M   3        17 220
17  64  57  61   8   4   0 0.12    M    M  4.5  9 160   M    M  10        16 160
18  70  61  66  13   0   1 0.11    M    M  3.8 10 240   M    M   M         M  M
19  72  57  65  12   0   0 0.08    M    M  9.3 20 210   M    M   7        31 210
20  66  54  60   7   5   0 0.27    M    M  8.4 20 210   M    M   7        31 210
21  66  54  60   7   5   0 0.16    M    M  8.4 15 200   M    M   9        21 200
22  63  55  59   6   6   0 1.82    M    M  9.4 17 250   M    M  10        35 250
23  63  54  59   6   6   0 0.09    M    M  7.2 17 240   M    M   5        30 240
24  63  54  59   7   6   0 0.29    M    M  4.8  8 120   M    M   0         M  M
25  63  50  57   5   8   0 0.10    M    M 15.2 31 200   M    M   9        46 210
================================================================================
SM 1689 1322       117   6  4.85    M    156.1            0     94
================================================================================
AV 67.6 52.9                               6.2 FASTST    0   0   4    MAX(MPH)
                                 MISC ---->    31   M               # 46  210
================================================================================
NOTES:
# LAST OF SEVERAL OCCURRENCES

COLUMN 17 PEAK WIND IN M.P.H.

PRELIMINARY LOCAL CLIMATOLOGICAL DATA (WS FORM: F-6) , PAGE 2

                                          STATION:  NORTH BEND OR
                                          MONTH:    OCTOBER
                                          YEAR:     2014
                                          LATITUDE:   43 25 N
                                          LONGITUDE: 124 15 W

[TEMPERATURE DATA]      [PRECIPITATION DATA]       SYMBOLS USED IN COLUMN 16

AVERAGE MONTHLY: 60.2   TOTAL FOR MONTH:   4.85    1 = FOG OR MIST
DPTR FM NORMAL:   6.4   DPTR FM NORMAL:    1.48    2 = FOG REDUCING VISIBILITY
HIGHEST:    82 ON  3    GRTST 24HR  1.82 ON 22-22      TO 1/4 MILE OR LESS
LOWEST:     46 ON  2                               3 = THUNDER
                        SNOW, ICE PELLETS, HAIL    4 = ICE PELLETS
                        TOTAL MONTH:    M          5 = HAIL
                        GRTST 24HR    M  ON   M    6 = FREEZING RAIN OR DRIZZLE
                        GRTST DEPTH:  M  ON   M    7 = DUSTSTORM OR SANDSTORM:
                                                       VSBY 1/2 MILE OR LESS
                                                   8 = SMOKE OR HAZE
[NO. OF DAYS WITH]      [WEATHER - DAYS WITH]      9 = BLOWING SNOW
                                                   X = TORNADO
MAX 32 OR BELOW:   0    0.01 INCH OR MORE:  14
MAX 90 OR ABOVE:   0    0.10 INCH OR MORE:  10
MIN 32 OR BELOW:   0    0.50 INCH OR MORE:   3
MIN  0 OR BELOW:   0    1.00 INCH OR MORE:   1

[HDD (BASE 65) ]
TOTAL THIS MO.   117    CLEAR  (SCALE 0-3)  10
DPTR FM NORMAL  -163    PTCLDY (SCALE 4-7)   7
TOTAL FM JUL 1   485    CLOUDY (SCALE 8-10)  5
DPTR FM NORMAL  -403

[CDD (BASE 65) ]
TOTAL THIS MO.     6
DPTR FM NORMAL     6    [PRESSURE DATA]
TOTAL FM JAN 1    28    HIGHEST SLP M ON M
DPTR FM NORMAL    26    LOWEST  SLP  0.00 ON 25

[REMARKS]
