000
CXUS53 KARX 240930
CF6OVS
PRELIMINARY LOCAL CLIMATOLOGICAL DATA (WS FORM: F-6)

                                          STATION:   BOSCOBEL_(ASOS) WI
                                          MONTH:     DECEMBER
                                          YEAR:      2014
                                          LATITUDE:   43  9 N
                                          LONGITUDE:  90 41 W

  TEMPERATURE IN F:       :PCPN:    SNOW:  WIND      :SUNSHINE: SKY     :PK WND
================================================================================
1   2   3   4   5  6A  6B    7    8   9   10  11  12  13   14  15   16   17  18
                                     12Z  AVG MX 2MIN
DY MAX MIN AVG DEP HDD CDD  WTR  SNW DPTH SPD SPD DIR MIN PSBL S-S WX    SPD DR
================================================================================

 1  17   1   9 -20  56   0 0.00  0.0    M  4.3 14 300   M    M   0 8      19 290
 2  32   7  20  -8  45   0 0.00  0.0    M  5.7 14 190   M    M   6        19 210
 3  33  18  26  -2  39   0 0.00  0.0    M  5.8 14 300   M    M   0        19 280
 4  33  16  25  -2  40   0 0.00  0.0    M  2.2  9 140   M    M   7 8      15 180
 5  37  29  33   6  32   0 0.00  0.0    M  2.3 10 360   M    M  10 18     13 360
 6  40  18  29   3  36   0 0.00  0.0    M  3.6 13 360   M    M   2 18     17  10
 7  37  18  28   2  37   0 0.06    M    M  3.5 12 200   M    M   2 16     18 140
 8  37  31  34   8  31   0 0.11    T    M  6.9 14 300   M    M  10 168    18 280
 9  37  29  33   8  32   0 0.00  0.0    M  3.5 12  30   M    M   9 8      17  40
10  31  25  28   3  37   0 0.00  0.0    M  1.7  6  30   M    M   9 8       8  40
11  32  26  29   4  36   0 0.00  0.0    M  3.8 10 250   M    M  10 18     15 260
12  38  28  33   9  32   0 0.00  0.0    M  4.1 10 220   M    M  10 128    14 220
13  44  27  36  12  29   0 0.00  0.0    M  1.6  9 210   M    M  10 12     12 200
14  50  40  45  21  20   0 0.00  0.0    0  0.9  8 200   M    M  10 12     11 190
15  49  44  47  24  18   0 0.27  0.0    M  3.0 10 100   M    M  10 1      16 110
16  45  24  35  12  30   0 0.04    M    M  9.0 21 310   M    M  10 18     29 320
17  27  15  21  -2  44   0    T    M    M  5.0 12 290   M    M   8 8      19 290
18  28  12  20  -3  45   0 0.00  0.0    M  0.5  5 350   M    M   6 18      7  60
19  31  25  28   6  37   0 0.00  0.0    M  1.3  7 210   M    M  10 8       9 210
20  33  29  31   9  34   0    T    M    M  0.6  6 180   M    M  10 18     10 160
21  39  32  36  14  29   0 0.00  0.0    M  5.9 14 200   M    M  10 18     20 170
22  39  35  37  15  28   0 0.10    M    M  4.9 10  80   M    M  10 18     16 140
23  42  36  39  18  26   0 0.31    M    M  3.5 12 230   M    M  10 1      15 220
================================================================================
SM  831  565       793   0  0.89    T     83.6          M      179
================================================================================
AV 36.1 24.6                               3.6 FASTST   M    M   8    MAX(MPH)
                                 MISC ---->  # 21 310               # 29  320
================================================================================
NOTES:
# LAST OF SEVERAL OCCURRENCES

COLUMN 17 PEAK WIND IN M.P.H.

PRELIMINARY LOCAL CLIMATOLOGICAL DATA (WS FORM: F-6) , PAGE 2

                                          STATION:  BOSCOBEL_(ASOS) WI
                                          MONTH:    DECEMBER
                                          YEAR:     2014
                                          LATITUDE:   43  9 N
                                          LONGITUDE:  90 41 W

[TEMPERATURE DATA]      [PRECIPITATION DATA]       SYMBOLS USED IN COLUMN 16

AVERAGE MONTHLY: 30.3   TOTAL FOR MONTH:   0.89    1 = FOG OR MIST
DPTR FM NORMAL:   5.8   DPTR FM NORMAL:   -0.24    2 = FOG REDUCING VISIBILITY
HIGHEST:    50 ON 14    GRTST 24HR  0.41 ON 22-23      TO 1/4 MILE OR LESS
LOWEST:      1 ON  1                               3 = THUNDER
                        SNOW, ICE PELLETS, HAIL    4 = ICE PELLETS
                        TOTAL MONTH:    T          5 = HAIL
                        GRTST 24HR    T  ON  8- 8  6 = FREEZING RAIN OR DRIZZLE
                        GRTST DEPTH:   0           7 = DUSTSTORM OR SANDSTORM:
                                                       VSBY 1/2 MILE OR LESS
                                                   8 = SMOKE OR HAZE
[NO. OF DAYS WITH]      [WEATHER - DAYS WITH]      9 = BLOWING SNOW
                                                   X = TORNADO
MAX 32 OR BELOW:   7    0.01 INCH OR MORE:   6
MAX 90 OR ABOVE:   0    0.10 INCH OR MORE:   4
MIN 32 OR BELOW:  19    0.50 INCH OR MORE:   0
MIN  0 OR BELOW:   0    1.00 INCH OR MORE:   0

[HDD (BASE 65) ]
TOTAL THIS MO.   793    CLEAR  (SCALE 0-3)   4
DPTR FM NORMAL  -137    PTCLDY (SCALE 4-7)   4
TOTAL FM JUL 1  2424    CLOUDY (SCALE 8-10) 15
DPTR FM NORMAL   -24

[CDD (BASE 65) ]
TOTAL THIS MO.     0
DPTR FM NORMAL     0    [PRESSURE DATA]
TOTAL FM JAN 1   726    HIGHEST SLP M ON M
DPTR FM NORMAL    90    LOWEST  SLP 29.50 ON 23

[REMARKS]
