000
CXUS55 KPAH 290630
CF6OWB
PRELIMINARY LOCAL CLIMATOLOGICAL DATA (WS FORM: F-6)

                                          STATION:   OWENSBORO KY
                                          MONTH:     JUNE
                                          YEAR:      2015
                                          LATITUDE:   37 45 N
                                          LONGITUDE:  87 10 W

  TEMPERATURE IN F:       :PCPN:    SNOW:  WIND      :SUNSHINE: SKY     :PK WND
================================================================================
1   2   3   4   5  6A  6B    7    8   9   10  11  12  13   14  15   16   17  18
                                     12Z  AVG MX 2MIN
DY MAX MIN AVG DEP HDD CDD  WTR  SNW DPTH SPD SPD DIR MIN PSBL S-S WX    SPD DR
================================================================================

 1  63  58  61 -11   4   0 0.34  0.0    0  7.4 12  20   M    M  10 1      16  40
 2  67  59  63 -10   2   0 0.00  0.0    0  4.9 12  80   M    M   9 18     13  40
 3  69  56  63 -10   2   0 0.00  0.0    0  4.6  9  90   M    M   6 1      14  90
 4  83  53  68  -5   0   3    T  0.0    0  2.2 10 300   M    M   1 128    14 300
 5  87  62  75   1   0  10    T  0.0    0  3.8  8 210   M    M   2         M  M
 6  87  69  78   4   0  13 0.00  0.0    0  4.2  9  60   M    M   1         M  M
 7  91  68  80   6   0  15 0.00  0.0    0 10.1 17 220   M    M   1        23 220
 8  81  68  75   0   0  10 0.34  0.0    0  7.2 13 170   M    M   5 13     17  30
 9  90  68  79   4   0  14 0.00  0.0    0  5.1 12 310   M    M   2 1       M  M
10  93  65  79   4   0  14 0.00  0.0    0  3.8 10 230   M    M   1 1       M  M
11  94  70  82   6   0  17    T  0.0    0  8.3 13 230   M    M   1 1      20 210
12  93  74  84   8   0  19 0.00  0.0    0 11.4 22 230   M    M   2        28 220
13  89  73  81   5   0  16    T  0.0    0  9.9 22 200   M    M   2        24 190
14  90  74  82   6   0  17    T  0.0    0 10.3 17 210   M    M   2        21 210
15  93  74  84   7   0  19 0.00  0.0    0  9.3 21 230   M    M   2 8      24 230
16  91  73  82   5   0  17 1.56  0.0    0  6.8 25 210   M    M   4 3      30 200
17  91  72  82   5   0  17 0.80  0.0    0  6.2 22 320   M    M   4 13     25 320
18  92  73  83   5   0  18 0.03  0.0    0  5.6 20 320   M    M   2 13     16 320
19  86  73  80   2   0  15 1.01  0.0    0  8.9 16 140   M    M   6 13     24 140
20  84  73  79   1   0  14 1.19  0.0    0 11.4 21 300   M    M   7 1      25 150
21  91  70  81   3   0  16 2.04  0.0    0  6.5 24 150   M    M   1 13     28 160
22  91  71  81   2   0  16 0.00  0.0    0 10.5 16 210   M    M   4        20 210
23  92  76  84   5   0  19 0.00  0.0    0  9.2 18 320   M    M   3 8      20 320
24  86  70  78  -1   0  13 0.00  0.0    0  4.7 10 180   M    M   1        15 350
25  92  70  81   2   0  16    T  0.0    0  7.2 23 300   M    M   1 3      30 310
26  87  71  79   0   0  14 0.59  0.0    0  6.7 27 270   M    M   4 13     38 180
27  80  66  73  -7   0   8    T  0.0    0  9.0 18 320   M    M   6 1      22 320
28  83  58  71  -9   0   6    T  0.0    0  5.7 14 210   M    M   2        16 230
================================================================================
SM 2416 1907         8 356  7.90     0.0 200.9          M       92
================================================================================
AV 86.3 68.1                               7.2 FASTST   M    M   3    MAX(MPH)
                                 MISC ---->  # 27 270               # 38  180
================================================================================
NOTES:
# LAST OF SEVERAL OCCURRENCES

COLUMN 17 PEAK WIND IN M.P.H.

PRELIMINARY LOCAL CLIMATOLOGICAL DATA (WS FORM: F-6) , PAGE 2

                                          STATION:  OWENSBORO KY
                                          MONTH:    JUNE
                                          YEAR:     2015
                                          LATITUDE:   37 45 N
                                          LONGITUDE:  87 10 W

[TEMPERATURE DATA]      [PRECIPITATION DATA]       SYMBOLS USED IN COLUMN 16

AVERAGE MONTHLY: 77.2   TOTAL FOR MONTH:   7.90    1 = FOG OR MIST
DPTR FM NORMAL:   0.8   DPTR FM NORMAL:    5.06    2 = FOG REDUCING VISIBILITY
HIGHEST:    94 ON 11    GRTST 24HR  2.04 ON 21-21      TO 1/4 MILE OR LESS
LOWEST:     53 ON  4                               3 = THUNDER
                        SNOW, ICE PELLETS, HAIL    4 = ICE PELLETS
                        TOTAL MONTH:   0.0 INCH    5 = HAIL
                        GRTST 24HR     0.0         6 = FREEZING RAIN OR DRIZZLE
                        GRTST DEPTH:   0           7 = DUSTSTORM OR SANDSTORM:
                                                       VSBY 1/2 MILE OR LESS
                                                   8 = SMOKE OR HAZE
[NO. OF DAYS WITH]      [WEATHER - DAYS WITH]      9 = BLOWING SNOW
                                                   X = TORNADO
MAX 32 OR BELOW:   0    0.01 INCH OR MORE:   9
MAX 90 OR ABOVE:  14    0.10 INCH OR MORE:   8
MIN 32 OR BELOW:   0    0.50 INCH OR MORE:   6
MIN  0 OR BELOW:   0    1.00 INCH OR MORE:   4

[HDD (BASE 65) ]
TOTAL THIS MO.     8    CLEAR  (SCALE 0-3)  17
DPTR FM NORMAL     6    PTCLDY (SCALE 4-7)   9
TOTAL FM JUL 1  4600    CLOUDY (SCALE 8-10)  2
DPTR FM NORMAL   729

[CDD (BASE 65) ]
TOTAL THIS MO.   356
DPTR FM NORMAL    31    [PRESSURE DATA]
TOTAL FM JAN 1   581    HIGHEST SLP M ON M
DPTR FM NORMAL    55    LOWEST  SLP M ON M

[REMARKS]
