000
CXUS56 KLKN 191009
CF6P68
PRELIMINARY LOCAL CLIMATOLOGICAL DATA (WS FORM: F-6)

                                          STATION:   EUREKA AIRPORT NV
                                          MONTH:     DECEMBER
                                          YEAR:      2014
                                          LATITUDE:   39 30 N
                                          LONGITUDE: 115 58 W

  TEMPERATURE IN F:       :PCPN:    SNOW:  WIND      :SUNSHINE: SKY     :PK WND
================================================================================
1   2   3   4   5  6A  6B    7    8   9   10  11  12  13   14  15   16   17  18
                                     12Z  AVG MX 2MIN
DY MAX MIN AVG DEP HDD CDD  WTR  SNW DPTH SPD SPD DIR MIN PSBL S-S WX    SPD DR
================================================================================

 1  56  25  41  13  24   0 0.00    M    M  4.3 13 160   M    M   M        15 130
 2  42  21  32   4  33   0 0.08    M    M  7.8 29 150   M    M   M        37 140
 3  50  35  43  15  22   0 0.00    M    M 10.5 21 200   M    M   M        25 180
 4  54  27  41  14  24   0 0.00    M    M  3.6 10 360   M    M   M        13 360
 5  50  26  38  11  27   0 0.00    M    M  7.0 20 160   M    M   M        24 170
 6  54  26  40  13  25   0 0.00    M    M  5.4 17 200   M    M   M        22 200
 7  53  24  39  13  26   0 0.00    M    M  6.8 16 150   M    M   M        18 150
 8  57  23  40  14  25   0 0.00    M    M  4.3 10 250   M    M   M        12 210
 9  55  18  37  11  28   0 0.00    M    M  5.6 12 180   M    M   M        13 200
10  56  19  38  12  27   0 0.00    M    M  8.2 24 140   M    M   M        29 150
11  52  43  48  23  17   0 0.00    M    M 17.6 37 160   M    M   M        50 150
12  46  33  40  15  25   0 0.16    M    M 19.2 47 160   M    M   M        60 160
13  36  27  32   7  33   0 0.03    M    M  3.4 12  10   M    M   M        14  10
14  33  21  27   2  38   0 0.02    M    M  2.8  8 140   M    M   M         9 140
15  35  17  26   2  39   0 0.00    M    M  9.2 33 160   M    M   M        42 160
16  41  21  31   7  34   0 0.01    M    M  5.4 15 170   M    M   M        19 140
17  40  17  29   5  36   0 0.00    M    M  3.4  9 190   M    M   M        10 190
18  42  24  33   9  32   0 0.00    M    M  5.6 13 200   M    M   M        15 270
================================================================================
SM  852  447       515   0  0.30    M    130.1          M        M
================================================================================
AV 47.3 24.8                               7.2 FASTST   M    M   4    MAX(MPH)
                                 MISC ---->  # 47 160               # 60  160
================================================================================
NOTES:
# LAST OF SEVERAL OCCURRENCES

COLUMN 17 PEAK WIND IN M.P.H.

PRELIMINARY LOCAL CLIMATOLOGICAL DATA (WS FORM: F-6) , PAGE 2

                                          STATION:  EUREKA AIRPORT NV
                                          MONTH:    DECEMBER
                                          YEAR:     2014
                                          LATITUDE:   39 30 N
                                          LONGITUDE: 115 58 W

[TEMPERATURE DATA]      [PRECIPITATION DATA]       SYMBOLS USED IN COLUMN 16

AVERAGE MONTHLY: 36.1   TOTAL FOR MONTH:   0.30    1 = FOG OR MIST
DPTR FM NORMAL:  10.2   DPTR FM NORMAL:   -0.04    2 = FOG REDUCING VISIBILITY
HIGHEST:    57 ON  8    GRTST 24HR  0.19 ON 12-13      TO 1/4 MILE OR LESS
LOWEST:     17 ON 17,15                            3 = THUNDER
                        SNOW, ICE PELLETS, HAIL    4 = ICE PELLETS
                        TOTAL MONTH:    M          5 = HAIL
                        GRTST 24HR    M  ON   M    6 = FREEZING RAIN OR DRIZZLE
                        GRTST DEPTH:  M  ON   M    7 = DUSTSTORM OR SANDSTORM:
                                                       VSBY 1/2 MILE OR LESS
                                                   8 = SMOKE OR HAZE
[NO. OF DAYS WITH]      [WEATHER - DAYS WITH]      9 = BLOWING SNOW
                                                   X = TORNADO
MAX 32 OR BELOW:   0    0.01 INCH OR MORE:   5
MAX 90 OR ABOVE:   0    0.10 INCH OR MORE:   1
MIN 32 OR BELOW:  15    0.50 INCH OR MORE:   0
MIN  0 OR BELOW:   0    1.00 INCH OR MORE:   0

[HDD (BASE 65) ]
TOTAL THIS MO.   515    CLEAR  (SCALE 0-3)   0
DPTR FM NORMAL  -190    PTCLDY (SCALE 4-7)   0
TOTAL FM JUL 1  1855    CLOUDY (SCALE 8-10)  0
DPTR FM NORMAL  -609

[CDD (BASE 65) ]
TOTAL THIS MO.     0
DPTR FM NORMAL     0    [PRESSURE DATA]
TOTAL FM JAN 1   436    HIGHEST SLP M ON M
DPTR FM NORMAL   148    LOWEST  SLP 29.61 ON 11

[REMARKS]
