000
CXUS56 KLKN 241009
CF6P68
PRELIMINARY LOCAL CLIMATOLOGICAL DATA (WS FORM: F-6)

                                          STATION:   EUREKA AIRPORT NV
                                          MONTH:     JANUARY
                                          YEAR:      2018
                                          LATITUDE:   39 30 N
                                          LONGITUDE: 115 58 W

  TEMPERATURE IN F:       :PCPN:    SNOW:  WIND      :SUNSHINE: SKY     :PK WND
================================================================================
1   2   3   4   5  6A  6B    7    8   9   10  11  12  13   14  15   16   17  18
                                     12Z  AVG MX 2MIN
DY MAX MIN AVG DEP HDD CDD  WTR  SNW DPTH SPD SPD DIR MIN PSBL S-S WX    SPD DR
================================================================================

 1  54  23  39  16  26   0 0.00    M    M  5.6 13 210   M    M   M        15 210
 2  48  18  33  10  32   0 0.00    M    M  3.2 12 210   M    M   M        13 210
 3  52  20  36  13  29   0 0.00    M    M  3.5  9 190   M    M   M        11 210
 4  58  22  40  17  25   0 0.00    M    M  4.3 12 200   M    M   M        13 200
 5  54  22  38  15  27   0 0.00    M    M  5.1 12 200   M    M   M        14 210
 6  44  25  35  12  30   0 0.11    M    M  4.0 15 330   M    M   M        18 330
 7  47  20  34  11  31   0 0.00    M    M  4.1 10 230   M    M   M        13 210
 8  41  27  34  11  31   0 0.00    M    M 12.4 28 170   M    M   M        33 150
 9  44  36  40  17  25   0 0.00    M    M 12.4 24 160   M    M   M        32 170
10  44  31  38  15  27   0 0.01    M    M  7.6 23 300   M    M   M        29 290
11  52  27  40  17  25   0 0.00    M    M  6.9 20 260   M    M   M        27 260
12  49  22  36  13  29   0 0.00    M    M  4.5 13  30   M    M   M        17  30
13  50  18  34  11  31   0 0.00    M    M  4.2  9  30   M    M   M        12 350
14  53  19  36  13  29   0 0.00    M    M  3.9  9 190   M    M   M        10 220
15  54  22  38  14  27   0 0.00    M    M  4.6  9  20   M    M   M        12  20
16  51  23  37  13  28   0 0.00    M    M  4.6 12  40   M    M   M        13  50
17  50  19  35  11  30   0 0.00    M    M  5.3 10 210   M    M   M        12 210
18  56  31  44  20  21   0 0.00    M    M 10.9 23 150   M    M   M        32 150
19  47  23  35  11  30   0 0.45    M    M  7.3 24 200   M    M   M        31 200
20  29   9  19  -5  46   0 0.05    M    M  5.9 17 340   M    M   M        21 340
21  31   3  17  -7  48   0 0.00    M    M  3.6  9 190   M    M   M        10 320
22  36  11  24   0  41   0 0.04    M    M  4.5 13 200   M    M   M        14 220
23  39   8  24   0  41   0 0.00    M    M  5.6 13 210   M    M   M        14 210
================================================================================
SM 1083  479       709   0  0.66    M    134.0          M        M
================================================================================
AV 47.1 20.8                               5.8 FASTST   M    M   2    MAX(MPH)
                                 MISC ---->  # 28 170               # 33  150
================================================================================
NOTES:
# LAST OF SEVERAL OCCURRENCES

COLUMN 17 PEAK WIND IN M.P.H.

PRELIMINARY LOCAL CLIMATOLOGICAL DATA (WS FORM: F-6) , PAGE 2

                                          STATION:  EUREKA AIRPORT NV
                                          MONTH:    JANUARY
                                          YEAR:     2018
                                          LATITUDE:   39 30 N
                                          LONGITUDE: 115 58 W

[TEMPERATURE DATA]      [PRECIPITATION DATA]       SYMBOLS USED IN COLUMN 16

AVERAGE MONTHLY: 34.0   TOTAL FOR MONTH:   0.66    1 = FOG OR MIST
DPTR FM NORMAL:  10.6   DPTR FM NORMAL:    0.12    2 = FOG REDUCING VISIBILITY
HIGHEST:    58 ON  4    GRTST 24HR  0.45 ON 19-19      TO 1/4 MILE OR LESS
LOWEST:      3 ON 21                               3 = THUNDER
                        SNOW, ICE PELLETS, HAIL    4 = ICE PELLETS
                        TOTAL MONTH:    M          5 = HAIL
                        GRTST 24HR    M  ON   M    6 = FREEZING RAIN OR DRIZZLE
                        GRTST DEPTH:  M  ON   M    7 = DUSTSTORM OR SANDSTORM:
                                                       VSBY 1/2 MILE OR LESS
                                                   8 = SMOKE OR HAZE
[NO. OF DAYS WITH]      [WEATHER - DAYS WITH]      9 = BLOWING SNOW
                                                   X = TORNADO
MAX 32 OR BELOW:   2    0.01 INCH OR MORE:   5
MAX 90 OR ABOVE:   0    0.10 INCH OR MORE:   2
MIN 32 OR BELOW:  22    0.50 INCH OR MORE:   0
MIN  0 OR BELOW:   0    1.00 INCH OR MORE:   0

[HDD (BASE 65) ]
TOTAL THIS MO.   709    CLEAR  (SCALE 0-3)   0
DPTR FM NORMAL  -249    PTCLDY (SCALE 4-7)   0
TOTAL FM JUL 1  3385    CLOUDY (SCALE 8-10)  0
DPTR FM NORMAL  -579

[CDD (BASE 65) ]
TOTAL THIS MO.     0
DPTR FM NORMAL     0    [PRESSURE DATA]
TOTAL FM JAN 1     0    HIGHEST SLP M ON M
DPTR FM NORMAL     0    LOWEST  SLP 29.63 ON  9

[REMARKS]
