000
CXUS53 KPAH 240931
CF6PAH
PRELIMINARY LOCAL CLIMATOLOGICAL DATA (WS FORM: F-6)

                                          STATION:   PADUCAH KY
                                          MONTH:     MAY
                                          YEAR:      2017
                                          LATITUDE:   37  4 N
                                          LONGITUDE:  88 46 W

  TEMPERATURE IN F:       :PCPN:    SNOW:  WIND      :SUNSHINE: SKY     :PK WND
================================================================================
1   2   3   4   5  6A  6B    7    8   9   10  11  12  13   14  15   16   17  18
                                     12Z  AVG MX 2MIN
DY MAX MIN AVG DEP HDD CDD  WTR  SNW DPTH SPD SPD DIR MIN PSBL S-S WX    SPD DR
================================================================================

 1  59  53  56  -7   9   0 0.00  0.0    0 14.5 28 240   M    M   7        40 240
 2  76  46  61  -2   4   0 0.00  0.0    0  9.1 23 280   M    M   0        29 280
 3  67  51  59  -5   6   0 0.72  0.0    0 11.1 18  80   M    M   7 13     25 100
 4  56  48  52 -12  13   0 1.10  0.0    0 10.3 20 350   M    M  10 13     25 340
 5  66  46  56  -8   9   0 0.62    M    0 14.4 30 360   M    M   5 1      40 360
 6  76  45  61  -3   4   0 0.00  0.0    0 10.0 25 350   M    M   1        35 360
 7  73  43  58  -7   7   0 0.00  0.0    0  4.6 15 270   M    M   1        20 240
 8  81  49  65   0   0   0 0.00  0.0    0  5.6 14 240   M    M   0 8      20 260
 9  84  61  73   8   0   8 0.00  0.0    0  9.3 20 230   M    M   0        26 240
10  84  63  74   8   0   9 0.00  0.0    0  7.8 17 240   M    M   1        21 240
11  86  65  76  10   0  11 1.03  0.0    0  9.5 21 240   M    M   3 13     26 230
12  68  54  61  -5   4   0 0.07  0.0    0  7.2 16  50   M    M   7 18     20  20
13  78  50  64  -2   1   0 0.00  0.0    0  3.5 15  40   M    M   0 1      19  40
14  81  52  67   0   0   2 0.00  0.0    0  4.0 12 220   M    M   0        18 210
15  85  56  71   4   0   6 0.00  0.0    0  3.4 13 240   M    M   0 18     16 210
16  87  62  75   8   0  10 0.00  0.0    0  7.9 18 230   M    M   2        26 240
17  84  71  78  11   0  13 0.02  0.0    0  9.7 25 170   M    M   3 3      35 160
18  87  71  79  11   0  14    T  0.0    0  6.9 17 240   M    M   5        24 250
19  87  72  80  12   0  15 0.00  0.0    0  6.4 17 270   M    M   1        26 280
20  83  71  77   9   0  12    T  0.0    0  6.9 17 250   M    M   2 3      25 250
21  78  60  69   1   0   4 0.00  0.0    0  6.7 16 270   M    M   2        22 270
22  76  52  64  -5   1   0 0.00  0.0    0  2.5 12  80   M    M   0        15 110
23  77  55  66  -3   0   1    T  0.0    0  2.9 12 330   M    M   4        16 330
================================================================================
SM 1779 1296        58 105  3.56     0.0 174.2          M       61
================================================================================
AV 77.4 56.4                               7.6 FASTST   M    M   3    MAX(MPH)
                                 MISC ---->  # 30 360               # 40  240
================================================================================
NOTES:
# LAST OF SEVERAL OCCURRENCES

COLUMN 17 PEAK WIND IN M.P.H.

PRELIMINARY LOCAL CLIMATOLOGICAL DATA (WS FORM: F-6) , PAGE 2

                                          STATION:  PADUCAH KY
                                          MONTH:    MAY
                                          YEAR:     2017
                                          LATITUDE:   37  4 N
                                          LONGITUDE:  88 46 W

[TEMPERATURE DATA]      [PRECIPITATION DATA]       SYMBOLS USED IN COLUMN 16

AVERAGE MONTHLY: 66.9   TOTAL FOR MONTH:   3.56    1 = FOG OR MIST
DPTR FM NORMAL:   0.8   DPTR FM NORMAL:   -0.22    2 = FOG REDUCING VISIBILITY
HIGHEST:    87 ON 19,18 GRTST 24HR  2.77 ON 30- 1      TO 1/4 MILE OR LESS
LOWEST:     43 ON  7                               3 = THUNDER
                        SNOW, ICE PELLETS, HAIL    4 = ICE PELLETS
                        TOTAL MONTH:   0.0 INCH    5 = HAIL
                        GRTST 24HR     0.0         6 = FREEZING RAIN OR DRIZZLE
                        GRTST DEPTH:   0           7 = DUSTSTORM OR SANDSTORM:
                                                       VSBY 1/2 MILE OR LESS
                                                   8 = SMOKE OR HAZE
[NO. OF DAYS WITH]      [WEATHER - DAYS WITH]      9 = BLOWING SNOW
                                                   X = TORNADO
MAX 32 OR BELOW:   0    0.01 INCH OR MORE:   6
MAX 90 OR ABOVE:   0    0.10 INCH OR MORE:   4
MIN 32 OR BELOW:   0    0.50 INCH OR MORE:   4
MIN  0 OR BELOW:   0    1.00 INCH OR MORE:   2

[HDD (BASE 65) ]
TOTAL THIS MO.    58    CLEAR  (SCALE 0-3)  16
DPTR FM NORMAL     1    PTCLDY (SCALE 4-7)   6
TOTAL FM JUL 1  3077    CLOUDY (SCALE 8-10)  1
DPTR FM NORMAL -1044

[CDD (BASE 65) ]
TOTAL THIS MO.   105
DPTR FM NORMAL    25    [PRESSURE DATA]
TOTAL FM JAN 1   181    HIGHEST SLP M ON M
DPTR FM NORMAL    59    LOWEST  SLP 29.53 ON  4

[REMARKS]
