000
CXUS51 KBTV 280700
CF6PBG
PRELIMINARY LOCAL CLIMATOLOGICAL DATA (WS FORM: F-6)

                                          STATION:   PLATTSBURGH NY
                                          MONTH:     FEBRUARY
                                          YEAR:      2015
                                          LATITUDE:   44 39 N
                                          LONGITUDE:  73 28 W

  TEMPERATURE IN F:       :PCPN:    SNOW:  WIND      :SUNSHINE: SKY     :PK WND
================================================================================
1   2   3   4   5  6A  6B    7    8   9   10  11  12  13   14  15   16   17  18
                                     12Z  AVG MX 2MIN
DY MAX MIN AVG DEP HDD CDD  WTR  SNW DPTH SPD SPD DIR MIN PSBL S-S WX    SPD DR
================================================================================

 1  12  -6   3 -14  62   0    T    M    0  8.1 17  40   M    M   3 1      22  40
 2   0  -6  -3 -20  68   0    M    M    0 12.0 20 340   M    M   9 12     23 350
 3  15 -19  -2 -19  67   0    T    M    0  4.4 21 150   M    M   5 8      24 150
 4  27  11  19   1  46   0 0.03    M    0  8.4 21 150   M    M   9 1      26 160
 5  24 -12   6 -12  59   0    T    M    0  8.8 22 350   M    M   4 18     26 360
 6  17 -20  -1 -19  66   0    T    M    0  5.1 20 150   M    M   8 189    23 170
 7  18   8  13  -5  52   0    T    M    0  7.9 14 330   M    M  10 18     17 320
 8   9   2   6 -13  59   0 0.12    M    0 11.0 16 350   M    M  10 18     19 360
 9  15   8  12  -7  53   0 0.01    M    0  6.5 15 350   M    M  10 18     18 350
10  18  -4   7 -12  58   0 0.00  0.0    0  4.1 12  40   M    M   7        14  10
11  12  -7   3 -17  62   0 0.00  0.0    0  4.3 17 340   M    M   3 18     20 340
12  20   3  12  -8  53   0 0.01    M    0  6.9 18 290   M    M  10 19     30 280
13   3 -17  -7 -27  72   0    T    M    0  5.6 17 280   M    M   1        24 270
14  17 -17   0 -20  65   0    T    M    0  7.2 18 150   M    M  10 18     23 150
15   8  -7   1 -20  64   0 0.01    M    0 17.8 31 360   M    M   6 189    39 360
16  12 -14  -1 -22  66   0 0.00    M    0  5.3 16 310   M    M   1        23 300
17  10 -21  -5 -27  70   0 0.00  0.0    0  1.6  7 100   M    M   6         9  80
18  22 -15   4 -18  61   0    T    M    0  4.7 14 130   M    M   4 1      17 140
19  18   0   9 -13  56   0 0.03    M    0  7.0 22 290   M    M  10 189    37 290
20  16  -3   7 -16  58   0    T    M    0  7.6 16 310   M    M   5        26 230
21  20  -9   6 -17  59   0    T    M    0  7.8 22 150   M    M   7 12     29 160
22  35  17  26   3  39   0    T    M    0  4.0 13 140   M    M   8 8      19 220
23  26 -21   3 -21  62   0    T    M    0  9.8 21 330   M    M   2        32 320
24  17 -21  -2 -26  67   0 0.00  0.0    0  9.6 23 150   M    M   2        31 160
25  28   7  18  -6  47   0    T    M    0  7.7 18 280   M    M   6        29 280
26  11  -2   5 -20  60   0 0.00  0.0    0  4.3 14 330   M    M   2 8      19  90
27  15 -12   2 -23  63   0 0.00    M    0  3.7 12 150   M    M   1        16 230
================================================================================
SM  445 -177      1614   0  0.21     0.0 191.2          M      159
================================================================================
AV 16.5 -6.6                               7.1 FASTST   M    M   6    MAX(MPH)
                                 MISC ---->  # 31 360               # 39  360
================================================================================
NOTES:
# LAST OF SEVERAL OCCURRENCES

COLUMN 17 PEAK WIND IN M.P.H.

PRELIMINARY LOCAL CLIMATOLOGICAL DATA (WS FORM: F-6) , PAGE 2

                                          STATION:  PLATTSBURGH NY
                                          MONTH:    FEBRUARY
                                          YEAR:     2015
                                          LATITUDE:   44 39 N
                                          LONGITUDE:  73 28 W

[TEMPERATURE DATA]      [PRECIPITATION DATA]       SYMBOLS USED IN COLUMN 16

AVERAGE MONTHLY:  5.0   TOTAL FOR MONTH:   0.21    1 = FOG OR MIST
DPTR FM NORMAL: -15.7   DPTR FM NORMAL:       M    2 = FOG REDUCING VISIBILITY
HIGHEST:    35 ON 22    GRTST 24HR  0.13 ON  8- 9      TO 1/4 MILE OR LESS
LOWEST:    -21 ON 24,23                            3 = THUNDER
                        SNOW, ICE PELLETS, HAIL    4 = ICE PELLETS
                        TOTAL MONTH:   0.0 INCH    5 = HAIL
                        GRTST 24HR     0.0         6 = FREEZING RAIN OR DRIZZLE
                        GRTST DEPTH:   0           7 = DUSTSTORM OR SANDSTORM:
                                                       VSBY 1/2 MILE OR LESS
                                                   8 = SMOKE OR HAZE
[NO. OF DAYS WITH]      [WEATHER - DAYS WITH]      9 = BLOWING SNOW
                                                   X = TORNADO
MAX 32 OR BELOW:  26    0.01 INCH OR MORE:   6
MAX 90 OR ABOVE:   0    0.10 INCH OR MORE:   1
MIN 32 OR BELOW:  27    0.50 INCH OR MORE:   0
MIN  0 OR BELOW:  20    1.00 INCH OR MORE:   0

[HDD (BASE 65) ]
TOTAL THIS MO.  1614    CLEAR  (SCALE 0-3)   7
DPTR FM NORMAL   419    PTCLDY (SCALE 4-7)  12
TOTAL FM JUL 1  5855    CLOUDY (SCALE 8-10)  8
DPTR FM NORMAL   284

[CDD (BASE 65) ]
TOTAL THIS MO.     0
DPTR FM NORMAL     0    [PRESSURE DATA]
TOTAL FM JAN 1     0    HIGHEST SLP M ON M
DPTR FM NORMAL     0    LOWEST  SLP 29.51 ON 15

[REMARKS]
