000
CXUS52 KMFL 011000
CF6PBI
PRELIMINARY LOCAL CLIMATOLOGICAL DATA (WS FORM: F-6)

                                          STATION:   WEST PALM BEACH
                                          MONTH:     JUNE
                                          YEAR:      2015
                                          LATITUDE:   26 40 N
                                          LONGITUDE:  80  7 W

  TEMPERATURE IN F:       :PCPN:    SNOW:  WIND      :SUNSHINE: SKY     :PK WND
================================================================================
1   2   3   4   5  6A  6B    7    8   9   10  11  12  13   14  15   16   17  18
                                     12Z  AVG MX 2MIN
DY MAX MIN AVG DEP HDD CDD  WTR  SNW DPTH SPD SPD DIR MIN PSBL S-S WX    SPD DR
================================================================================

 1  89  74  82   2   0  17 0.00  0.0    0  6.8 17 110   M    M   6        25 130
 2  85  71  78  -3   0  13 0.40  0.0    0  6.3 17 190   M    M   8 1      21 190
 3  84  70  77  -4   0  12 1.25  0.0    0  7.5 18 140   M    M   7 1      22 130
 4  87  71  79  -2   0  14 0.00  0.0    0  6.8 16  50   M    M   5        20  50
 5  86  74  80  -1   0  15 0.00  0.0    0  7.9 17  40   M    M   6        22  40
 6  87  74  81   0   0  16 0.00  0.0    0  6.1 17  50   M    M   8        21  50
 7  85  72  79  -2   0  14 0.22  0.0    0  8.2 18  80   M    M   5 1      22  80
 8  87  73  80  -1   0  15 0.00  0.0    0  8.0 16 100   M    M   5        21 110
 9  88  74  81   0   0  16 0.02  0.0    0  6.2 22 130   M    M   4 3      28 110
10  90  71  81   0   0  16 0.36  0.0    0  7.7 24 140   M    M   7 13     32 140
11  89  71  80  -1   0  15    T  0.0    0 10.4 23 250   M    M   7        28 250
12  89  81  85   4   0  20 0.00  0.0    0 13.0 21 100   M    M   6        27 100
13  88  81  85   4   0  20 0.00  0.0    0 13.7 18 100   M    M   7        25 110
14  88  80  84   3   0  19 0.01  0.0    0 12.7 18 110   M    M   7        24 100
15  90  80  85   4   0  20 0.00  0.0    0 10.6 17 120   M    M   4        25 140
16  89  77  83   2   0  18 0.00  0.0    0  8.1 14 110   M    M   4        20 110
17  90  80  85   3   0  20 0.00  0.0    0  9.0 15 110   M    M   3        21 130
18  92  80  86   4   0  21 0.00  0.0    0  9.4 15 140   M    M   4        23 130
19  91  77  84   2   0  19 0.00  0.0    0  6.7 15 140   M    M   3        19 150
20  92  77  85   3   0  20 0.00  0.0    0  7.0 17 110   M    M   4        22 110
21  91  76  84   2   0  19 0.00  0.0    0  6.4 16 100   M    M   4        22  80
22  92  76  84   2   0  19 0.00  0.0    0  8.1 16 110   M    M   5        20 120
23  93  82  88   6   0  23 0.00  0.0    0 11.6 21 140   M    M   6        25 140
24  92  81  87   5   0  22    T  0.0    0  9.1 16 130   M    M   6        21 120
25  92  78  85   3   0  20 0.04  0.0    0  7.4 17 130   M    M   7 3      22 140
26  90  78  84   2   0  19 0.15  0.0    0  6.6 17 180   M    M   6 3      23 190
27  90  76  83   1   0  18 0.33  0.0    0  6.7 26 210   M    M   6 138    34 210
28  90  76  83   1   0  18 0.21  0.0    0  7.4 18 150   M    M   5 3      21 150
29  94  74  84   2   0  19 1.00  0.0    0  6.2 30 350   M    M   6 13     36 320
30  93  72  83   1   0  18 0.03  0.0    0  7.4 32 330   M    M   7 13     42 330
================================================================================
SM 2683 2277         0 535  4.02     0.0 249.0          M      168
================================================================================
AV 89.4 75.9                               8.3 FASTST   M    M   6    MAX(MPH)
                                 MISC ---->  # 32 330               # 42  330
================================================================================
NOTES:
# LAST OF SEVERAL OCCURRENCES

COLUMN 17 PEAK WIND IN M.P.H.

PRELIMINARY LOCAL CLIMATOLOGICAL DATA (WS FORM: F-6) , PAGE 2

                                          STATION:  WEST PALM BEACH
                                          MONTH:    JUNE
                                          YEAR:     2015
                                          LATITUDE:   26 40 N
                                          LONGITUDE:  80  7 W

[TEMPERATURE DATA]      [PRECIPITATION DATA]       SYMBOLS USED IN COLUMN 16

AVERAGE MONTHLY: 82.7   TOTAL FOR MONTH:   4.02    1 = FOG OR MIST
DPTR FM NORMAL:   1.3   DPTR FM NORMAL:   -4.28    2 = FOG REDUCING VISIBILITY
HIGHEST:    94 ON 29    GRTST 24HR  1.65 ON  2- 3      TO 1/4 MILE OR LESS
LOWEST:     70 ON  3                               3 = THUNDER
                        SNOW, ICE PELLETS, HAIL    4 = ICE PELLETS
                        TOTAL MONTH:   0.0 INCH    5 = HAIL
                        GRTST 24HR     0.0         6 = FREEZING RAIN OR DRIZZLE
                        GRTST DEPTH:   0           7 = DUSTSTORM OR SANDSTORM:
                                                       VSBY 1/2 MILE OR LESS
                                                   8 = SMOKE OR HAZE
[NO. OF DAYS WITH]      [WEATHER - DAYS WITH]      9 = BLOWING SNOW
                                                   X = TORNADO
MAX 32 OR BELOW:   0    0.01 INCH OR MORE:  12
MAX 90 OR ABOVE:  16    0.10 INCH OR MORE:   8
MIN 32 OR BELOW:   0    0.50 INCH OR MORE:   2
MIN  0 OR BELOW:   0    1.00 INCH OR MORE:   2

[HDD (BASE 65) ]
TOTAL THIS MO.     0    CLEAR  (SCALE 0-3)   0
DPTR FM NORMAL     0    PTCLDY (SCALE 4-7)  30
TOTAL FM JUL 1   126    CLOUDY (SCALE 8-10)  0
DPTR FM NORMAL  -107

[CDD (BASE 65) ]
TOTAL THIS MO.   535
DPTR FM NORMAL    45    [PRESSURE DATA]
TOTAL FM JAN 1  2069    HIGHEST SLP 30.23 ON 30
DPTR FM NORMAL   470    LOWEST  SLP 29.89 ON  3

[REMARKS]
#FINAL-06-15#
