000
CXUS52 KFFC 241110
CF6PDK
PRELIMINARY LOCAL CLIMATOLOGICAL DATA (WS FORM: F-6)

                                          STATION:   DEKALB PEACHTREE AIRPORT
                                          MONTH:     DECEMBER
                                          YEAR:      2014
                                          LATITUDE:   33 52 N
                                          LONGITUDE:  84 18 W

  TEMPERATURE IN F:       :PCPN:    SNOW:  WIND      :SUNSHINE: SKY     :PK WND
================================================================================
1   2   3   4   5  6A  6B    7    8   9   10  11  12  13   14  15   16   17  18
                                     12Z  AVG MX 2MIN
DY MAX MIN AVG DEP HDD CDD  WTR  SNW DPTH SPD SPD DIR MIN PSBL S-S WX    SPD DR
================================================================================

 1  72  39  56   8   9   0 0.00    M    M  1.4 10 240   M    M   2 18     15 230
 2  71  42  57   9   8   0 0.00  0.0    M  1.1 15 150   M    M   1 18     12 210
 3  68  48  58  11   7   0 0.00  0.0    M  2.2 10 310   M    M   4 128    21  30
 4  65  47  56   9   9   0 0.08    M    M  2.1  6  99   M    M   4 1       M  M
 5  56  52  54   7  11   0 0.00  0.0    M  4.3  9 110   M    M   9 1      15 100
 6  65  47  56   9   9   0 0.52  0.0    M  6.5 23 320   M    M   9 1      29 320
 7  61  40  51   5  14   0 0.00    M    M  6.4 17 320   M    M   0        23 330
 8  47  39  43  -3  22   0 0.00    M    M  5.0 13  70   M    M   6        26  70
 9  54  32  43  -3  22   0 0.00    M    M  9.0 22 340   M    M   6        28 310
10  48  33  41  -5  24   0 0.00    M    M 11.0 21 360   M    M   0        28 360
11  51  31  41  -4  24   0 0.00    M    M  9.0 16 310   M    M   0        22 320
12  61  27  44  -1  21   0 0.00    M    M  5.8 14 310   M    M   0        17 310
13  61  32  47   2  18   0 0.00    M    M  7.3 14 310   M    M   0        17 310
14  54  31  43  -2  22   0 0.00  0.0    M  6.6 14 290   M    M   0 18     21 270
15  62  27  45   1  20   0    T  0.0    M  1.0  7 150   M    M   2 18     17 290
16  59  43  51   7  14   0 0.09  0.0    M  9.7 20 300   M    M   4 18     26 310
17  50  37  44   0  21   0 0.00  0.0    M  8.3 15 270   M    M   0        21 280
18  53  34  44   0  21   0    T    M    M  4.4  8 310   M    M   4        12 300
19  54  36  45   2  20   0 0.02  0.0    M  4.1 10 320   M    M   1        13 320
20  50  40  45   2  20   0 0.10    M    M  2.3  7  40   M    M  10 18      8  70
21  48  44  46   3  19   0    T  0.0    M  3.6  9 100   M    M  10 18     14  90
22  47  41  44   1  21   0 0.30  0.0    M  6.4 12  60   M    M  10 1      17 100
23  51  40  46   3  19   0 1.13  0.0    M  6.0 24 270   M    M  10 13     29 280
================================================================================
SM 1308  882       395   0  2.24     0.0 123.5          M       92
================================================================================
AV 56.9 38.3                               5.4 FASTST   M    M   4    MAX(MPH)
                                 MISC ---->  # 24 270               # 29  320
================================================================================
NOTES:
# LAST OF SEVERAL OCCURRENCES

COLUMN 17 PEAK WIND IN M.P.H.

PRELIMINARY LOCAL CLIMATOLOGICAL DATA (WS FORM: F-6) , PAGE 2

                                          STATION:  DEKALB PEACHTREE AIRPORT
                                          MONTH:    DECEMBER
                                          YEAR:     2014
                                          LATITUDE:   33 52 N
                                          LONGITUDE:  84 18 W

[TEMPERATURE DATA]      [PRECIPITATION DATA]       SYMBOLS USED IN COLUMN 16

AVERAGE MONTHLY: 47.6   TOTAL FOR MONTH:   2.24    1 = FOG OR MIST
DPTR FM NORMAL:   2.4   DPTR FM NORMAL:   -1.13    2 = FOG REDUCING VISIBILITY
HIGHEST:    72 ON  1    GRTST 24HR  1.13 ON 23-23      TO 1/4 MILE OR LESS
LOWEST:     27 ON 15,12                            3 = THUNDER
                        SNOW, ICE PELLETS, HAIL    4 = ICE PELLETS
                        TOTAL MONTH:   0.0 INCH    5 = HAIL
                        GRTST 24HR     0.0         6 = FREEZING RAIN OR DRIZZLE
                        GRTST DEPTH:  M  ON   M    7 = DUSTSTORM OR SANDSTORM:
                                                       VSBY 1/2 MILE OR LESS
                                                   8 = SMOKE OR HAZE
[NO. OF DAYS WITH]      [WEATHER - DAYS WITH]      9 = BLOWING SNOW
                                                   X = TORNADO
MAX 32 OR BELOW:   0    0.01 INCH OR MORE:   7
MAX 90 OR ABOVE:   0    0.10 INCH OR MORE:   4
MIN 32 OR BELOW:   6    0.50 INCH OR MORE:   2
MIN  0 OR BELOW:   0    1.00 INCH OR MORE:   1

[HDD (BASE 65) ]
TOTAL THIS MO.   395    CLEAR  (SCALE 0-3)  11
DPTR FM NORMAL   -63    PTCLDY (SCALE 4-7)   6
TOTAL FM JUL 1  1059    CLOUDY (SCALE 8-10)  6
DPTR FM NORMAL    74

[CDD (BASE 65) ]
TOTAL THIS MO.     0
DPTR FM NORMAL     0    [PRESSURE DATA]
TOTAL FM JAN 1  1768    HIGHEST SLP  0.00 ON  4
DPTR FM NORMAL    12    LOWEST  SLP 29.76 ON 23

[REMARKS]
