000
CXUS52 KFFC 281110
CF6PDK
PRELIMINARY LOCAL CLIMATOLOGICAL DATA (WS FORM: F-6)

                                          STATION:   DEKALB PEACHTREE AIRPORT
                                          MONTH:     MARCH
                                          YEAR:      2017
                                          LATITUDE:   33 52 N
                                          LONGITUDE:  84 18 W

  TEMPERATURE IN F:       :PCPN:    SNOW:  WIND      :SUNSHINE: SKY     :PK WND
================================================================================
1   2   3   4   5  6A  6B    7    8   9   10  11  12  13   14  15   16   17  18
                                     12Z  AVG MX 2MIN
DY MAX MIN AVG DEP HDD CDD  WTR  SNW DPTH SPD SPD DIR MIN PSBL S-S WX    SPD DR
================================================================================

 1  79  56  68  19   0   3 0.24  0.0    0 12.1 28 210   M    M   7 13     38 280
 2  59  41  50   0  15   0 0.00  0.0    0 12.2 26 330   M    M   0        37 330
 3  56  31  44  -6  21   0 0.00  0.0    0  7.7 23 310   M    M   0        33 320
 4  63  27  45  -5  20   0 0.00  0.0    0  1.7  9 150   M    M   0        16 130
 5  68  31  50   0  15   0 0.00  0.0    0  4.0 14 200   M    M   2        19 140
 6  70  54  62  11   3   0    T  0.0    0  8.3 17 190   M    M   7        23 150
 7  69  53  61  10   4   0 0.38  0.0    0  8.4 20 210   M    M   6 1      27 150
 8  69  44  57   6   8   0 0.01    M    0  8.1 21 310   M    M   3 1      28 330
 9  75  35  55   4  10   0 0.00  0.0    0  3.2 14 250   M    M   0        17 250
10  70  45  58   6   7   0 0.38    M    0 12.5 28 340   M    M   3 13     38 330
11  60  35  48  -4  17   0 0.07    M    0  6.3 12 320   M    M   5 1      16 110
12  44  35  40 -12  25   0 0.31    M    0  5.2 12  70   M    M   8 1      16  70
13  42  34  38 -15  27   0 0.14    M    0  6.1 14  90   M    M   9 18     21 100
14  44  31  38 -15  27   0 0.03    M    0 14.1 22 320   M    M  10        31 320
15  41  27  34 -19  31   0    T    T    0 13.2 24 320   M    M   1        32 360
16  53  25  39 -14  26   0 0.00  0.0    0  6.2 16 270   M    M   0        23 330
17  67  30  49  -5  16   0 0.00  0.0    0  5.0 17 210   M    M   7        22 200
18  71  53  62   8   3   0 0.25  0.0    0 11.5 22 330   M    M   6 1      29 330
19  63  41  52  -2  13   0 0.00  0.0    0  9.4 20 310   M    M   0        25 310
20  76  38  57   2   8   0 0.00  0.0    0  4.2 10 210   M    M   2        16 290
21  85  54  70  15   0   5 0.34  0.0    0 10.8 39 340   M    M   2 138    51 360
22  66  49  58   3   7   0 0.00  0.0    0  8.8 16 320   M    M   1        21 310
23  65  48  57   2   8   0 0.00  0.0    0  6.8 14 130   M    M   5        23  70
24  73  54  64   8   1   0 0.00  0.0    0  6.4 16 150   M    M   7        23 170
25  75  54  65   9   0   0    T  0.0    0  6.8 16 140   M    M   3        24 140
26  78  57  68  12   0   3 0.40  0.0    0  6.3 17 220   M    M   6 1      25 220
27  77  55  66   9   0   1 0.22  0.0    M  6.0 24 280   M    M   4 13     31 240
================================================================================
SM 1758 1137       312  12  2.77    T    211.3          M      104
================================================================================
AV 65.1 42.1                               7.8 FASTST   M    M   4    MAX(MPH)
                                 MISC ---->  # 39 340               # 51  360
================================================================================
NOTES:
# LAST OF SEVERAL OCCURRENCES

COLUMN 17 PEAK WIND IN M.P.H.

PRELIMINARY LOCAL CLIMATOLOGICAL DATA (WS FORM: F-6) , PAGE 2

                                          STATION:  DEKALB PEACHTREE AIRPORT
                                          MONTH:    MARCH
                                          YEAR:     2017
                                          LATITUDE:   33 52 N
                                          LONGITUDE:  84 18 W

[TEMPERATURE DATA]      [PRECIPITATION DATA]       SYMBOLS USED IN COLUMN 16

AVERAGE MONTHLY: 53.6   TOTAL FOR MONTH:   2.77    1 = FOG OR MIST
DPTR FM NORMAL:   0.7   DPTR FM NORMAL:   -1.65    2 = FOG REDUCING VISIBILITY
HIGHEST:    85 ON 21    GRTST 24HR  0.40 ON 26-26      TO 1/4 MILE OR LESS
LOWEST:     25 ON 16                               3 = THUNDER
                        SNOW, ICE PELLETS, HAIL    4 = ICE PELLETS
                        TOTAL MONTH:    T          5 = HAIL
                        GRTST 24HR    T  ON 15-15  6 = FREEZING RAIN OR DRIZZLE
                        GRTST DEPTH:   0           7 = DUSTSTORM OR SANDSTORM:
                                                       VSBY 1/2 MILE OR LESS
                                                   8 = SMOKE OR HAZE
[NO. OF DAYS WITH]      [WEATHER - DAYS WITH]      9 = BLOWING SNOW
                                                   X = TORNADO
MAX 32 OR BELOW:   0    0.01 INCH OR MORE:  12
MAX 90 OR ABOVE:   0    0.10 INCH OR MORE:   9
MIN 32 OR BELOW:   7    0.50 INCH OR MORE:   0
MIN  0 OR BELOW:   0    1.00 INCH OR MORE:   0

[HDD (BASE 65) ]
TOTAL THIS MO.   312    CLEAR  (SCALE 0-3)  12
DPTR FM NORMAL   -24    PTCLDY (SCALE 4-7)  13
TOTAL FM JUL 1  1962    CLOUDY (SCALE 8-10)  2
DPTR FM NORMAL  -775

[CDD (BASE 65) ]
TOTAL THIS MO.    12
DPTR FM NORMAL    12    [PRESSURE DATA]
TOTAL FM JAN 1    12    HIGHEST SLP M ON M
DPTR FM NORMAL    12    LOWEST  SLP 29.79 ON 14

[REMARKS]
