000
CXUS52 KFFC 261110
CF6PDK
PRELIMINARY LOCAL CLIMATOLOGICAL DATA (WS FORM: F-6)

                                          STATION:   DEKALB PEACHTREE AIRPORT
                                          MONTH:     SEPTEMBER
                                          YEAR:      2017
                                          LATITUDE:   33 52 N
                                          LONGITUDE:  84 18 W

  TEMPERATURE IN F:       :PCPN:    SNOW:  WIND      :SUNSHINE: SKY     :PK WND
================================================================================
1   2   3   4   5  6A  6B    7    8   9   10  11  12  13   14  15   16   17  18
                                     12Z  AVG MX 2MIN
DY MAX MIN AVG DEP HDD CDD  WTR  SNW DPTH SPD SPD DIR MIN PSBL S-S WX    SPD DR
================================================================================

 1  83  65  74  -3   0   9 0.03  0.0    0 12.9 25 220   M    M   8 1      35 220
 2  81  59  70  -7   0   5 0.00  0.0    0  6.0 16 290   M    M   1        24 300
 3  82  58  70  -7   0   5 0.00  0.0    0  4.4 15 310   M    M   0 1      24  30
 4  86  57  72  -5   0   7 0.00  0.0    0  2.9 15 210   M    M   1 1      19 220
 5  88  64  76   0   0  11 0.52  0.0    0  5.7 21 340   M    M   2 13     27 330
 6  75  58  67  -9   0   2 0.03  0.0    0  7.8 17 320   M    M   5 1      23 290
 7  77  50  64 -12   1   0 0.00  0.0    0  5.3 10 320   M    M   0        16  20
 8  80  51  66  -9   0   1 0.00  0.0    0  2.3  8  20   M    M   0        13 110
 9  78  59  69  -6   0   4 0.00  0.0    0  5.4 17  40   M    M   0        24  30
10  72  59  66  -9   0   1 0.00  0.0    0  8.9 17  70   M    M   1        32  50
11  63  56  60 -15   5   0 3.10  0.0    0 13.8 29  40   M    M   8 1      47  40
12  63  58  61 -13   4   0 0.33  0.0    0  5.7 14 140   M    M  10 1      25 120
13  77  59  68  -6   0   3 0.00  0.0    0  5.9 20 220   M    M   7 1      29 220
14  78  63  71  -3   0   6 0.00  0.0    0  2.1 10 270   M    M   8 1      13 260
15  85  60  73   0   0   8 0.00  0.0    0  0.9  7 210   M    M   4 1       9 200
16  86  64  75   2   0  10 0.00  0.0    0  1.2  8 130   M    M   2 1      11 150
17  88  64  76   3   0  11 0.00  0.0    0  1.6 10  20   M    M   2 1      13 320
18  87  60  74   2   0   9 0.00  0.0    0  2.4 10 310   M    M   0 1      14 270
19  89  62  76   4   0  11 0.00  0.0    0  1.2  8 340   M    M   0 1      11 340
20  89  65  77   5   0  12 0.00  0.0    0  1.9 10 280   M    M   0 18     13 290
21  90  65  78   7   0  13 0.02  0.0    0  2.3 12 340   M    M   2 13     13 340
22  90  66  78   7   0  13 0.00  0.0    0  1.9  8  50   M    M   1        11  50
23  88  64  76   5   0  11 0.00  0.0    0  2.4  8 140   M    M   1 18     13 160
24  85  64  75   5   0  10 0.00  0.0    0  3.0 12  40   M    M   1        16  30
25  87  64  76   6   0  11 0.00  0.0    0  3.0 12  30   M    M   0        17  20
================================================================================
SM 2047 1514        10 173  4.03     0.0 110.9          M       64
================================================================================
AV 81.9 60.6                               4.4 FASTST   M    M   3    MAX(MPH)
                                 MISC ---->  # 29  40               # 47   40
================================================================================
NOTES:
# LAST OF SEVERAL OCCURRENCES

COLUMN 17 PEAK WIND IN M.P.H.

PRELIMINARY LOCAL CLIMATOLOGICAL DATA (WS FORM: F-6) , PAGE 2

                                          STATION:  DEKALB PEACHTREE AIRPORT
                                          MONTH:    SEPTEMBER
                                          YEAR:     2017
                                          LATITUDE:   33 52 N
                                          LONGITUDE:  84 18 W

[TEMPERATURE DATA]      [PRECIPITATION DATA]       SYMBOLS USED IN COLUMN 16

AVERAGE MONTHLY: 71.2   TOTAL FOR MONTH:   4.03    1 = FOG OR MIST
DPTR FM NORMAL:  -2.6   DPTR FM NORMAL:    0.31    2 = FOG REDUCING VISIBILITY
HIGHEST:    90 ON 22,21 GRTST 24HR  3.10 ON 11-11      TO 1/4 MILE OR LESS
LOWEST:     50 ON  7                               3 = THUNDER
                        SNOW, ICE PELLETS, HAIL    4 = ICE PELLETS
                        TOTAL MONTH:   0.0 INCH    5 = HAIL
                        GRTST 24HR     0.0         6 = FREEZING RAIN OR DRIZZLE
                        GRTST DEPTH:   0           7 = DUSTSTORM OR SANDSTORM:
                                                       VSBY 1/2 MILE OR LESS
                                                   8 = SMOKE OR HAZE
[NO. OF DAYS WITH]      [WEATHER - DAYS WITH]      9 = BLOWING SNOW
                                                   X = TORNADO
MAX 32 OR BELOW:   0    0.01 INCH OR MORE:   6
MAX 90 OR ABOVE:   2    0.10 INCH OR MORE:   3
MIN 32 OR BELOW:   0    0.50 INCH OR MORE:   2
MIN  0 OR BELOW:   0    1.00 INCH OR MORE:   1

[HDD (BASE 65) ]
TOTAL THIS MO.    10    CLEAR  (SCALE 0-3)  18
DPTR FM NORMAL     7    PTCLDY (SCALE 4-7)   4
TOTAL FM JUL 1    10    CLOUDY (SCALE 8-10)  3
DPTR FM NORMAL     7

[CDD (BASE 65) ]
TOTAL THIS MO.   173
DPTR FM NORMAL   -50    [PRESSURE DATA]
TOTAL FM JAN 1  1736    HIGHEST SLP M ON M
DPTR FM NORMAL    56    LOWEST  SLP 29.52 ON 11

[REMARKS]
