000
CXUS56 KPDT 221832
CF6PDT
PRELIMINARY LOCAL CLIMATOLOGICAL DATA (WS FORM: F-6)

                                          STATION:   PENDLETON OR
                                          MONTH:     JULY
                                          YEAR:      2017
                                          LATITUDE:   45 40 N
                                          LONGITUDE: 118 51 W

  TEMPERATURE IN F:       :PCPN:    SNOW:  WIND      :SUNSHINE: SKY     :PK WND
================================================================================
1   2   3   4   5  6A  6B    7    8   9   10  11  12  13   14  15   16   17  18
                                     12Z  AVG MX 2MIN
DY MAX MIN AVG DEP HDD CDD  WTR  SNW DPTH SPD SPD DIR MIN PSBL S-S WX    SPD DR
================================================================================

 1  90  57  74   5   0   9 0.00  0.0    0  6.2 14 270   M    M   0        18 270
 2  92  54  73   4   0   8 0.00  0.0    0  5.8 22 260   M    M   0        30 260
 3  88  59  74   4   0   9 0.00  0.0    0  7.6 18 270   M    M   0        25 260
 4  93  54  74   4   0   9 0.00  0.0    0  4.5 12 340   M    M   0        21 300
 5 100  57  79   9   0  14 0.00  0.0    0  8.0 15  50   M    M   0 8      22  20
 6 101  62  82  11   0  17 0.00  0.0    0  6.9 15 310   M    M   0        20 310
 7  99  61  80   9   0  15 0.00  0.0    0  8.6 18 270   M    M   0        26 270
 8  97  57  77   6   0  12 0.00  0.0    0  6.0 14 310   M    M   0        17 310
 9  95  58  77   6   0  12 0.00  0.0    0  9.6 18 230   M    M   0        25 270
10  88  65  77   5   0  12 0.00  0.0    0 14.6 26 260   M    M   0        34 260
11  87  54  71  -1   0   6 0.00  0.0    0  6.1 18 260   M    M   0        24 250
12  92  53  73   1   0   8 0.00  0.0    0  6.3 15 310   M    M   0 8      20 310
13  91  59  75   3   0  10 0.00  0.0    0  8.1 17 260   M    M   0        23 330
14  97  56  77   4   0  12 0.00  0.0    0  5.7 14 310   M    M   0        17 310
15  95  63  79   6   0  14    T  0.0    0 12.8 25 250   M    M   0        33 250
16  82  53  68  -5   0   3 0.00  0.0    0 10.2 21 270   M    M   0        30 270
17  87  49  68  -5   0   3 0.00  0.0    0  6.2 15 320   M    M   0        20 310
18  93  52  73  -1   0   8 0.00  0.0    0  7.2 17 320   M    M   0        23 320
19  90  61  76   2   0  11 0.00  0.0    0  9.9 21 260   M    M   0        29 240
20  83  60  72  -2   0   7 0.00  0.0    0 11.4 22 290   M    M   0        28 300
21  86  50  68  -6   0   3 0.00  0.0    0  6.0 14 280   M    M   0        21 320
================================================================================
SM 1926 1194         0 202    T      0.0 167.7          M        0
================================================================================
AV 91.7 56.9                               8.0 FASTST   M    M   0    MAX(MPH)
                                 MISC ---->  # 26 260               # 34  260
================================================================================
NOTES:
# LAST OF SEVERAL OCCURRENCES

COLUMN 17 PEAK WIND IN M.P.H.

PRELIMINARY LOCAL CLIMATOLOGICAL DATA (WS FORM: F-6) , PAGE 2

                                          STATION:  PENDLETON OR
                                          MONTH:    JULY
                                          YEAR:     2017
                                          LATITUDE:   45 40 N
                                          LONGITUDE: 118 51 W

[TEMPERATURE DATA]      [PRECIPITATION DATA]       SYMBOLS USED IN COLUMN 16

AVERAGE MONTHLY: 74.3   TOTAL FOR MONTH:      T    1 = FOG OR MIST
DPTR FM NORMAL:   2.5   DPTR FM NORMAL:   -0.24    2 = FOG REDUCING VISIBILITY
HIGHEST:   101 ON  6    GRTST 24HR    T  ON 15-15      TO 1/4 MILE OR LESS
LOWEST:     49 ON 17                               3 = THUNDER
                        SNOW, ICE PELLETS, HAIL    4 = ICE PELLETS
                        TOTAL MONTH:   0.0 INCH    5 = HAIL
                        GRTST 24HR     0.0         6 = FREEZING RAIN OR DRIZZLE
                        GRTST DEPTH:   0           7 = DUSTSTORM OR SANDSTORM:
                                                       VSBY 1/2 MILE OR LESS
                                                   8 = SMOKE OR HAZE
[NO. OF DAYS WITH]      [WEATHER - DAYS WITH]      9 = BLOWING SNOW
                                                   X = TORNADO
MAX 32 OR BELOW:   0    0.01 INCH OR MORE:   0
MAX 90 OR ABOVE:  14    0.10 INCH OR MORE:   0
MIN 32 OR BELOW:   0    0.50 INCH OR MORE:   0
MIN  0 OR BELOW:   0    1.00 INCH OR MORE:   0

[HDD (BASE 65) ]
TOTAL THIS MO.     0    CLEAR  (SCALE 0-3)  21
DPTR FM NORMAL    -7    PTCLDY (SCALE 4-7)   0
TOTAL FM JUL 1     0    CLOUDY (SCALE 8-10)  0
DPTR FM NORMAL    -7

[CDD (BASE 65) ]
TOTAL THIS MO.   202
DPTR FM NORMAL    50    [PRESSURE DATA]
TOTAL FM JAN 1   329    HIGHEST SLP 30.11 ON 21
DPTR FM NORMAL    75    LOWEST  SLP 29.79 ON 19

[REMARKS]
