000
CXUS56 KPDT 291032
CF6PDT
PRELIMINARY LOCAL CLIMATOLOGICAL DATA (WS FORM: F-6)

                                          STATION:   PENDLETON OR
                                          MONTH:     JANUARY
                                          YEAR:      2015
                                          LATITUDE:   45 40 N
                                          LONGITUDE: 118 51 W

  TEMPERATURE IN F:       :PCPN:    SNOW:  WIND      :SUNSHINE: SKY     :PK WND
================================================================================
1   2   3   4   5  6A  6B    7    8   9   10  11  12  13   14  15   16   17  18
                                     12Z  AVG MX 2MIN
DY MAX MIN AVG DEP HDD CDD  WTR  SNW DPTH SPD SPD DIR MIN PSBL S-S WX    SPD DR
================================================================================

 1  22   7  15 -18  50   0 0.00  0.0    1  4.3  8 120   M    M   1         9 170
 2  33  10  22 -11  43   0 0.00  0.0    0  4.9 13 310   M    M   7 8      14 310
 3  33  24  29  -4  36   0 0.00  0.0    0  3.3 12 300   M    M   9 128    13 290
 4  45  26  36   2  29   0 0.18    T    T  5.7 14 210   M    M  10 1246   19 210
 5  54  40  47  13  18   0    T  0.0    0  8.8 20 240   M    M   8        25 240
 6  53  34  44  10  21   0 0.00  0.0    0  4.5 12 300   M    M   0 1      13 300
 7  41  28  35   1  30   0 0.00  0.0    0  4.6 10 150   M    M   5 12     11 150
 8  33  30  32  -2  33   0    T  0.0    0  3.1  9 340   M    M  10 12     11 340
 9  36  30  33  -1  32   0 0.00  0.0    0  1.3  7 100   M    M  10 12      8 100
10  37  33  35   0  30   0    T  0.0    0  1.7  7  70   M    M  10 1       7  70
11  37  32  35   0  30   0 0.05    T    0  3.7  9  30   M    M  10 12     10  30
12  36  32  34  -1  31   0 0.02  0.4    0  1.5  6 100   M    M  10 12      7 140
13  39  34  37   2  28   0    T  0.0    0  5.4 13  30   M    M  10 1      15  20
14  36  32  34  -1  31   0 0.00  0.0    0  3.8 10  30   M    M  10 1      12  10
15  45  28  37   2  28   0 0.07  0.0    0  5.7 17 280   M    M  10 128    20 280
16  51  33  42   6  23   0    T  0.0    0 10.4 29 280   M    M   5 1      36 270
17  55  33  44   8  21   0 0.35  0.0    0  6.8 12  80   M    M   6 1       M  M
18  56  34  45   9  20   0 0.03  0.0    0 11.5 29 290   M    M   3 128    35 240
19  50  34  42   6  23   0 0.00  0.0    M 10.6 24 270   M    M   2        29 270
20  47  29  38   2  27   0 0.00  0.0    0  4.7 10  40   M    M   1 1       M  M
21  30  27  29  -7  36   0 0.00  0.0    0  3.4  9  90   M    M   8 12     10 140
22  34  27  31  -5  34   0 0.02  0.0    0  2.1  8 360   M    M   M 2      27  30
23  38  30  34  -2  31   0 0.00  0.0    0  3.7 13 130   M    M   M 2      14 130
24  64  35  50  14  15   0 0.00  0.0    0  5.0 12 160   M    M   M 1      12 150
25  58  32  45   9  20   0 0.00  0.0    M  6.3 13 310   M    M   M 2      14 310
26  38  32  35  -2  30   0 0.00  0.0    0  4.8 15 300   M    M  10 2      16 300
27  47  30  39   2  26   0    T  0.0    0  4.3 14 310   M    M   7 12     15 310
28  52  34  43   6  22   0 0.00  0.0    0  6.3 13  20   M    M   5 12     14 300
================================================================================
SM 1200  830       798   0  0.72     0.4 142.2          M      167
================================================================================
AV 42.9 29.6                               5.1 FASTST   M    M   7    MAX(MPH)
                                 MISC ---->  # 29 280               # 36  270
================================================================================
NOTES:
# LAST OF SEVERAL OCCURRENCES

COLUMN 17 PEAK WIND IN M.P.H.

PRELIMINARY LOCAL CLIMATOLOGICAL DATA (WS FORM: F-6) , PAGE 2

                                          STATION:  PENDLETON OR
                                          MONTH:    JANUARY
                                          YEAR:     2015
                                          LATITUDE:   45 40 N
                                          LONGITUDE: 118 51 W

[TEMPERATURE DATA]      [PRECIPITATION DATA]       SYMBOLS USED IN COLUMN 16

AVERAGE MONTHLY: 36.2   TOTAL FOR MONTH:   0.72    1 = FOG OR MIST
DPTR FM NORMAL:   1.1   DPTR FM NORMAL:   -0.59    2 = FOG REDUCING VISIBILITY
HIGHEST:    64 ON 24    GRTST 24HR  0.35 ON 17-17      TO 1/4 MILE OR LESS
LOWEST:      7 ON  1                               3 = THUNDER
                        SNOW, ICE PELLETS, HAIL    4 = ICE PELLETS
                        TOTAL MONTH:   0.4 INCH    5 = HAIL
                        GRTST 24HR   0.4 ON   M    6 = FREEZING RAIN OR DRIZZLE
                        GRTST DEPTH:   1 ON  1     7 = DUSTSTORM OR SANDSTORM:
                                                       VSBY 1/2 MILE OR LESS
                                                   8 = SMOKE OR HAZE
[NO. OF DAYS WITH]      [WEATHER - DAYS WITH]      9 = BLOWING SNOW
                                                   X = TORNADO
MAX 32 OR BELOW:   2    0.01 INCH OR MORE:   7
MAX 90 OR ABOVE:   0    0.10 INCH OR MORE:   2
MIN 32 OR BELOW:  18    0.50 INCH OR MORE:   0
MIN  0 OR BELOW:   0    1.00 INCH OR MORE:   0

[HDD (BASE 65) ]
TOTAL THIS MO.   798    CLEAR  (SCALE 0-3)   5
DPTR FM NORMAL   -39    PTCLDY (SCALE 4-7)   8
TOTAL FM JUL 1  2819    CLOUDY (SCALE 8-10) 11
DPTR FM NORMAL  -255

[CDD (BASE 65) ]
TOTAL THIS MO.     0
DPTR FM NORMAL     0    [PRESSURE DATA]
TOTAL FM JAN 1     0    HIGHEST SLP 30.58 ON 23
DPTR FM NORMAL     0    LOWEST  SLP 29.77 ON 18

[REMARKS]
