000
CXUS56 KPQR 241230
CF6PDX
PRELIMINARY LOCAL CLIMATOLOGICAL DATA (WS FORM: F-6)

                                          STATION:   PORTLAND OR
                                          MONTH:     OCTOBER
                                          YEAR:      2014
                                          LATITUDE:   45 35 N
                                          LONGITUDE: 122 36 W

  TEMPERATURE IN F:       :PCPN:    SNOW:  WIND      :SUNSHINE: SKY     :PK WND
================================================================================
1   2   3   4   5  6A  6B    7    8   9   10  11  12  13   14  15   16   17  18
                                     12Z  AVG MX 2MIN
DY MAX MIN AVG DEP HDD CDD  WTR  SNW DPTH SPD SPD DIR MIN PSBL S-S WX    SPD DR
================================================================================

 1  67  49  58  -2   7   0 0.00  0.0    0  2.8 10 300   M    M   5        13 270
 2  70  47  59  -1   6   0 0.00  0.0    0  3.8 13 280   M    M   3 18     17 290
 3  80  48  64   5   1   0 0.00  0.0    0  3.5  9 290   M    M   1        11 290
 4  82  49  66   7   0   1 0.00  0.0    0  2.2  8 270   M    M   2        11 280
 5  85  54  70  12   0   5 0.00  0.0    0  3.3 14 310   M    M   1        19 320
 6  85  56  71  13   0   6 0.00  0.0    0  3.2 12 320   M    M   0        16 320
 7  83  57  70  12   0   5 0.00  0.0    0  2.3  9 310   M    M   3 1      13 330
 8  75  50  63   6   2   0 0.00  0.0    0  2.8 12 310   M    M   4        15 310
 9  74  53  64   7   1   0    T  0.0    0  2.2  7 270   M    M   4 128     9 250
10  71  51  61   4   4   0 0.00  0.0    0  3.9 12 290   M    M   7 1      14 300
11  72  56  64   8   1   0 0.38  0.0    0  6.2 22 310   M    M   8 1      27 300
12  65  51  58   2   7   0    T  0.0    0  3.1 12 300   M    M   7 1      14 300
13  74  49  62   6   3   0 0.20    M    0  6.8 29 310   M    M   8 1      37 300
14  62  54  58   3   7   0 0.22  0.0    0  7.9 15 120   M    M  10 1      19 120
15  59  54  57   2   8   0 0.14  0.0    0 13.2 25 200   M    M   8 1      34 190
16  70  52  61   6   4   0    T  0.0    0  7.8 15 110   M    M   6        19 100
17  62  55  59   5   6   0 0.34  0.0    0 11.4 22 100   M    M  10 1      26 100
18  71  57  64  10   1   0 0.01  0.0    0  7.2 15 100   M    M   7 1      17 110
19  75  55  65  11   0   0    T  0.0    0  5.2 14 250   M    M   6 12     20 230
20  64  54  59   5   6   0 0.15  0.0    0  6.7 20 190   M    M   8 1      23 190
21  62  54  58   5   7   0 0.04  0.0    0 11.9 21 180   M    M   9 1      25 200
22  60  54  57   4   8   0 1.88  0.0    0  9.0 18 110   M    M   8 1      23 110
23  59  52  56   3   9   0 0.42  0.0    0  8.2 14 100   M    M   9 13     15 170
================================================================================
SM 1627 1211        88  17  3.78     0.0 134.6          M      134
================================================================================
AV 70.7 52.7                               5.9 FASTST   M    M   6    MAX(MPH)
                                 MISC ---->  # 29 310               # 37  300
================================================================================
NOTES:
# LAST OF SEVERAL OCCURRENCES

COLUMN 17 PEAK WIND IN M.P.H.

PRELIMINARY LOCAL CLIMATOLOGICAL DATA (WS FORM: F-6) , PAGE 2

                                          STATION:  PORTLAND OR
                                          MONTH:    OCTOBER
                                          YEAR:     2014
                                          LATITUDE:   45 35 N
                                          LONGITUDE: 122 36 W

[TEMPERATURE DATA]      [PRECIPITATION DATA]       SYMBOLS USED IN COLUMN 16

AVERAGE MONTHLY: 61.7   TOTAL FOR MONTH:   3.78    1 = FOG OR MIST
DPTR FM NORMAL:   5.6   DPTR FM NORMAL:    1.84    2 = FOG REDUCING VISIBILITY
HIGHEST:    85 ON  6, 5 GRTST 24HR  2.13 ON 22-23      TO 1/4 MILE OR LESS
LOWEST:     47 ON  2                               3 = THUNDER
                        SNOW, ICE PELLETS, HAIL    4 = ICE PELLETS
                        TOTAL MONTH:   0.0 INCH    5 = HAIL
                        GRTST 24HR     0.0         6 = FREEZING RAIN OR DRIZZLE
                        GRTST DEPTH:   0           7 = DUSTSTORM OR SANDSTORM:
                                                       VSBY 1/2 MILE OR LESS
                                                   8 = SMOKE OR HAZE
[NO. OF DAYS WITH]      [WEATHER - DAYS WITH]      9 = BLOWING SNOW
                                                   X = TORNADO
MAX 32 OR BELOW:   0    0.01 INCH OR MORE:  10
MAX 90 OR ABOVE:   0    0.10 INCH OR MORE:   8
MIN 32 OR BELOW:   0    0.50 INCH OR MORE:   1
MIN  0 OR BELOW:   0    1.00 INCH OR MORE:   1

[HDD (BASE 65) ]
TOTAL THIS MO.    88    CLEAR  (SCALE 0-3)   6
DPTR FM NORMAL  -119    PTCLDY (SCALE 4-7)  11
TOTAL FM JUL 1   106    CLOUDY (SCALE 8-10)  6
DPTR FM NORMAL  -204

[CDD (BASE 65) ]
TOTAL THIS MO.    17
DPTR FM NORMAL    17    [PRESSURE DATA]
TOTAL FM JAN 1   653    HIGHEST SLP M ON M
DPTR FM NORMAL   231    LOWEST  SLP 29.54 ON 15

[REMARKS]
