000
CXUS56 KPQR 261330
CF6PDX
PRELIMINARY LOCAL CLIMATOLOGICAL DATA (WS FORM: F-6)

                                          STATION:   PORTLAND OR
                                          MONTH:     FEBRUARY
                                          YEAR:      2015
                                          LATITUDE:   45 35 N
                                          LONGITUDE: 122 36 W

  TEMPERATURE IN F:       :PCPN:    SNOW:  WIND      :SUNSHINE: SKY     :PK WND
================================================================================
1   2   3   4   5  6A  6B    7    8   9   10  11  12  13   14  15   16   17  18
                                     12Z  AVG MX 2MIN
DY MAX MIN AVG DEP HDD CDD  WTR  SNW DPTH SPD SPD DIR MIN PSBL S-S WX    SPD DR
================================================================================

 1  44  40  42  -1  23   0 0.22    M    0  8.3 17 120   M    M  10 1      21 120
 2  59  42  51   8  14   0 0.38    M    0  8.1 20 220   M    M   9 1      23 120
 3  51  41  46   3  19   0 0.09    M    0  2.3  8 220   M    M  10 1       8 220
 4  53  43  48   5  17   0 0.10    M    0  6.3 22 100   M    M  10 1      25 110
 5  50  45  48   5  17   0 0.60    M    0 13.4 22 100   M    M  10 1      26 110
 6  57  48  53  10  12   0 0.76    M    0  9.3 21 180   M    M   9 1      27 200
 7  59  49  54  11  11   0 0.68    M    0 11.1 25 170   M    M  10 1      33 160
 8  57  46  52   9  13   0 0.09    M    0  7.0 26 160   M    M   9 13     35 170
 9  53  46  50   7  15   0 0.36    M    0 14.7 32 190   M    M   9 1      43 180
10  55  45  50   7  15   0    T    M    0  6.2 18 190   M    M   9        21 190
11  57  40  49   6  16   0 0.00  0.0    0  4.9 15 120   M    M   9 12     20 130
12  63  37  50   7  15   0 0.00  0.0    0  1.9  8 290   M    M   4 1       9 290
13  56  36  46   2  19   0 0.00  0.0    0  2.8 10 190   M    M   7 12     13 200
14  61  43  52   8  13   0 0.00  0.0    0  4.2 15 310   M    M   7 1      17 310
15  64  36  50   6  15   0 0.00  0.0    0  5.4 20  60   M    M   5 12     24  60
16  61  38  50   6  15   0 0.00  0.0    0 14.7 30  80   M    M   3        40  70
17  63  43  53   9  12   0 0.00  0.0    0 10.1 20 100   M    M   2        24  90
18  56  41  49   5  16   0 0.00  0.0    0  6.3 18 110   M    M   7        24 110
19  58  45  52   8  13   0 0.01    M    0  2.4  7  80   M    M   9 1      11 170
20  58  43  51   7  14   0 0.00  0.0    0  3.9 13 340   M    M   9 12     17 340
21  60  36  48   4  17   0 0.00  0.0    0  8.4 23  70   M    M   2 12     31  60
22  56  42  49   5  16   0 0.00  0.0    0 14.1 25  70   M    M   1        32  60
23  60  32  46   1  19   0 0.00  0.0    0  5.1 21  90   M    M   0        25  80
24  59  32  46   1  19   0 0.00  0.0    0  3.2 15 320   M    M   3        22 340
25  52  43  48   3  17   0 0.02    M    0  3.5  9 110   M    M  10 1      11 100
================================================================================
SM 1422 1032       392   0  3.31     0.0 177.6          M      173
================================================================================
AV 56.9 41.3                               7.1 FASTST   M    M   7    MAX(MPH)
                                 MISC ---->  # 32 190               # 43  180
================================================================================
NOTES:
# LAST OF SEVERAL OCCURRENCES

COLUMN 17 PEAK WIND IN M.P.H.

PRELIMINARY LOCAL CLIMATOLOGICAL DATA (WS FORM: F-6) , PAGE 2

                                          STATION:  PORTLAND OR
                                          MONTH:    FEBRUARY
                                          YEAR:     2015
                                          LATITUDE:   45 35 N
                                          LONGITUDE: 122 36 W

[TEMPERATURE DATA]      [PRECIPITATION DATA]       SYMBOLS USED IN COLUMN 16

AVERAGE MONTHLY: 49.1   TOTAL FOR MONTH:   3.31    1 = FOG OR MIST
DPTR FM NORMAL:   5.4   DPTR FM NORMAL:    0.04    2 = FOG REDUCING VISIBILITY
HIGHEST:    64 ON 15    GRTST 24HR  1.00 ON  5- 6      TO 1/4 MILE OR LESS
LOWEST:     32 ON 24,23                            3 = THUNDER
                        SNOW, ICE PELLETS, HAIL    4 = ICE PELLETS
                        TOTAL MONTH:   0.0 INCH    5 = HAIL
                        GRTST 24HR     0.0         6 = FREEZING RAIN OR DRIZZLE
                        GRTST DEPTH:   0           7 = DUSTSTORM OR SANDSTORM:
                                                       VSBY 1/2 MILE OR LESS
                                                   8 = SMOKE OR HAZE
[NO. OF DAYS WITH]      [WEATHER - DAYS WITH]      9 = BLOWING SNOW
                                                   X = TORNADO
MAX 32 OR BELOW:   0    0.01 INCH OR MORE:  11
MAX 90 OR ABOVE:   0    0.10 INCH OR MORE:   7
MIN 32 OR BELOW:   2    0.50 INCH OR MORE:   3
MIN  0 OR BELOW:   0    1.00 INCH OR MORE:   0

[HDD (BASE 65) ]
TOTAL THIS MO.   392    CLEAR  (SCALE 0-3)   5
DPTR FM NORMAL  -142    PTCLDY (SCALE 4-7)   6
TOTAL FM JUL 1  2427    CLOUDY (SCALE 8-10) 14
DPTR FM NORMAL  -571

[CDD (BASE 65) ]
TOTAL THIS MO.     0
DPTR FM NORMAL     0    [PRESSURE DATA]
TOTAL FM JAN 1     0    HIGHEST SLP M ON M
DPTR FM NORMAL     0    LOWEST  SLP 29.40 ON  7

[REMARKS]
