000
CXUS54 KEWX 290910
CF6PEZ
PRELIMINARY LOCAL CLIMATOLOGICAL DATA (WS FORM: F-6)

                                          STATION:   PLEASANTON MUNICIPAL AIRPORT
                                          MONTH:     SEPTEMBER
                                          YEAR:      2016
                                          LATITUDE:   28 57 N
                                          LONGITUDE:  98 31 W

  TEMPERATURE IN F:       :PCPN:    SNOW:  WIND      :SUNSHINE: SKY     :PK WND
================================================================================
1   2   3   4   5  6A  6B    7    8   9   10  11  12  13   14  15   16   17  18
                                     12Z  AVG MX 2MIN
DY MAX MIN AVG DEP HDD CDD  WTR  SNW DPTH SPD SPD DIR MIN PSBL S-S WX    SPD DR
================================================================================

 1  94  74  84   M   0  19 0.00    M    0  2.2  9 310   M    M   0         M  M
 2  92  74  83   M   0  18 0.00    M    0  3.3  8  40   M    M   0 3       M  M
 3  92  71  82   M   0  17 0.03  0.0    0  2.9 20  70   M    M   0 1      33  70
 4  91  72  82   M   0  17 0.54  0.0    0  3.0 10  80   M    M   2 1       M  M
 5  92  72  82   M   0  17 0.01  0.0    0  6.0 14 130   M    M   2 1      20 160
 6  94  77  86   M   0  21 0.00  0.0    0  7.7 17 130   M    M   1        24 130
 7  94  77  86   M   0  21 0.00  0.0    0  5.7 10 150   M    M   1 1      20 130
 8  95  73  84   M   0  19 0.00  0.0    0  5.5 12 160   M    M   2 1      16 160
 9  95  73  84   M   0  19 0.00  0.0    0  5.9 12 150   M    M   0        17 150
10  92  73  83   M   0  18 0.00  0.0    0  4.0 14  40   M    M   0        17  40
11  93  71  82   M   0  17 0.00  0.0    0  3.6  8  40   M    M   0         M  M
12  93  69  81   M   0  16 0.00  0.0    0  3.0  7  80   M    M   0         M  M
13  94  74  84   M   0  19 0.00  0.0    0  2.9  8  80   M    M   1         M  M
14  94  73  84   M   0  19 0.00  0.0    0  3.3  8  40   M    M   1         M  M
15  94  70  82   M   0  17 0.00  0.0    0  3.8  9  40   M    M   0 1       M  M
16  94  70  82   M   0  17 0.00  0.0    0  2.8  9 110   M    M   0 1       M  M
17  96  71  84   M   0  19 0.00    M    0  2.2  7  70   M    M   1 1       M  M
18  98  72  85   M   0  20 0.00    M    0  2.7  8  90   M    M   1 12      M  M
19  97  73  85   M   0  20 0.00    M    0  2.6  8  60   M    M   1 1       M  M
20  96  71  84   M   0  19 0.00    M    0  1.5  6  90   M    M   2 12      M  M
21  94  72  83   M   0  18 0.00    M    0  2.4  8  70   M    M   1         M  M
22  94  67  81   M   0  16 0.00  0.0    0  2.8  8  60   M    M   0 8       M  M
23  94  72  83   M   0  18 0.00  0.0    0  5.6 12 150   M    M   0 1      16 160
24  95  74  85   M   0  20 0.00  0.0    0  6.8 13 110   M    M   1 1      21 130
25  93  72  83   M   0  18 1.12  0.0    0  6.9 14 150   M    M   1 3      24 330
26  82  68  75   M   0  10 0.03  0.0    0  6.3 12  10   M    M   1 3      18  10
27  79  68  74   M   0   9 0.00  0.0    0  4.2  9 360   M    M   1         M  M
28  89  65  77   M   0  12 0.00  0.0    0  0.8  5 350   M    M   0         M  M
================================================================================
SM 2600 2008         0 490  1.73     0.0 110.4          M       20
================================================================================
AV 92.9 71.7                               3.9 FASTST   M    M   1    MAX(MPH)
                                 MISC ---->    20   M                 33    M
================================================================================
NOTES:
# LAST OF SEVERAL OCCURRENCES

COLUMN 17 PEAK WIND IN M.P.H.

PRELIMINARY LOCAL CLIMATOLOGICAL DATA (WS FORM: F-6) , PAGE 2

                                          STATION:  PLEASANTON MUNICIPAL AIRPORT
                                          MONTH:    SEPTEMBER
                                          YEAR:     2016
                                          LATITUDE:   28 57 N
                                          LONGITUDE:  98 31 W

[TEMPERATURE DATA]      [PRECIPITATION DATA]       SYMBOLS USED IN COLUMN 16

AVERAGE MONTHLY: 82.3   TOTAL FOR MONTH:   1.73    1 = FOG OR MIST
DPTR FM NORMAL:     M   DPTR FM NORMAL:       M    2 = FOG REDUCING VISIBILITY
HIGHEST:    98 ON 18    GRTST 24HR  1.12 ON 25-25      TO 1/4 MILE OR LESS
LOWEST:     65 ON 28                               3 = THUNDER
                        SNOW, ICE PELLETS, HAIL    4 = ICE PELLETS
                        TOTAL MONTH:   0.0 INCH    5 = HAIL
                        GRTST 24HR     0.0         6 = FREEZING RAIN OR DRIZZLE
                        GRTST DEPTH:   0           7 = DUSTSTORM OR SANDSTORM:
                                                       VSBY 1/2 MILE OR LESS
                                                   8 = SMOKE OR HAZE
[NO. OF DAYS WITH]      [WEATHER - DAYS WITH]      9 = BLOWING SNOW
                                                   X = TORNADO
MAX 32 OR BELOW:   0    0.01 INCH OR MORE:   5
MAX 90 OR ABOVE:  25    0.10 INCH OR MORE:   2
MIN 32 OR BELOW:   0    0.50 INCH OR MORE:   2
MIN  0 OR BELOW:   0    1.00 INCH OR MORE:   1

[HDD (BASE 65) ]
TOTAL THIS MO.     0    CLEAR  (SCALE 0-3)  28
DPTR FM NORMAL     M    PTCLDY (SCALE 4-7)   0
TOTAL FM JUL 1     0    CLOUDY (SCALE 8-10)  0
DPTR FM NORMAL     M

[CDD (BASE 65) ]
TOTAL THIS MO.   490
DPTR FM NORMAL     M    [PRESSURE DATA]
TOTAL FM JAN 1  3071    HIGHEST SLP M ON M
DPTR FM NORMAL     M    LOWEST  SLP M ON M

[REMARKS]
