000
CXUS56 KFGZ 220900
CF6PGA
PRELIMINARY LOCAL CLIMATOLOGICAL DATA (WS FORM: F-6)

                                          STATION:   PAGE AZ AIRPORT
                                          MONTH:     JANUARY
                                          YEAR:      2017
                                          LATITUDE:   36 55 N
                                          LONGITUDE: 111 27 W

  TEMPERATURE IN F:       :PCPN:    SNOW:  WIND      :SUNSHINE: SKY     :PK WND
================================================================================
1   2   3   4   5  6A  6B    7    8   9   10  11  12  13   14  15   16   17  18
                                     12Z  AVG MX 2MIN
DY MAX MIN AVG DEP HDD CDD  WTR  SNW DPTH SPD SPD DIR MIN PSBL S-S WX    SPD DR
================================================================================

 1  47  39  43   7  22   0    T    M    M  3.0 10 190   M    M   7 8      15 200
 2  49  36  43   7  22   0 0.00    M    M  3.9 14 230   M    M   0 8      21 220
 3  46  36  41   5  24   0 0.00    M    M  2.6 10 190   M    M   0 8      13 200
 4  48  32  40   4  25   0 0.00    M    M  2.1  9 300   M    M   5 8      12 290
 5  57  34  46  10  19   0 0.12    M    M  7.5 25 250   M    M   6        35 250
 6  35  23  29  -7  36   0    T    M    M  5.3 18 300   M    M   2        32 310
 7  32  22  27  -9  38   0 0.00    M    M  2.2  9  50   M    M   7        11  40
 8  37  31  34  -2  31   0 0.00    M    M  1.8  8  30   M    M   7 8      11  20
 9  53  31  42   5  23   0    T    M    M  4.6 16 250   M    M   5 8      27 250
10  51  37  44   7  21   0 0.00    M    M  2.0 13 120   M    M   0 8      13 120
11  57  38  48  11  17   0    T    M    M  7.5 23 230   M    M   3 8      38 230
12  50  39  45   8  20   0    T    M    M  4.0 18 140   M    M   7 8      22 140
13  50  39  45   8  20   0 0.01    M    M  2.4 10 150   M    M   6        14 150
14  44  41  43   6  22   0 0.48    M    M  2.1  8  40   M    M  10 8      10 100
15  47  41  44   7  21   0 0.06    M    M  1.4 10 330   M    M  10        14 330
16  49  35  42   5  23   0 0.00  0.0    M  3.5 13 340   M    M   3 8      16 330
17  48  32  40   3  25   0 0.00    M    M  1.8  6  70   M    M   1 8       8 320
18  48  31  40   3  25   0 0.00    M    M  2.2  8 360   M    M   0 8      10 360
19  42  34  38   1  27   0 0.02    M    M  2.1  7 150   M    M   8 8       8  40
20  41  34  38   0  27   0 0.04    M    M  3.0 15 150   M    M   8 8      20 160
21  46  35  41   3  24   0 0.07    M    M  6.3 21 270   M    M   6 8      32 290
================================================================================
SM  977  720       512   0  0.80     0.0  71.3          M      101
================================================================================
AV 46.5 34.3                               3.4 FASTST   M    M   5    MAX(MPH)
                                 MISC ---->  # 25 250               # 38  230
================================================================================
NOTES:
# LAST OF SEVERAL OCCURRENCES

COLUMN 17 PEAK WIND IN M.P.H.

PRELIMINARY LOCAL CLIMATOLOGICAL DATA (WS FORM: F-6) , PAGE 2

                                          STATION:  PAGE AZ AIRPORT
                                          MONTH:    JANUARY
                                          YEAR:     2017
                                          LATITUDE:   36 55 N
                                          LONGITUDE: 111 27 W

[TEMPERATURE DATA]      [PRECIPITATION DATA]       SYMBOLS USED IN COLUMN 16

AVERAGE MONTHLY: 40.4   TOTAL FOR MONTH:   0.80    1 = FOG OR MIST
DPTR FM NORMAL:   3.7   DPTR FM NORMAL:    0.03    2 = FOG REDUCING VISIBILITY
HIGHEST:    57 ON 11, 5 GRTST 24HR  0.54 ON 14-15      TO 1/4 MILE OR LESS
LOWEST:     22 ON  7                               3 = THUNDER
                        SNOW, ICE PELLETS, HAIL    4 = ICE PELLETS
                        TOTAL MONTH:   0.0 INCH    5 = HAIL
                        GRTST 24HR     0.0         6 = FREEZING RAIN OR DRIZZLE
                        GRTST DEPTH:  M  ON   M    7 = DUSTSTORM OR SANDSTORM:
                                                       VSBY 1/2 MILE OR LESS
                                                   8 = SMOKE OR HAZE
[NO. OF DAYS WITH]      [WEATHER - DAYS WITH]      9 = BLOWING SNOW
                                                   X = TORNADO
MAX 32 OR BELOW:   1    0.01 INCH OR MORE:   7
MAX 90 OR ABOVE:   0    0.10 INCH OR MORE:   2
MIN 32 OR BELOW:   7    0.50 INCH OR MORE:   0
MIN  0 OR BELOW:   0    1.00 INCH OR MORE:   0

[HDD (BASE 65) ]
TOTAL THIS MO.   512    CLEAR  (SCALE 0-3)   7
DPTR FM NORMAL   -82    PTCLDY (SCALE 4-7)  12
TOTAL FM JUL 1  1688    CLOUDY (SCALE 8-10)  2
DPTR FM NORMAL  -593

[CDD (BASE 65) ]
TOTAL THIS MO.     0
DPTR FM NORMAL     0    [PRESSURE DATA]
TOTAL FM JAN 1     0    HIGHEST SLP M ON M
DPTR FM NORMAL     0    LOWEST  SLP 29.29 ON 21

[REMARKS]
