000
CXUS53 KUNR 230945
CF6PHP
PRELIMINARY LOCAL CLIMATOLOGICAL DATA (WS FORM: F-6)

                                          STATION:   PHILIP SD
                                          MONTH:     APRIL
                                          YEAR:      2014
                                          LATITUDE:   44  3 N
                                          LONGITUDE: 101 36 W

  TEMPERATURE IN F:       :PCPN:    SNOW:  WIND      :SUNSHINE: SKY     :PK WND
================================================================================
1   2   3   4   5  6A  6B    7    8   9   10  11  12  13   14  15   16   17  18
                                     12Z  AVG MX 2MIN
DY MAX MIN AVG DEP HDD CDD  WTR  SNW DPTH SPD SPD DIR MIN PSBL S-S WX    SPD DR
================================================================================

 1  29   5  17 -24  48   0 0.00    M    M  7.6 16  80   M    M   6        18  80
 2  30  23  27 -14  38   0 0.21    M    M 11.4 18 100   M    M  10 12     23  80
 3  35  26  31 -11  34   0 0.00    M    M 12.6 26 330   M    M  10        32 330
 4  52  21  37  -5  28   0 0.00    M    M  6.5 13 130   M    M   2        15 120
 5  64  29  47   5  18   0 0.00    M    M  7.2 18 360   M    M   1        24 360
 6  63  28  46   3  19   0 0.03    M    M  6.7 21 210   M    M   5        24 240
 7  57  30  44   1  21   0 0.18    M    M 14.5 36 320   M    M   7 1      45 320
 8  69  23  46   2  19   0 0.00    M    M  5.3 14 240   M    M   0        20 280
 9  82  41  62  18   3   0    T    M    M 13.1 31 360   M    M   1        40 360
10  65  36  51   7  14   0    T    M    M  6.9 17 210   M    M   1        28 210
11  74  36  55  10  10   0 0.00    M    M 10.4 24  40   M    M   1        30 360
12  67  34  51   6  14   0 0.00    M    M 15.5 26 350   M    M   2        32 360
13  41  21  31 -14  34   0 0.00    M    M 19.3 30  10   M    M   6        37 360
14  42  19  31 -15  34   0 0.00    M    M 11.9 26 340   M    M   2        36 320
15  67  45  56  10   9   0 0.00    M    M  7.4 21 350   M    M   1        24 360
16  45  31  38  -8  27   0 0.12    M    M 11.8 22 360   M    M  10 1      29  10
17  52  28  40  -7  25   0    T    M    M 11.6 26 150   M    M   6        32 130
18  83  32  58  11   7   0 0.00    M    M 14.5 26 200   M    M   0        36 200
19  68  37  53   5  12   0 0.00    M    M  8.1 26 320   M    M   0        34 320
20  81  36  59  11   6   0 0.00    M    M 10.8 26 340   M    M   1        33 330
21  71  34  53   5  12   0 0.00    M    M  7.6 16 340   M    M   0        21 330
22  81  41  61  12   4   0 0.00    M    M 15.0 32 190   M    M   1        41 200
================================================================================
SM 1318  656       436   0  0.54    M    235.7          M       73
================================================================================
AV 59.9 29.8                              10.7 FASTST   M    M   3    MAX(MPH)
                                 MISC ---->  # 36 320               # 45  320
================================================================================
NOTES:
# LAST OF SEVERAL OCCURRENCES

COLUMN 17 PEAK WIND IN M.P.H.

PRELIMINARY LOCAL CLIMATOLOGICAL DATA (WS FORM: F-6) , PAGE 2

                                          STATION:  PHILIP SD
                                          MONTH:    APRIL
                                          YEAR:     2014
                                          LATITUDE:   44  3 N
                                          LONGITUDE: 101 36 W

[TEMPERATURE DATA]      [PRECIPITATION DATA]       SYMBOLS USED IN COLUMN 16

AVERAGE MONTHLY: 44.9   TOTAL FOR MONTH:   0.54    1 = FOG OR MIST
DPTR FM NORMAL:   0.0   DPTR FM NORMAL:   -0.61    2 = FOG REDUCING VISIBILITY
HIGHEST:    83 ON 18    GRTST 24HR  0.21 ON  1- 2      TO 1/4 MILE OR LESS
LOWEST:      5 ON  1                               3 = THUNDER
                        SNOW, ICE PELLETS, HAIL    4 = ICE PELLETS
                        TOTAL MONTH:    M          5 = HAIL
                        GRTST 24HR    M  ON   M    6 = FREEZING RAIN OR DRIZZLE
                        GRTST DEPTH:  M  ON   M    7 = DUSTSTORM OR SANDSTORM:
                                                       VSBY 1/2 MILE OR LESS
                                                   8 = SMOKE OR HAZE
[NO. OF DAYS WITH]      [WEATHER - DAYS WITH]      9 = BLOWING SNOW
                                                   X = TORNADO
MAX 32 OR BELOW:   2    0.01 INCH OR MORE:   4
MAX 90 OR ABOVE:   0    0.10 INCH OR MORE:   3
MIN 32 OR BELOW:  13    0.50 INCH OR MORE:   0
MIN  0 OR BELOW:   0    1.00 INCH OR MORE:   0

[HDD (BASE 65) ]
TOTAL THIS MO.   436    CLEAR  (SCALE 0-3)  14
DPTR FM NORMAL    -8    PTCLDY (SCALE 4-7)   5
TOTAL FM JUL 1  7029    CLOUDY (SCALE 8-10)  3
DPTR FM NORMAL   282

[CDD (BASE 65) ]
TOTAL THIS MO.     0
DPTR FM NORMAL     0    [PRESSURE DATA]
TOTAL FM JAN 1     0    HIGHEST SLP M ON M
DPTR FM NORMAL     0    LOWEST  SLP 29.45 ON 22

[REMARKS]
