000
CXUS53 KILX 252300
CF6PIA
PRELIMINARY LOCAL CLIMATOLOGICAL DATA (WS FORM: F-6)

                                          STATION:   PEORIA IL
                                          MONTH:     OCTOBER
                                          YEAR:      2014
                                          LATITUDE:   40 40 N
                                          LONGITUDE:  89 41 W

  TEMPERATURE IN F:       :PCPN:    SNOW:  WIND      :SUNSHINE: SKY     :PK WND
================================================================================
1   2   3   4   5  6A  6B    7    8   9   10  11  12  13   14  15   16   17  18
                                     12Z  AVG MX 2MIN
DY MAX MIN AVG DEP HDD CDD  WTR  SNW DPTH SPD SPD DIR MIN PSBL S-S WX    SPD DR
================================================================================

 1  79  53  66   7   0   1 0.18  0.0    0  8.1 18 170   M    M   3 8      25 170
 2  70  66  68   9   0   3 0.44  0.0    0  6.5 20 160   M    M   6 18     25 160
 3  66  46  56  -3   9   0 0.26  0.0    0 12.2 24 300   M    M   9 1      35 300
 4  53  40  47 -11  18   0    T    T    0 11.0 22 280   M    M   9        29 270
 5  64  40  52  -6  13   0 0.00  0.0    0  5.8 13 230   M    M   8 8      16 230
 6  66  50  58   1   7   0    T  0.0    0  7.8 22 270   M    M   4        29 260
 7  74  50  62   5   3   0 0.01  0.0    0  7.1 20 290   M    M   4        26 280
 8  71  47  59   2   6   0 0.01  0.0    0  4.0 10 270   M    M   0         M  M
 9  63  53  58   2   7   0 0.15  0.0    0  3.1 10 350   M    M   8 1      16 340
10  63  47  55  -1  10   0 0.00  0.0    0  6.7 14  40   M    M   1        17  80
11  64  41  53  -3  12   0 0.00  0.0    0  4.5 12  70   M    M   0 18     16  80
12  59  40  50  -5  15   0 0.06  0.0    0  6.2 12 110   M    M   7 18     15 150
13  70  57  64   9   1   0 0.91  0.0    0 11.2 24 160   M    M  10 1      40 160
14  65  55  60   5   5   0 0.27  0.0    0  6.9 16 170   M    M  10 18     23 360
15  55  52  54   0  11   0 0.03  0.0    0  6.9 14 350   M    M  10 18     23 360
16  69  53  61   7   4   0 0.01  0.0    0  6.3 13 200   M    M   6 1      16 220
17  62  53  58   4   7   0 0.00  0.0    0 10.0 21 300   M    M   5        32 310
18  55  43  49  -4  16   0    T  0.0    0  4.5 13 310   M    M   8        17 310
19  63  39  51  -2  14   0 0.00  0.0    0  6.8 16 220   M    M   3 1      20 240
20  70  47  59   6   6   0 0.00  0.0    0  6.4 16 320   M    M   0        24 320
21  61  43  52   0  13   0 0.00  0.0    0  6.5 16  60   M    M   0        21  50
22  62  38  50  -2  15   0 0.00  0.0    0  4.6 13 180   M    M   0 18     17 170
23  62  41  52   0  13   0    T  0.0    0  7.7 17 210   M    M   4        22 190
24  66  46  56   5   9   0 0.00  0.0    0  4.9 13 220   M    M   4 128    17 220
================================================================================
SM 1552 1140       214   4  2.33    T    165.7          M      119
================================================================================
AV 64.7 47.5                               6.9 FASTST   M    M   5    MAX(MPH)
                                 MISC ---->  # 24 300               # 40  160
================================================================================
NOTES:
# LAST OF SEVERAL OCCURRENCES

COLUMN 17 PEAK WIND IN M.P.H.

PRELIMINARY LOCAL CLIMATOLOGICAL DATA (WS FORM: F-6) , PAGE 2

                                          STATION:  PEORIA IL
                                          MONTH:    OCTOBER
                                          YEAR:     2014
                                          LATITUDE:   40 40 N
                                          LONGITUDE:  89 41 W

[TEMPERATURE DATA]      [PRECIPITATION DATA]       SYMBOLS USED IN COLUMN 16

AVERAGE MONTHLY: 56.1   TOTAL FOR MONTH:   2.33    1 = FOG OR MIST
DPTR FM NORMAL:   0.9   DPTR FM NORMAL:    0.18    2 = FOG REDUCING VISIBILITY
HIGHEST:    79 ON  1    GRTST 24HR  0.94 ON 12-13      TO 1/4 MILE OR LESS
LOWEST:     38 ON 22                               3 = THUNDER
                        SNOW, ICE PELLETS, HAIL    4 = ICE PELLETS
                        TOTAL MONTH:    T          5 = HAIL
                        GRTST 24HR    T  ON  4- 4  6 = FREEZING RAIN OR DRIZZLE
                        GRTST DEPTH:   0           7 = DUSTSTORM OR SANDSTORM:
                                                       VSBY 1/2 MILE OR LESS
                                                   8 = SMOKE OR HAZE
[NO. OF DAYS WITH]      [WEATHER - DAYS WITH]      9 = BLOWING SNOW
                                                   X = TORNADO
MAX 32 OR BELOW:   0    0.01 INCH OR MORE:  11
MAX 90 OR ABOVE:   0    0.10 INCH OR MORE:   6
MIN 32 OR BELOW:   0    0.50 INCH OR MORE:   1
MIN  0 OR BELOW:   0    1.00 INCH OR MORE:   0

[HDD (BASE 65) ]
TOTAL THIS MO.   214    CLEAR  (SCALE 0-3)   8
DPTR FM NORMAL   -37    PTCLDY (SCALE 4-7)  10
TOTAL FM JUL 1   292    CLOUDY (SCALE 8-10)  6
DPTR FM NORMAL   -49

[CDD (BASE 65) ]
TOTAL THIS MO.     4
DPTR FM NORMAL    -8    [PRESSURE DATA]
TOTAL FM JAN 1  1151    HIGHEST SLP M ON M
DPTR FM NORMAL   115    LOWEST  SLP 29.42 ON 14

[REMARKS]
