000
CXUS53 KILX 182300
CF6PIA
PRELIMINARY LOCAL CLIMATOLOGICAL DATA (WS FORM: F-6)

                                          STATION:   PEORIA IL
                                          MONTH:     DECEMBER
                                          YEAR:      2014
                                          LATITUDE:   40 40 N
                                          LONGITUDE:  89 41 W

  TEMPERATURE IN F:       :PCPN:    SNOW:  WIND      :SUNSHINE: SKY     :PK WND
================================================================================
1   2   3   4   5  6A  6B    7    8   9   10  11  12  13   14  15   16   17  18
                                     12Z  AVG MX 2MIN
DY MAX MIN AVG DEP HDD CDD  WTR  SNW DPTH SPD SPD DIR MIN PSBL S-S WX    SPD DR
================================================================================

 1  26  17  22 -12  43   0 0.00  0.0    0  8.1 15 360   M    M   2        23 330
 2  32  16  24  -9  41   0 0.00  0.0    0  8.1 15 220   M    M   5        18 200
 3  41  23  32  -1  33   0 0.00  0.0    0  5.4 10 280   M    M   0        15 310
 4  37  27  32   0  33   0 0.00  0.0    0  6.9 12 100   M    M   7 18     14 110
 5  42  35  39   7  26   0 0.02  0.0    0  5.5 12  40   M    M  10 18     15  40
 6  40  29  35   3  30   0 0.00  0.0    0  6.1 15 360   M    M   6 18     22  10
 7  37  26  32   1  33   0 0.00  0.0    0  8.0 14 170   M    M   2        19 170
 8  43  33  38   7  27   0 0.09  0.0    0  8.8 22 300   M    M  10 18     34 310
 9  37  32  35   5  30   0    T    T    0  5.8 13 340   M    M  10 8      19 330
10  35  30  33   3  32   0 0.00  0.0    0  3.5 10  70   M    M  10        13  60
11  34  22  28  -2  37   0 0.00  0.0    0  3.0  9 260   M    M   6 18     13 240
12  39  23  31   2  34   0 0.00  0.0    0  4.4  8 200   M    M   9 18     11 180
13  52  36  44  15  21   0 0.00  0.0    0  5.6 10 210   M    M   9 18     13 210
14  50  42  46  17  19   0 0.00  0.0    0  9.3 15 170   M    M   9 12     19 160
15  50  47  49  21  16   0 0.29  0.0    0 12.0 21 120   M    M  10 18     29 130
16  47  24  36   8  29   0 0.15  0.0    0 13.4 22 290   M    M  10 18     33 310
17  30  21  26  -2  39   0    T    T    0  5.9 14 300   M    M   7 8      21 290
================================================================================
SM  672  483       523   0  0.55    T    119.8          M      122
================================================================================
AV 39.5 28.4                               7.0 FASTST   M    M   7    MAX(MPH)
                                 MISC ---->  # 22 300               # 34  310
================================================================================
NOTES:
# LAST OF SEVERAL OCCURRENCES

COLUMN 17 PEAK WIND IN M.P.H.

PRELIMINARY LOCAL CLIMATOLOGICAL DATA (WS FORM: F-6) , PAGE 2

                                          STATION:  PEORIA IL
                                          MONTH:    DECEMBER
                                          YEAR:     2014
                                          LATITUDE:   40 40 N
                                          LONGITUDE:  89 41 W

[TEMPERATURE DATA]      [PRECIPITATION DATA]       SYMBOLS USED IN COLUMN 16

AVERAGE MONTHLY: 34.0   TOTAL FOR MONTH:   0.55    1 = FOG OR MIST
DPTR FM NORMAL:   3.4   DPTR FM NORMAL:   -0.91    2 = FOG REDUCING VISIBILITY
HIGHEST:    52 ON 13    GRTST 24HR  0.44 ON 15-16      TO 1/4 MILE OR LESS
LOWEST:     16 ON  2                               3 = THUNDER
                        SNOW, ICE PELLETS, HAIL    4 = ICE PELLETS
                        TOTAL MONTH:    T          5 = HAIL
                        GRTST 24HR    T  ON 17-17  6 = FREEZING RAIN OR DRIZZLE
                        GRTST DEPTH:   0           7 = DUSTSTORM OR SANDSTORM:
                                                       VSBY 1/2 MILE OR LESS
                                                   8 = SMOKE OR HAZE
[NO. OF DAYS WITH]      [WEATHER - DAYS WITH]      9 = BLOWING SNOW
                                                   X = TORNADO
MAX 32 OR BELOW:   3    0.01 INCH OR MORE:   4
MAX 90 OR ABOVE:   0    0.10 INCH OR MORE:   2
MIN 32 OR BELOW:  12    0.50 INCH OR MORE:   0
MIN  0 OR BELOW:   0    1.00 INCH OR MORE:   0

[HDD (BASE 65) ]
TOTAL THIS MO.   523    CLEAR  (SCALE 0-3)   3
DPTR FM NORMAL   -64    PTCLDY (SCALE 4-7)   5
TOTAL FM JUL 1  1764    CLOUDY (SCALE 8-10)  9
DPTR FM NORMAL    29

[CDD (BASE 65) ]
TOTAL THIS MO.     0
DPTR FM NORMAL     0    [PRESSURE DATA]
TOTAL FM JAN 1  1156    HIGHEST SLP M ON M
DPTR FM NORMAL   117    LOWEST  SLP 29.64 ON 15

[REMARKS]
