000
CXUS55 KPIH 201200
CF6PIH

PRELIMINARY LOCAL CLIMATOLOGICAL DATA (WS FORM: F-6)

                                          STATION:   POCATELLO ID
                                          MONTH:     JANUARY
                                          YEAR:      2018
                                          LATITUDE:   42 55 N
                                          LONGITUDE: 112 36 W

  TEMPERATURE IN F:       :PCPN:    SNOW:  WIND      :SUNSHINE: SKY     :PK WND
================================================================================
1   2   3   4   5  6A  6B    7    8   9   10  11  12  13   14  15   16   17  18
                                     12Z  AVG MX 2MIN
DY MAX MIN AVG DEP HDD CDD  WTR  SNW DPTH SPD SPD DIR MIN PSBL S-S WX    SPD DR
================================================================================

 1  33  14  24   0  41   0 0.00  0.0    T  2.9 12  50   M    M   3        13  50
 2  31   8  20  -4  45   0 0.00  0.0    T  3.7 13  50   M    M   1 12     14  50
 3  37  12  25   1  40   0 0.00  0.0    T  5.7 12  30   M    M   0        16  30
 4  37  15  26   2  39   0 0.00  0.0    0  5.7 10  10   M    M   2        13  70
 5  44  22  33   9  32   0 0.00  0.0    0  3.9 10 330   M    M   3        10 330
 6  40  25  33   9  32   0 0.07    T    0  8.9 21 230   M    M   8 1      24 230
 7  45  29  37  13  28   0 0.00  0.0    0  8.8 21 180   M    M   5 12     25 180
 8  44  27  36  12  29   0 0.00  0.0    0  6.3 21 170   M    M   4        29 200
 9  47  36  42  18  23   0 0.17  0.0    0 10.3 23 180   M    M  10        30 170
10  44  28  36  12  29   0 0.12  0.0    0 21.4 33 250   M    M   7        41 230
11  43  28  36  12  29   0 0.09    T    0 12.8 28 190   M    M   9 1      36 180
12  47  35  41  17  24   0    T  0.0    0 15.4 33 250   M    M   3        40 250
13  47  28  38  14  27   0 0.00  0.0    0 10.3 22 230   M    M   1        25 230
14  42  22  32   8  33   0 0.00  0.0    0  3.5 12  50   M    M   1 1      13  50
15  44  22  33   9  32   0 0.00  0.0    0  3.9 13  30   M    M   2 12     16  30
16  46  20  33   9  32   0 0.00  0.0    0  2.9 10  10   M    M   2        13  30
17  44  25  35  11  30   0 0.00  0.0    0  3.5 14  90   M    M   2 1      16  90
18  54  27  41  17  24   0    T  0.0    0 11.8 39 170   M    M   5        49 170
19  51  32  42  18  23   0 0.22    T    0 16.4 35 180   M    M  10 1      44 180
================================================================================
SM  820  455       592   0  0.67    T    158.1          M       78
================================================================================
AV 43.2 24.0                               8.3 FASTST   M    M   4    MAX(MPH)
                                 MISC ---->  # 39 170               # 49  170
================================================================================
NOTES:
# LAST OF SEVERAL OCCURRENCES
SNOWFALL/DEPTH ALWAYS AUGMENTED BY WFO POCATELLO

COLUMN 17 PEAK WIND IN M.P.H.

PRELIMINARY LOCAL CLIMATOLOGICAL DATA (WS FORM: F-6) , PAGE 2

                                          STATION:  POCATELLO ID
                                          MONTH:    JANUARY
                                          YEAR:     2018
                                          LATITUDE:   42 55 N
                                          LONGITUDE: 112 36 W

[TEMPERATURE DATA]      [PRECIPITATION DATA]       SYMBOLS USED IN COLUMN 16

AVERAGE MONTHLY: 33.6   TOTAL FOR MONTH:   0.67    1 = FOG OR MIST
DPTR FM NORMAL:   9.6   DPTR FM NORMAL:    0.02    2 = FOG REDUCING VISIBILITY
HIGHEST:    54 ON 18    GRTST 24HR  0.22 ON 19-19      TO 1/4 MILE OR LESS
LOWEST:      8 ON  2                               3 = THUNDER
                        SNOW, ICE PELLETS, HAIL    4 = ICE PELLETS
                        TOTAL MONTH:    T          5 = HAIL
                        GRTST 24HR    T  ON 19-19  6 = FREEZING RAIN OR DRIZZLE
                        GRTST DEPTH:   0           7 = DUSTSTORM OR SANDSTORM:
                                                       VSBY 1/2 MILE OR LESS
                                                   8 = SMOKE OR HAZE
[NO. OF DAYS WITH]      [WEATHER - DAYS WITH]      9 = BLOWING SNOW
                                                   X = TORNADO
MAX 32 OR BELOW:   1    0.01 INCH OR MORE:   5
MAX 90 OR ABOVE:   0    0.10 INCH OR MORE:   3
MIN 32 OR BELOW:  17    0.50 INCH OR MORE:   0
MIN  0 OR BELOW:   0    1.00 INCH OR MORE:   0

[HDD (BASE 65) ]
TOTAL THIS MO.   592    CLEAR  (SCALE 0-3)  11
DPTR FM NORMAL  -187    PTCLDY (SCALE 4-7)   5
TOTAL FM JUL 1  3441    CLOUDY (SCALE 8-10)  3
DPTR FM NORMAL  -323

[CDD (BASE 65) ]
TOTAL THIS MO.     0
DPTR FM NORMAL     0    [PRESSURE DATA]
TOTAL FM JAN 1     0    HIGHEST SLP M ON M
DPTR FM NORMAL     0    LOWEST  SLP 29.57 ON 10

[REMARKS]
