000
CXUS54 KBRO 260900
CF6PIL
PRELIMINARY LOCAL CLIMATOLOGICAL DATA (WS FORM: F-6)

                                          STATION:   BAYVIEW
                                          MONTH:     DECEMBER
                                          YEAR:      2014
                                          LATITUDE:   26 10 N
                                          LONGITUDE:  97 20 W

  TEMPERATURE IN F:       :PCPN:    SNOW:  WIND      :SUNSHINE: SKY     :PK WND
================================================================================
1   2   3   4   5  6A  6B    7    8   9   10  11  12  13   14  15   16   17  18
                                     12Z  AVG MX 2MIN
DY MAX MIN AVG DEP HDD CDD  WTR  SNW DPTH SPD SPD DIR MIN PSBL S-S WX    SPD DR
================================================================================

 1  79  64  72   7   0   7    T  0.0    0  7.4 21  10   M    M   4 18     27  20
 2  64  51  58  -7   7   0    T  0.0    0 13.9 22 340   M    M  10 18     29 360
 3  70  56  63  -2   2   0    T  0.0    0  5.0 14 180   M    M   9 128    18 170
 4  79  64  72   8   0   7    T  0.0    0  6.5 14 110   M    M   5 18     16 110
 5  80  69  75  11   0  10 0.00  0.0    0 10.8 23 150   M    M   3 18     26 150
 6  80  67  74  10   0   9    T  0.0    0  4.6 13  60   M    M   7 18     17  60
 7  73  67  70   6   0   5    M  0.0    0  7.9 15  20   M    M  10 18     19 360
 8   M   M   M   M   M   M    T    M    0 10.8 15  20   M    M  10 1       M  M
 9   M   M   M   M   M   M    M    M    M   M   M   M   M    M   M         M  M
10  75  58  67   4   0   2 0.00  0.0    M  8.0 17 130   M    M   M 18     21 130
11  76  63  70   7   0   5 0.00  0.0    M  8.8 17 140   M    M   M 8      24 110
12  75  61  68   6   0   3 0.00  0.0    M  7.9 14 110   M    M   3        17 100
13  77  61  69   7   0   4 0.00  0.0    0  8.3 17 130   M    M   2 1      22 120
14  78  67  73  11   0   8 0.00  0.0    0 13.5 25 160   M    M   2 18     32 150
15  79  66  73  11   0   8 0.00  0.0    0  9.5 21 190   M    M   2 18     28 200
16  74  68  71   9   0   6    T  0.0    0 12.1 23  70   M    M  10 18     29  70
17  76  67  72  11   0   7    T  0.0    0 11.8 24 160   M    M   3 18     34 190
18  78  70  74  13   0   9    T  0.0    0 10.3 21 150   M    M   7 18     25 150
19  73  60  67   6   0   2    T  0.0    0  8.4 20 340   M    M   8 18     24 350
20  63  56  60  -1   5   0    T  0.0    0 13.4 22 360   M    M  10 18     27 360
21  65  58  62   1   3   0    T  0.0    0  8.8 15 360   M    M  10 18     17 320
22  77  58  68   7   0   3 0.00  0.0    0 10.6 22 200   M    M   4 18     28 200
23  77  52  65   4   0   0    T  0.0    0 15.8 29 360   M    M   6 18     39 360
24  62  43  53  -7  12   0 0.00  0.0    0 13.7 30 320   M    M   1        36 320
25  69  40  55  -5  10   0    T    M    0 12.6 26 160   M    M   2 18     33 150
================================================================================
SM 1699 1386        39  95    T      0.0 240.4          M      128
================================================================================
AV 73.9 60.3                              10.0 FASTST   M    M   6    MAX(MPH)
                                 MISC ---->  # 30 320               # 39  360
================================================================================
NOTES:
# LAST OF SEVERAL OCCURRENCES

COLUMN 17 PEAK WIND IN M.P.H.

PRELIMINARY LOCAL CLIMATOLOGICAL DATA (WS FORM: F-6) , PAGE 2

                                          STATION:  BAYVIEW
                                          MONTH:    DECEMBER
                                          YEAR:     2014
                                          LATITUDE:   26 10 N
                                          LONGITUDE:  97 20 W

[TEMPERATURE DATA]      [PRECIPITATION DATA]       SYMBOLS USED IN COLUMN 16

AVERAGE MONTHLY: 67.1   TOTAL FOR MONTH:      T    1 = FOG OR MIST
DPTR FM NORMAL:   4.7   DPTR FM NORMAL:   -1.13    2 = FOG REDUCING VISIBILITY
HIGHEST:    80 ON  6, 5 GRTST 24HR    T  ON 25-25      TO 1/4 MILE OR LESS
LOWEST:     40 ON 25                               3 = THUNDER
                        SNOW, ICE PELLETS, HAIL    4 = ICE PELLETS
                        TOTAL MONTH:   0.0 INCH    5 = HAIL
                        GRTST 24HR     0.0         6 = FREEZING RAIN OR DRIZZLE
                        GRTST DEPTH:   0           7 = DUSTSTORM OR SANDSTORM:
                                                       VSBY 1/2 MILE OR LESS
                                                   8 = SMOKE OR HAZE
[NO. OF DAYS WITH]      [WEATHER - DAYS WITH]      9 = BLOWING SNOW
                                                   X = TORNADO
MAX 32 OR BELOW:   0    0.01 INCH OR MORE:   0
MAX 90 OR ABOVE:   0    0.10 INCH OR MORE:   0
MIN 32 OR BELOW:   0    0.50 INCH OR MORE:   0
MIN  0 OR BELOW:   0    1.00 INCH OR MORE:   0

[HDD (BASE 65) ]
TOTAL THIS MO.    39    CLEAR  (SCALE 0-3)   8
DPTR FM NORMAL   -85    PTCLDY (SCALE 4-7)   7
TOTAL FM JUL 1   158    CLOUDY (SCALE 8-10)  7
DPTR FM NORMAL    -7

[CDD (BASE 65) ]
TOTAL THIS MO.    95
DPTR FM NORMAL    32    [PRESSURE DATA]
TOTAL FM JAN 1  4095    HIGHEST SLP 30.21 ON 12
DPTR FM NORMAL    81    LOWEST  SLP 29.51 ON 23

[REMARKS]
