000
CXUS54 KBRO 290900
CF6PIL
PRELIMINARY LOCAL CLIMATOLOGICAL DATA (WS FORM: F-6)

                                          STATION:   BAYVIEW
                                          MONTH:     MAY
                                          YEAR:      2017
                                          LATITUDE:   26 10 N
                                          LONGITUDE:  97 20 W

  TEMPERATURE IN F:       :PCPN:    SNOW:  WIND      :SUNSHINE: SKY     :PK WND
================================================================================
1   2   3   4   5  6A  6B    7    8   9   10  11  12  13   14  15   16   17  18
                                     12Z  AVG MX 2MIN
DY MAX MIN AVG DEP HDD CDD  WTR  SNW DPTH SPD SPD DIR MIN PSBL S-S WX    SPD DR
================================================================================

 1  86  59  73  -5   0   8 0.00  0.0    0  9.6 20 110   M    M   0        24 120
 2  85  66  76  -2   0  11    T  0.0    0 10.5 18 100   M    M   5 18     23 120
 3  90  76  83   5   0  18    T  0.0    0 13.6 24 170   M    M   7 18     31 170
 4  86  67  77  -1   0  12 0.12  0.0    0 15.0 33  30   M    M   3 13     44  20
 5  84  59  72  -6   0   7 0.00  0.0    0  8.1 20  60   M    M   0        27  60
 6  87  60  74  -5   0   9 0.00  0.0    0 10.8 21 130   M    M   0        27 110
 7  86  63  75  -4   0  10 0.00  0.0    0 12.9 23 120   M    M   3        30 120
 8  84  73  79   0   0  14 0.00  0.0    0 16.1 25 140   M    M   6 8      31 140
 9  86  76  81   2   0  16    T  0.0    0 19.8 29 130   M    M   8 18     37 140
10  88  76  82   3   0  17 0.00  0.0    0 19.6 30 140   M    M   6 18     39 150
11  90  77  84   4   0  19 0.00  0.0    0 16.6 26 150   M    M   6 18     36 140
12  92  70  81   1   0  16 0.15  0.0    0  6.5 20  60   M    M   3 1238   26  40
13  87  67  77  -3   0  12 0.00  0.0    0  8.1 18  90   M    M   3 128    23  70
14  88  71  80   0   0  15 0.00  0.0    0 12.2 21 100   M    M   1        26  90
15  88  72  80   0   0  15 0.00  0.0    0 15.4 24 110   M    M   4 8      30 100
16  89  77  83   3   0  18 0.00  0.0    0 21.7 30 140   M    M   6        37 140
17  90  78  84   3   0  19 0.00  0.0    0 18.3 30 170   M    M   8 18     38 160
18  91  78  85   4   0  20 0.00  0.0    0 17.3 30 140   M    M   7 18     38 150
19  93  78  86   5   0  21 0.00  0.0    0 18.2 29 140   M    M   6 18     36 150
20  90  79  85   4   0  20 0.00  0.0    0 15.1 23 130   M    M   6 1      31 140
21  89  80  85   4   0  20    T  0.0    0 12.0 20  90   M    M   7 18     26 100
22  96  80  88   6   0  23    T  0.0    0 12.8 25 150   M    M   8 18     32 140
23  88  73  81  -1   0  16 0.43  0.0    0  8.0 25  10   M    M   5 13     33  20
24  84  66  75  -7   0  10 0.00  0.0    0 12.7 23  20   M    M   1        29  20
25  90  70  80  -2   0  15 0.00  0.0    0 15.9 25 160   M    M   3        33 150
26  93  79  86   4   0  21 0.00  0.0    0 19.5 30 170   M    M   7 18     36 160
27  96  80  88   6   0  23 0.00  0.0    0 16.7 26 130   M    M   6 18     34 140
28  95  81  88   6   0  23 0.00  0.0    0 16.3 24 130   M    M   7 18     32 150
================================================================================
SM 2491 2031         0 448  0.70     0.0 399.3          M      132
================================================================================
AV 89.0 72.5                              14.3 FASTST   M    M   5    MAX(MPH)
                                 MISC ---->  # 33  30               # 44   20
================================================================================
NOTES:
# LAST OF SEVERAL OCCURRENCES

COLUMN 17 PEAK WIND IN M.P.H.

PRELIMINARY LOCAL CLIMATOLOGICAL DATA (WS FORM: F-6) , PAGE 2

                                          STATION:  BAYVIEW
                                          MONTH:    MAY
                                          YEAR:     2017
                                          LATITUDE:   26 10 N
                                          LONGITUDE:  97 20 W

[TEMPERATURE DATA]      [PRECIPITATION DATA]       SYMBOLS USED IN COLUMN 16

AVERAGE MONTHLY: 80.8   TOTAL FOR MONTH:   0.70    1 = FOG OR MIST
DPTR FM NORMAL:   0.6   DPTR FM NORMAL:   -1.60    2 = FOG REDUCING VISIBILITY
HIGHEST:    96 ON 27,22 GRTST 24HR  0.43 ON 23-23      TO 1/4 MILE OR LESS
LOWEST:     59 ON  5, 1                            3 = THUNDER
                        SNOW, ICE PELLETS, HAIL    4 = ICE PELLETS
                        TOTAL MONTH:   0.0 INCH    5 = HAIL
                        GRTST 24HR     0.0         6 = FREEZING RAIN OR DRIZZLE
                        GRTST DEPTH:   0           7 = DUSTSTORM OR SANDSTORM:
                                                       VSBY 1/2 MILE OR LESS
                                                   8 = SMOKE OR HAZE
[NO. OF DAYS WITH]      [WEATHER - DAYS WITH]      9 = BLOWING SNOW
                                                   X = TORNADO
MAX 32 OR BELOW:   0    0.01 INCH OR MORE:   3
MAX 90 OR ABOVE:  12    0.10 INCH OR MORE:   3
MIN 32 OR BELOW:   0    0.50 INCH OR MORE:   0
MIN  0 OR BELOW:   0    1.00 INCH OR MORE:   0

[HDD (BASE 65) ]
TOTAL THIS MO.     0    CLEAR  (SCALE 0-3)   9
DPTR FM NORMAL     0    PTCLDY (SCALE 4-7)  18
TOTAL FM JUL 1   226    CLOUDY (SCALE 8-10)  1
DPTR FM NORMAL  -322

[CDD (BASE 65) ]
TOTAL THIS MO.   448
DPTR FM NORMAL    25    [PRESSURE DATA]
TOTAL FM JAN 1  1513    HIGHEST SLP M ON M
DPTR FM NORMAL   510    LOWEST  SLP 29.65 ON 17

[REMARKS]
