000
CXUS55 KABR 231400
CF6PIR
PRELIMINARY LOCAL CLIMATOLOGICAL DATA (WS FORM: F-6)

                                          STATION:   PIERRE SD
                                          MONTH:     AUGUST
                                          YEAR:      2017
                                          LATITUDE:   44 22 N
                                          LONGITUDE: 100 17 W

  TEMPERATURE IN F:       :PCPN:    SNOW:  WIND      :SUNSHINE: SKY     :PK WND
================================================================================
1   2   3   4   5  6A  6B    7    8   9   10  11  12  13   14  15   16   17  18
                                     12Z  AVG MX 2MIN
DY MAX MIN AVG DEP HDD CDD  WTR  SNW DPTH SPD SPD DIR MIN PSBL S-S WX    SPD DR
================================================================================

 1  86  62  74  -2   0   9 0.11  0.0    0  8.6 29 310   M    M   1 13     35 310
 2  80  58  69  -7   0   4 0.01  0.0    0 11.5 26 350   M    M   2 3      33 350
 3  72  51  62 -14   3   0    T  0.0    0  9.6 22 330   M    M   6        26 330
 4  82  46  64 -12   1   0 0.00  0.0    0 10.2 21 120   M    M   2 3      27 140
 5  73  59  66 -10   0   1 0.63  0.0    0  9.7 22  80   M    M   6 13     27  20
 6  76  54  65 -11   0   0 0.40  0.0    0  7.2 18 170   M    M   4 13     22 170
 7  79  56  68  -8   0   3 0.00  0.0    0  4.9 10 160   M    M   4        16 150
 8  87  55  71  -5   0   6 0.02  0.0    0  9.6 24 170   M    M   1 3      29 170
 9  83  57  70  -5   0   5 0.00  0.0    0 10.8 23 310   M    M   2 3      32 320
10  77  55  66  -9   0   1 0.00  0.0    0  8.9 18 350   M    M   3        21 340
11  83  51  67  -8   0   2    T  0.0    0  6.7 17 100   M    M   1        24 110
12  83  62  73  -2   0   8 0.14  0.0    0 14.2 26 120   M    M   2 13     32 140
13  80  57  69  -6   0   4 0.07  0.0    0  7.6 15 340   M    M   4 13     19  10
14  79  52  66  -8   0   1    T  0.0    0  8.7 18 110   M    M   0 3      23 110
15  79  63  71  -3   0   6 0.26  0.0    0 10.9 25 110   M    M   5 13     29 110
16  72  56  64 -10   1   0 0.01  0.0    0 10.6 21 340   M    M   5 1      25 330
17  88  51  70  -4   0   5 0.06  0.0    0  9.9 25 130   M    M   0 3      31 130
18  83  56  70  -4   0   5 0.00  0.0    0  8.4 20 360   M    M   0        26 350
19  93  57  75   2   0  10 0.00  0.0    0 11.0 24 170   M    M   0        28 160
20  80  59  70  -3   0   5    T  0.0    0 13.2 32 350   M    M   1 3      41 360
21  81  58  70  -3   0   5 1.35  0.0    0 11.5 43 280   M    M   3 13     47 290
22  81  50  66  -7   0   1 0.00  0.0    0  5.1 10 360   M    M   0        13 110
================================================================================
SM 1777 1225         5  81  3.06     0.0 208.8          M       52
================================================================================
AV 80.8 55.7                               9.5 FASTST   M    M   2    MAX(MPH)
                                 MISC ---->  # 43 280               # 47  290
================================================================================
NOTES:
# LAST OF SEVERAL OCCURRENCES

COLUMN 17 PEAK WIND IN M.P.H.

PRELIMINARY LOCAL CLIMATOLOGICAL DATA (WS FORM: F-6) , PAGE 2

                                          STATION:  PIERRE SD
                                          MONTH:    AUGUST
                                          YEAR:     2017
                                          LATITUDE:   44 22 N
                                          LONGITUDE: 100 17 W

[TEMPERATURE DATA]      [PRECIPITATION DATA]       SYMBOLS USED IN COLUMN 16

AVERAGE MONTHLY: 68.2   TOTAL FOR MONTH:   3.06    1 = FOG OR MIST
DPTR FM NORMAL:  -6.5   DPTR FM NORMAL:    1.70    2 = FOG REDUCING VISIBILITY
HIGHEST:    93 ON 19    GRTST 24HR  1.35 ON 21-21      TO 1/4 MILE OR LESS
LOWEST:     46 ON  4                               3 = THUNDER
                        SNOW, ICE PELLETS, HAIL    4 = ICE PELLETS
                        TOTAL MONTH:   0.0 INCH    5 = HAIL
                        GRTST 24HR     0.0         6 = FREEZING RAIN OR DRIZZLE
                        GRTST DEPTH:   0           7 = DUSTSTORM OR SANDSTORM:
                                                       VSBY 1/2 MILE OR LESS
                                                   8 = SMOKE OR HAZE
[NO. OF DAYS WITH]      [WEATHER - DAYS WITH]      9 = BLOWING SNOW
                                                   X = TORNADO
MAX 32 OR BELOW:   0    0.01 INCH OR MORE:  11
MAX 90 OR ABOVE:   1    0.10 INCH OR MORE:   6
MIN 32 OR BELOW:   0    0.50 INCH OR MORE:   2
MIN  0 OR BELOW:   0    1.00 INCH OR MORE:   1

[HDD (BASE 65) ]
TOTAL THIS MO.     5    CLEAR  (SCALE 0-3)  15
DPTR FM NORMAL     3    PTCLDY (SCALE 4-7)   7
TOTAL FM JUL 1     5    CLOUDY (SCALE 8-10)  0
DPTR FM NORMAL    -3

[CDD (BASE 65) ]
TOTAL THIS MO.    81
DPTR FM NORMAL  -138    [PRESSURE DATA]
TOTAL FM JAN 1   702    HIGHEST SLP M ON M
DPTR FM NORMAL   -10    LOWEST  SLP 29.74 ON 19

[REMARKS]
