124
CXUS55 KABR 261400
CF6PIR
PRELIMINARY LOCAL CLIMATOLOGICAL DATA (WS FORM: F-6)

                                          STATION:   PIERRE SD
                                          MONTH:     MAY
                                          YEAR:      2016
                                          LATITUDE:   44 22 N
                                          LONGITUDE: 100 17 W

  TEMPERATURE IN F:       :PCPN:    SNOW:  WIND      :SUNSHINE: SKY     :PK WND
================================================================================
1   2   3   4   5  6A  6B    7    8   9   10  11  12  13   14  15   16   17  18
                                     12Z  AVG MX 2MIN
DY MAX MIN AVG DEP HDD CDD  WTR  SNW DPTH SPD SPD DIR MIN PSBL S-S WX    SPD DR
================================================================================

 1  61  31  46  -7  19   0 0.00  0.0    0  8.0 16 340   M    M   1        22 310
 2  65  36  51  -3  14   0    T  0.0    0  8.2 23 360   M    M   2        28 360
 3  77  35  56   2   9   0 0.00  0.0    0 11.1 24 340   M    M   0        30 340
 4  75  35  55   1  10   0 0.00  0.0    0  3.3  9 280   M    M   0 8      12 270
 5  87  42  65  10   0   0 0.00  0.0    0 10.4 22 160   M    M   0        28 160
 6  87  53  70  15   0   5 0.00  0.0    0 12.0 30  40   M    M   0        36  30
 7  68  45  57   2   8   0 0.00  0.0    0  6.0 15  40   M    M   0        19  40
 8  70  49  60   4   5   0    T  0.0    0 11.3 21 120   M    M   6        27 120
 9  65  51  58   2   7   0 0.25  0.0    0  9.2 18 120   M    M   8 13     25 110
10  63  41  52  -4  13   0 0.00  0.0    0  8.7 23 280   M    M   4 12     29 260
11  58  42  50  -6  15   0 0.00  0.0    0 16.2 31 280   M    M   5 8      36 290
12  65  40  53  -4  12   0 0.00  0.0    0 14.5 29 310   M    M   0 8      36 330
13  50  31  41 -16  24   0 0.04  0.0    0 20.6 35 330   M    M   7 1      42 330
14  60  31  46 -11  19   0 0.00  0.0    0 12.3 23 300   M    M   2 8      30 310
15  66  31  49  -9  16   0 0.00  0.0    0  5.9 15 240   M    M   0        21 230
16  68  35  52  -6  13   0 0.00  0.0    0  4.4 14  80   M    M   2        18 120
17  68  38  53  -5  12   0 0.00  0.0    0  4.9 14  80   M    M   1        18  70
18  73  35  54  -5  11   0 0.00  0.0    0  7.8 18 140   M    M   0        27 120
19  76  49  63   4   2   0 0.00  0.0    0 17.3 31 170   M    M   2        38 170
20  69  50  60   1   5   0 0.00  0.0    0 18.7 26 130   M    M   4        33 150
21  75  57  66   6   0   1    T  0.0    0 19.4 30 150   M    M   7        37 160
22  84  57  71  11   0   6 0.12  0.0    0 16.3 51 310   M    M   6 13     61 310
23  79  51  65   5   0   0    T  0.0    0  6.1 14 190   M    M   1        22 190
24  81  45  63   3   2   0 0.56  0.0    0  8.6 33 270   M    M   1 13     41 270
25  75  52  64   3   1   0 0.20  0.0    0 10.2 44 330   M    M   2 13     55 330
================================================================================
SM 1765 1062       217  12  1.17     0.0 271.4          M       61
================================================================================
AV 70.6 42.5                              10.9 FASTST   M    M   2    MAX(MPH)
                                 MISC ---->  # 51 310               # 61  310
================================================================================
NOTES:
# LAST OF SEVERAL OCCURRENCES

COLUMN 17 PEAK WIND IN M.P.H.

PRELIMINARY LOCAL CLIMATOLOGICAL DATA (WS FORM: F-6) , PAGE 2

                                          STATION:  PIERRE SD
                                          MONTH:    MAY
                                          YEAR:     2016
                                          LATITUDE:   44 22 N
                                          LONGITUDE: 100 17 W

[TEMPERATURE DATA]      [PRECIPITATION DATA]       SYMBOLS USED IN COLUMN 16

AVERAGE MONTHLY: 56.5   TOTAL FOR MONTH:   1.17    1 = FOG OR MIST
DPTR FM NORMAL:  -0.5   DPTR FM NORMAL:   -1.29    2 = FOG REDUCING VISIBILITY
HIGHEST:    87 ON  6, 5 GRTST 24HR  0.76 ON 24-25      TO 1/4 MILE OR LESS
LOWEST:     31 ON 15,14                            3 = THUNDER
                        SNOW, ICE PELLETS, HAIL    4 = ICE PELLETS
                        TOTAL MONTH:   0.0 INCH    5 = HAIL
                        GRTST 24HR     0.0         6 = FREEZING RAIN OR DRIZZLE
                        GRTST DEPTH:   0           7 = DUSTSTORM OR SANDSTORM:
                                                       VSBY 1/2 MILE OR LESS
                                                   8 = SMOKE OR HAZE
[NO. OF DAYS WITH]      [WEATHER - DAYS WITH]      9 = BLOWING SNOW
                                                   X = TORNADO
MAX 32 OR BELOW:   0    0.01 INCH OR MORE:   5
MAX 90 OR ABOVE:   0    0.10 INCH OR MORE:   4
MIN 32 OR BELOW:   4    0.50 INCH OR MORE:   1
MIN  0 OR BELOW:   0    1.00 INCH OR MORE:   0

[HDD (BASE 65) ]
TOTAL THIS MO.   217    CLEAR  (SCALE 0-3)  17
DPTR FM NORMAL    -2    PTCLDY (SCALE 4-7)   8
TOTAL FM JUL 1  6316    CLOUDY (SCALE 8-10)  0
DPTR FM NORMAL  -893

[CDD (BASE 65) ]
TOTAL THIS MO.    12
DPTR FM NORMAL   -11    [PRESSURE DATA]
TOTAL FM JAN 1    18    HIGHEST SLP M ON M
DPTR FM NORMAL    -9    LOWEST  SLP 29.48 ON 22

[REMARKS]
