000
CXUS51 KRLX 201141
CF6PKB
PRELIMINARY LOCAL CLIMATOLOGICAL DATA (WS FORM: F-6)

                                          STATION:   PARKERSBURG WV
                                          MONTH:     SEPTEMBER
                                          YEAR:      2017
                                          LATITUDE:   39 20 N
                                          LONGITUDE:  81 26 W

  TEMPERATURE IN F:       :PCPN:    SNOW:  WIND      :SUNSHINE: SKY     :PK WND
================================================================================
1   2   3   4   5  6A  6B    7    8   9   10  11  12  13   14  15   16   17  18
                                     12Z  AVG MX 2MIN
DY MAX MIN AVG DEP HDD CDD  WTR  SNW DPTH SPD SPD DIR MIN PSBL S-S WX    SPD DR
================================================================================

 1  64  54  59 -12   6   0 0.17    M    M 11.9 21  70   M    M   6 1      28  70
 2  66  53  60 -11   5   0 0.18    M    M  5.9 16  70   M    M  10 1      22  70
 3  76  59  68  -3   0   3 0.05    M    M  7.1 16 280   M    M   6 1      24 270
 4  83  58  71   1   0   6 0.00    M    M  8.3 17 210   M    M   2 1      25 180
 5  74  60  67  -3   0   2 0.50    M    M  7.8 18 320   M    M   6 13     25 330
 6  71  50  61  -9   4   0 0.00    M    M  3.1 14 280   M    M   3 1      21 280
 7  68  47  58 -11   7   0 0.00    M    M  5.2 14 300   M    M   6        19 290
 8  73  50  62  -7   3   0 0.00    M    M  4.1 13 280   M    M   2        17 270
 9  72  47  60  -9   5   0 0.00    M    M  2.5 14  50   M    M   4 12     21  70
10  71  43  57 -11   8   0 0.00    M    M  3.8 14  90   M    M   0 1      18  90
11  71  47  59  -9   6   0 0.00    M    M  3.8 12  60   M    M   0 1      17  60
12  77  55  66  -2   0   1 0.01    M    M  3.6  9  50   M    M   4        15  60
13  80  61  71   4   0   6 0.17    M    M  3.6 13 300   M    M   7 18     19 240
14  69  59  64  -3   1   0 0.17    M    M  2.9  8 190   M    M   7 1      13 170
15  77  58  68   1   0   3 0.00    M    M  1.1  6 320   M    M  10 12      8 350
16  80  60  70   4   0   5 0.00    M    M  1.5  7  60   M    M   6 12     12 170
17  82  60  71   5   0   6 0.00    M    M  0.7  7 330   M    M   5 12      9 100
18  85  59  72   7   0   7 0.00    M    M  0.7  7  70   M    M   4 12      9  40
19  84  59  72   7   0   7 0.00    M    M  1.2 10 260   M    M   5 128    14 250
================================================================================
SM 1423 1039        45  46  1.25    M     78.8          M       93
================================================================================
AV 74.9 54.7                               4.1 FASTST   M    M   5    MAX(MPH)
                                 MISC ---->  # 21  70               # 28   70
================================================================================
NOTES:
# LAST OF SEVERAL OCCURRENCES

COLUMN 17 PEAK WIND IN M.P.H.

PRELIMINARY LOCAL CLIMATOLOGICAL DATA (WS FORM: F-6) , PAGE 2

                                          STATION:  PARKERSBURG WV
                                          MONTH:    SEPTEMBER
                                          YEAR:     2017
                                          LATITUDE:   39 20 N
                                          LONGITUDE:  81 26 W

[TEMPERATURE DATA]      [PRECIPITATION DATA]       SYMBOLS USED IN COLUMN 16

AVERAGE MONTHLY: 64.8   TOTAL FOR MONTH:   1.25    1 = FOG OR MIST
DPTR FM NORMAL:  -3.5   DPTR FM NORMAL:   -0.73    2 = FOG REDUCING VISIBILITY
HIGHEST:    85 ON 18    GRTST 24HR  0.50 ON  5- 5      TO 1/4 MILE OR LESS
LOWEST:     43 ON 10                               3 = THUNDER
                        SNOW, ICE PELLETS, HAIL    4 = ICE PELLETS
                        TOTAL MONTH:    M          5 = HAIL
                        GRTST 24HR    M  ON   M    6 = FREEZING RAIN OR DRIZZLE
                        GRTST DEPTH:  M  ON   M    7 = DUSTSTORM OR SANDSTORM:
                                                       VSBY 1/2 MILE OR LESS
                                                   8 = SMOKE OR HAZE
[NO. OF DAYS WITH]      [WEATHER - DAYS WITH]      9 = BLOWING SNOW
                                                   X = TORNADO
MAX 32 OR BELOW:   0    0.01 INCH OR MORE:   7
MAX 90 OR ABOVE:   0    0.10 INCH OR MORE:   5
MIN 32 OR BELOW:   0    0.50 INCH OR MORE:   1
MIN  0 OR BELOW:   0    1.00 INCH OR MORE:   0

[HDD (BASE 65) ]
TOTAL THIS MO.    45    CLEAR  (SCALE 0-3)   4
DPTR FM NORMAL    21    PTCLDY (SCALE 4-7)  13
TOTAL FM JUL 1    47    CLOUDY (SCALE 8-10)  2
DPTR FM NORMAL    18

[CDD (BASE 65) ]
TOTAL THIS MO.    46
DPTR FM NORMAL   -40    [PRESSURE DATA]
TOTAL FM JAN 1   848    HIGHEST SLP M ON M
DPTR FM NORMAL   -68    LOWEST  SLP 29.77 ON 13

[REMARKS]
