000
CXUS53 KAPX 290631
CF6PLN
PRELIMINARY LOCAL CLIMATOLOGICAL DATA (WS FORM: F-6)

                                          STATION:   PELLSTON
                                          MONTH:     MAY
                                          YEAR:      2016
                                          LATITUDE:   45 34 N
                                          LONGITUDE:  84 48 W

  TEMPERATURE IN F:       :PCPN:    SNOW:  WIND      :SUNSHINE: SKY     :PK WND
================================================================================
1   2   3   4   5  6A  6B    7    8   9   10  11  12  13   14  15   16   17  18
                                     12Z  AVG MX 2MIN
DY MAX MIN AVG DEP HDD CDD  WTR  SNW DPTH SPD SPD DIR MIN PSBL S-S WX    SPD DR
================================================================================

 1  58  38  48   2  17   0 0.00    M    M  5.5 15  50   M    M   5        21  70
 2  64  30  47   0  18   0 0.00    M    M  3.9 15 320   M    M   5        17 310
 3  67  27  47   0  18   0 0.08    M    M  6.8 26 290   M    M   3        33 290
 4  49  41  45  -3  20   0 0.60    M    M  8.8 17  10   M    M  10 1      22  20
 5  63  32  48   0  17   0 0.00    M    M  5.7 10 300   M    M   2         M  M
 6  78  31  55   7  10   0 0.00    M    M  4.0 14 360   M    M   1        16 270
 7  63  34  49   1  16   0    T    M    M 13.0 25 330   M    M   3        30 320
 8  58  29  44  -5  21   0 0.00    M    M  9.6 23 330   M    M   1        29 320
 9  64  23  44  -5  21   0 0.00    M    M  6.1 16  60   M    M   0        20 140
10  64  32  48  -2  17   0 0.00    M    M 10.7 23 100   M    M   0        35 130
11  76  30  53   3  12   0 0.00    M    M  8.1 22  70   M    M   0        27  70
12  65  49  57   7   8   0 0.11    M    M  3.8 14 260   M    M   8 1      17 310
13  56  40  48  -2  17   0 0.21    M    M  8.9 20 290   M    M  10 1      24 260
14  45  33  39 -12  26   0    T    M    M 15.1 30 310   M    M   9        38 320
15  46  33  40 -11  25   0    T    M    M 11.5 28 300   M    M   7 1      36 300
16  58  36  47  -5  18   0 0.02    M    M  6.9 16 330   M    M   8        22 220
17  62  28  45  -7  20   0 0.00    M    M  6.0 17 360   M    M   0        22 330
18  67  29  48  -4  17   0 0.00    M    M  5.0 12 320   M    M   0        17 360
19  72  29  51  -1  14   0 0.00    M    M  3.5 18 320   M    M   0        21 310
20  76  31  54   1  11   0 0.00    M    M  2.9 13 280   M    M   0        17 260
21  79  38  59   6   6   0 0.00    M    M  4.4 16 340   M    M   2        21 330
22  73  37  55   2  10   0 0.00    M    M  2.9 12  60   M    M   0        18 110
23  81  33  57   3   8   0 0.00    M    M  4.1 14 300   M    M   0        19 210
24  84  43  64  10   1   0 0.08    M    M  7.4 21 330   M    M   2 12     29 280
25  73  50  62   8   3   0 0.03    M    M  6.2 16 100   M    M   6 12     20 100
26  83  58  71  16   0   6 0.05    M    M  5.3 21 260   M    M   4 13     29 270
27  84  54  69  14   0   4 0.14    M    M  4.5 17  70   M    M   5 12     20  60
28  84  66  75  20   0  10 0.05    M    M  6.3 21 230   M    M   5 1      31 230
================================================================================
SM 1892 1034       371  20  1.37    M    186.9          M       96
================================================================================
AV 67.6 36.9                               6.7 FASTST   M    M   3    MAX(MPH)
                                 MISC ---->  # 30 310               # 38  320
================================================================================
NOTES:
# LAST OF SEVERAL OCCURRENCES

COLUMN 17 PEAK WIND IN M.P.H.

PRELIMINARY LOCAL CLIMATOLOGICAL DATA (WS FORM: F-6) , PAGE 2

                                          STATION:  PELLSTON
                                          MONTH:    MAY
                                          YEAR:     2016
                                          LATITUDE:   45 34 N
                                          LONGITUDE:  84 48 W

[TEMPERATURE DATA]      [PRECIPITATION DATA]       SYMBOLS USED IN COLUMN 16

AVERAGE MONTHLY: 52.2   TOTAL FOR MONTH:   1.37    1 = FOG OR MIST
DPTR FM NORMAL:   1.3   DPTR FM NORMAL:   -1.00    2 = FOG REDUCING VISIBILITY
HIGHEST:    84 ON 28,27 GRTST 24HR  0.68 ON  3- 4      TO 1/4 MILE OR LESS
LOWEST:     23 ON  9                               3 = THUNDER
                        SNOW, ICE PELLETS, HAIL    4 = ICE PELLETS
                        TOTAL MONTH:    M          5 = HAIL
                        GRTST 24HR    M  ON   M    6 = FREEZING RAIN OR DRIZZLE
                        GRTST DEPTH:  M  ON   M    7 = DUSTSTORM OR SANDSTORM:
                                                       VSBY 1/2 MILE OR LESS
                                                   8 = SMOKE OR HAZE
[NO. OF DAYS WITH]      [WEATHER - DAYS WITH]      9 = BLOWING SNOW
                                                   X = TORNADO
MAX 32 OR BELOW:   0    0.01 INCH OR MORE:  10
MAX 90 OR ABOVE:   0    0.10 INCH OR MORE:   4
MIN 32 OR BELOW:  12    0.50 INCH OR MORE:   1
MIN  0 OR BELOW:   0    1.00 INCH OR MORE:   0

[HDD (BASE 65) ]
TOTAL THIS MO.   371    CLEAR  (SCALE 0-3)  15
DPTR FM NORMAL   -29    PTCLDY (SCALE 4-7)   9
TOTAL FM JUL 1  7354    CLOUDY (SCALE 8-10)  4
DPTR FM NORMAL -1105

[CDD (BASE 65) ]
TOTAL THIS MO.    20
DPTR FM NORMAL    19    [PRESSURE DATA]
TOTAL FM JAN 1    20    HIGHEST SLP M ON M
DPTR FM NORMAL    17    LOWEST  SLP 29.61 ON M

[REMARKS]
