000
CXUS55 KLOX 281655
CF6PMD
PRELIMINARY LOCAL CLIMATOLOGICAL DATA (WS FORM: F-6)

                                          STATION:   PALMDALE AIRPORT CA
                                          MONTH:     MARCH
                                          YEAR:      2015
                                          LATITUDE:   34 37 N
                                          LONGITUDE: 118  5 W

  TEMPERATURE IN F:       :PCPN:    SNOW:  WIND      :SUNSHINE: SKY     :PK WND
================================================================================
1   2   3   4   5  6A  6B    7    8   9   10  11  12  13   14  15   16   17  18
                                     12Z  AVG MX 2MIN
DY MAX MIN AVG DEP HDD CDD  WTR  SNW DPTH SPD SPD DIR MIN PSBL S-S WX    SPD DR
================================================================================

 1  53  41  47  -4  18   0 0.03    M    0  6.4 17 180   M    M   9 1      20 180
 2  55  36  46  -5  19   0    T    M    0 10.1 24 260   M    M   4        29 260
 3  59  32  46  -5  19   0 0.00  0.0    0  7.6 22 290   M    M   1        26 290
 4  61  30  46  -6  19   0 0.00  0.0    0  5.9 18  70   M    M   0        23  60
 5  66  28  47  -5  18   0 0.00  0.0    0  5.3 20  70   M    M   0        23  70
 6  72  29  51  -1  14   0 0.00  0.0    0  7.4 23  70   M    M   0        29  60
 7  75  33  54   2  11   0 0.00  0.0    0  5.6 15  80   M    M   0        20  80
 8  78  40  59   7   6   0 0.00  0.0    0  6.3 17 270   M    M   0        20 240
 9  77  39  58   6   7   0 0.00  0.0    0  6.8 14  30   M    M   0        19  70
10  77  37  57   5   8   0 0.00  0.0    0  5.8 15 260   M    M   0        18 260
11  69  47  58   6   7   0    T    M    0  8.1 28 250   M    M   5        32 250
12  77  41  59   6   6   0 0.00  0.0    0  9.1 25  40   M    M   0        31  40
13  79  42  61   8   4   0 0.00  0.0    0  9.3 25  70   M    M   0        31  50
14  83  44  64  11   1   0 0.00  0.0    0  3.9 10  50   M    M   0        13  30
15  81  49  65  12   0   0 0.00  0.0    0  7.1 16 280   M    M   0        20 270
16  81  49  65  12   0   0 0.00  0.0    0  7.6 18 220   M    M   0        27 240
17  78  49  64  11   1   0 0.00  0.0    0  9.4 25 290   M    M   0         M  M
18  73  54  64  11   1   0 0.33  0.0    0  9.2 36 130   M    M   1 38     42 130
19  78  48  63  10   2   0 0.00  0.0    0  6.6 18 300   M    M   0        23 290
20  81  43  62   9   3   0 0.00  0.0    0  6.9 21 250   M    M   0        24 250
21  78  50  64  10   1   0 0.00  0.0    0 10.4 26 250   M    M   0        31 240
22  73  51  62   8   3   0 0.00  0.0    0 15.4 25 240   M    M   0        30 190
23  68  49  59   5   6   0 0.00  0.0    0 21.6 36 300   M    M   0 8      45 300
24  72  49  61   7   4   0 0.00  0.0    0 19.7 32 280   M    M   0        38 290
25  77  44  61   7   4   0 0.00  0.0    0  7.8 20  60   M    M   0        25 270
26  82  44  63   9   2   0 0.00  0.0    0  7.0 22  60   M    M   0        27  50
27  87  47  67  13   0   2 0.00  0.0    0  7.2 21 240   M    M   0        24 230
================================================================================
SM 1990 1145       184   2  0.36     0.0 233.5          M       20
================================================================================
AV 73.7 42.4                               8.6 FASTST   M    M   1    MAX(MPH)
                                 MISC ---->  # 36 130               # 45  300
================================================================================
NOTES:
# LAST OF SEVERAL OCCURRENCES

COLUMN 17 PEAK WIND IN M.P.H.

PRELIMINARY LOCAL CLIMATOLOGICAL DATA (WS FORM: F-6) , PAGE 2

                                          STATION:  PALMDALE AIRPORT CA
                                          MONTH:    MARCH
                                          YEAR:     2015
                                          LATITUDE:   34 37 N
                                          LONGITUDE: 118  5 W

[TEMPERATURE DATA]      [PRECIPITATION DATA]       SYMBOLS USED IN COLUMN 16

AVERAGE MONTHLY: 58.1   TOTAL FOR MONTH:   0.36    1 = FOG OR MIST
DPTR FM NORMAL:   5.3   DPTR FM NORMAL:   -0.76    2 = FOG REDUCING VISIBILITY
HIGHEST:    87 ON 27    GRTST 24HR  0.33 ON 18-18      TO 1/4 MILE OR LESS
LOWEST:     28 ON  5                               3 = THUNDER
                        SNOW, ICE PELLETS, HAIL    4 = ICE PELLETS
                        TOTAL MONTH:   0.0 INCH    5 = HAIL
                        GRTST 24HR     0.0         6 = FREEZING RAIN OR DRIZZLE
                        GRTST DEPTH:   0           7 = DUSTSTORM OR SANDSTORM:
                                                       VSBY 1/2 MILE OR LESS
                                                   8 = SMOKE OR HAZE
[NO. OF DAYS WITH]      [WEATHER - DAYS WITH]      9 = BLOWING SNOW
                                                   X = TORNADO
MAX 32 OR BELOW:   0    0.01 INCH OR MORE:   2
MAX 90 OR ABOVE:   0    0.10 INCH OR MORE:   1
MIN 32 OR BELOW:   4    0.50 INCH OR MORE:   0
MIN  0 OR BELOW:   0    1.00 INCH OR MORE:   0

[HDD (BASE 65) ]
TOTAL THIS MO.   184    CLEAR  (SCALE 0-3)  24
DPTR FM NORMAL  -148    PTCLDY (SCALE 4-7)   2
TOTAL FM JUL 1  1839    CLOUDY (SCALE 8-10)  1
DPTR FM NORMAL  -738

[CDD (BASE 65) ]
TOTAL THIS MO.     2
DPTR FM NORMAL     2    [PRESSURE DATA]
TOTAL FM JAN 1     2    HIGHEST SLP M ON M
DPTR FM NORMAL     2    LOWEST  SLP 29.82 ON  9

[REMARKS]
