000
CXUS54 KOUN 290800
CF6PNC
PRELIMINARY LOCAL CLIMATOLOGICAL DATA (WS FORM: F-6)

                                          STATION:   PONCA CITY
                                          MONTH:     MAY
                                          YEAR:      2015
                                          LATITUDE:   36 44 N
                                          LONGITUDE:  97  6 W

  TEMPERATURE IN F:       :PCPN:    SNOW:  WIND      :SUNSHINE: SKY     :PK WND
================================================================================
1   2   3   4   5  6A  6B    7    8   9   10  11  12  13   14  15   16   17  18
                                     12Z  AVG MX 2MIN
DY MAX MIN AVG DEP HDD CDD  WTR  SNW DPTH SPD SPD DIR MIN PSBL S-S WX    SPD DR
================================================================================

 1  79  49  64   1   1   0 0.00  0.0    0  7.0 14 140   M    M   0        18 150
 2  82  61  72   8   0   7    T  0.0    0  8.9 17 210   M    M   0        26 220
 3  83  63  73   9   0   8    T  0.0    0 10.4 22 210   M    M   0        29 210
 4  84  62  73   9   0   8 0.00  0.0    0 10.1 22 160   M    M   1        28 160
 5  78  61  70   6   0   5 0.99  0.0    0 12.8 28 150   M    M   4 1      37 140
 6  77  60  69   4   0   4 1.42  0.0    0 15.7 32 150   M    M   8 1      42 150
 7  78  62  70   5   0   5 0.41  0.0    0  8.2 21 110   M    M   7 1      28 110
 8  79  58  69   4   0   4 0.95  0.0    0  6.0 24 250   M    M   6 12     37 230
 9  72  62  67   1   0   2 0.02  0.0    0 10.4 35 100   M    M   7        41 110
10  77  51  64  -2   1   0 0.31  0.0    0  9.8 23 150   M    M   7 1      29 150
11  69  44  57  -9   8   0 0.00  0.0    0  8.2 18 350   M    M   1        24 350
12  71  43  57  -9   8   0 0.00  0.0    0  6.8 14 100   M    M   0        19  40
13  64  51  58  -9   7   0 0.29  0.0    0 12.5 23 140   M    M   8 18     28 140
14  81  60  71   4   0   6 0.02  0.0    0 10.0 21 150   M    M   6 1      30 150
15  82  64  73   6   0   8 0.14  0.0    0 13.0 26 210   M    M   3 1      34 210
16  81  63  72   4   0   7 0.41  0.0    0  9.3 23 150   M    M   8 1      33 160
17  83  62  73   5   0   8 0.00  0.0    0  6.1 15 210   M    M   0        21 210
18  78  57  68   0   0   3 0.00  0.0    0 10.4 20  30   M    M   2 12     25  40
19  61  55  58 -10   7   0 1.62  0.0    0 15.7 30  70   M    M   5 1      37  70
20  61  47  54 -15  11   0 0.11  0.0    0 12.4 20 350   M    M  10 1      24 340
21  66  43  55 -14  10   0 0.00  0.0    0  7.0 15  30   M    M   2 1      17 110
22  63  49  56 -13   9   0 0.42  0.0    0  8.2 16 150   M    M   8 18     20 140
23  66  57  62  -8   3   0 2.11  0.0    0 11.3 30  10   M    M  10 13     36  20
24  67  61  64  -6   1   0 0.40  0.0    0  7.0 21 130   M    M   8 1      26 130
25  80  60  70   0   0   5    T  0.0    0  8.8 21 160   M    M   6 1      27 150
26  79  59  69  -1   0   4 0.07  0.0    0  6.0 14 150   M    M   2 13     19 220
27  84  59  72   1   0   7 0.00  0.0    0  5.5 17 130   M    M   2 1238   21 120
28  80  65  73   2   0   8 0.49  0.0    0  9.6 18 100   M    M   4 13     27 330
================================================================================
SM 2105 1588        66  99 10.18     0.0 267.1          M      125
================================================================================
AV 75.2 56.7                               9.5 FASTST   M    M   4    MAX(MPH)
                                 MISC ---->  # 35 100               # 42  150
================================================================================
NOTES:
# LAST OF SEVERAL OCCURRENCES

COLUMN 17 PEAK WIND IN M.P.H.

PRELIMINARY LOCAL CLIMATOLOGICAL DATA (WS FORM: F-6) , PAGE 2

                                          STATION:  PONCA CITY
                                          MONTH:    MAY
                                          YEAR:     2015
                                          LATITUDE:   36 44 N
                                          LONGITUDE:  97  6 W

[TEMPERATURE DATA]      [PRECIPITATION DATA]       SYMBOLS USED IN COLUMN 16

AVERAGE MONTHLY: 65.9   TOTAL FOR MONTH:  10.18    1 = FOG OR MIST
DPTR FM NORMAL:  -1.2   DPTR FM NORMAL:    5.90    2 = FOG REDUCING VISIBILITY
HIGHEST:    84 ON 27, 4 GRTST 24HR  2.41 ON  5- 6      TO 1/4 MILE OR LESS
LOWEST:     43 ON 21,12                            3 = THUNDER
                        SNOW, ICE PELLETS, HAIL    4 = ICE PELLETS
                        TOTAL MONTH:   0.0 INCH    5 = HAIL
                        GRTST 24HR     0.0         6 = FREEZING RAIN OR DRIZZLE
                        GRTST DEPTH:   0           7 = DUSTSTORM OR SANDSTORM:
                                                       VSBY 1/2 MILE OR LESS
                                                   8 = SMOKE OR HAZE
[NO. OF DAYS WITH]      [WEATHER - DAYS WITH]      9 = BLOWING SNOW
                                                   X = TORNADO
MAX 32 OR BELOW:   0    0.01 INCH OR MORE:  17
MAX 90 OR ABOVE:   0    0.10 INCH OR MORE:  14
MIN 32 OR BELOW:   0    0.50 INCH OR MORE:   5
MIN  0 OR BELOW:   0    1.00 INCH OR MORE:   3

[HDD (BASE 65) ]
TOTAL THIS MO.    66    CLEAR  (SCALE 0-3)  12
DPTR FM NORMAL     8    PTCLDY (SCALE 4-7)  13
TOTAL FM JUL 1  3944    CLOUDY (SCALE 8-10)  3
DPTR FM NORMAL  -148

[CDD (BASE 65) ]
TOTAL THIS MO.    99
DPTR FM NORMAL   -21    [PRESSURE DATA]
TOTAL FM JAN 1   160    HIGHEST SLP M ON M
DPTR FM NORMAL    -7    LOWEST  SLP 29.63 ON 25

[REMARKS]
