000
CXUS55 KLOX 281655
CF6PRB
PRELIMINARY LOCAL CLIMATOLOGICAL DATA (WS FORM: F-6)

                                          STATION:   PASO ROBLES AIRPORT CA
                                          MONTH:     SEPTEMBER
                                          YEAR:      2016
                                          LATITUDE:   35 40 N
                                          LONGITUDE: 120 38 W

  TEMPERATURE IN F:       :PCPN:    SNOW:  WIND      :SUNSHINE: SKY     :PK WND
================================================================================
1   2   3   4   5  6A  6B    7    8   9   10  11  12  13   14  15   16   17  18
                                     12Z  AVG MX 2MIN
DY MAX MIN AVG DEP HDD CDD  WTR  SNW DPTH SPD SPD DIR MIN PSBL S-S WX    SPD DR
================================================================================

 1  93  53  73   1   0   8 0.00  0.0    M  8.1 20 290   M    M   0 1      24 290
 2  93  49  71  -1   0   6 0.00  0.0    0  6.4 16 210   M    M   1 12     19 200
 3  77  53  65  -7   0   0 0.00  0.0    0  8.8 22 210   M    M   2        28 210
 4  75  53  64  -8   1   0 0.00  0.0    0  9.2 22 200   M    M   3        26 230
 5  86  45  66  -6   0   1 0.00  0.0    0  4.8 17 330   M    M   2        22 330
 6  96  47  72   1   0   7 0.00  0.0    0  3.5 15 340   M    M   0        18 340
 7  95  51  73   2   0   8 0.00  0.0    0  6.0 20 240   M    M   0        24 250
 8  86  51  69  -2   0   4 0.00  0.0    0  6.5 21 210   M    M   2 12     26 200
 9  95  50  73   2   0   8 0.00  0.0    0  4.4 21 200   M    M   0        25 210
10  95  52  74   3   0   9 0.00  0.0    0  5.4 23 210   M    M   0 1      30 210
11  83  51  67  -3   0   2 0.00  0.0    0  6.2 21 200   M    M   2 12     24 210
12  71  52  62  -8   3   0 0.00  0.0    0 11.3 26 200   M    M   3        33 200
13  70  49  60 -10   5   0 0.00  0.0    0  6.3 17 230   M    M   6        23 230
14  83  40  62  -8   3   0 0.00  0.0    0  6.2  M   M   M    M   0         M  M
15  90  44  67  -3   0   2 0.00  0.0    0  4.4 18 340   M    M   0        47 230
16  93  47  70   0   0   5 0.00  0.0    0  4.5 20 310   M    M   0         M  M
17 100  48  74   5   0   9 0.00  0.0    0  3.5 17 310   M    M   0        22 310
18 104  53  79  10   0  14 0.00  0.0    0  3.3 13  70   M    M   0        25 110
19 102  54  78   9   0  13 0.00  0.0    0  4.5 23 210   M    M   0        30 200
20  93  59  76   7   0  11 0.00  0.0    0  6.4 21 210   M    M   0        24 190
21  87  53  70   2   0   5 0.00  0.0    0  8.9 24 310   M    M   0        32 310
22  76  47  62  -6   3   0 0.00  0.0    0 12.6 26 320   M    M   0        35 320
23  83  41  62  -6   3   0 0.00  0.0    0  4.6 21 330   M    M   0        23 320
24  91  46  69   1   0   4 0.00  0.0    0  6.0 18 110   M    M   0        24 140
25  98  51  75   7   0  10 0.00  0.0    0  2.7 16 230   M    M   0         M  M
26 102  50  76   9   0  11 0.00  0.0    0  4.1 18  90   M    M   0        24  80
27 101  52  77  10   0  12 0.00  0.0    0  3.5 20 320   M    M   0        23 320
================================================================================
SM 2418 1341        18 149  0.00     0.0 162.1          M       21
================================================================================
AV 89.6 49.7                               6.0 FASTST   M    M   1    MAX(MPH)
                                 MISC ---->  # 26 200               # 47  230
================================================================================
NOTES:
# LAST OF SEVERAL OCCURRENCES

COLUMN 17 PEAK WIND IN M.P.H.

PRELIMINARY LOCAL CLIMATOLOGICAL DATA (WS FORM: F-6) , PAGE 2

                                          STATION:  PASO ROBLES AIRPORT CA
                                          MONTH:    SEPTEMBER
                                          YEAR:     2016
                                          LATITUDE:   35 40 N
                                          LONGITUDE: 120 38 W

[TEMPERATURE DATA]      [PRECIPITATION DATA]       SYMBOLS USED IN COLUMN 16

AVERAGE MONTHLY: 69.6   TOTAL FOR MONTH:   0.00    1 = FOG OR MIST
DPTR FM NORMAL:  -0.2   DPTR FM NORMAL:   -0.18    2 = FOG REDUCING VISIBILITY
HIGHEST:   104 ON 18    GRTST 24HR  0.00 ON 27-27      TO 1/4 MILE OR LESS
LOWEST:     40 ON 14                               3 = THUNDER
                        SNOW, ICE PELLETS, HAIL    4 = ICE PELLETS
                        TOTAL MONTH:   0.0 INCH    5 = HAIL
                        GRTST 24HR     0.0         6 = FREEZING RAIN OR DRIZZLE
                        GRTST DEPTH:   0           7 = DUSTSTORM OR SANDSTORM:
                                                       VSBY 1/2 MILE OR LESS
                                                   8 = SMOKE OR HAZE
[NO. OF DAYS WITH]      [WEATHER - DAYS WITH]      9 = BLOWING SNOW
                                                   X = TORNADO
MAX 32 OR BELOW:   0    0.01 INCH OR MORE:   0
MAX 90 OR ABOVE:  16    0.10 INCH OR MORE:   0
MIN 32 OR BELOW:   0    0.50 INCH OR MORE:   0
MIN  0 OR BELOW:   0    1.00 INCH OR MORE:   0

[HDD (BASE 65) ]
TOTAL THIS MO.    18    CLEAR  (SCALE 0-3)  25
DPTR FM NORMAL     1    PTCLDY (SCALE 4-7)   2
TOTAL FM JUL 1    18    CLOUDY (SCALE 8-10)  0
DPTR FM NORMAL    -7

[CDD (BASE 65) ]
TOTAL THIS MO.   149
DPTR FM NORMAL     0    [PRESSURE DATA]
TOTAL FM JAN 1  1038    HIGHEST SLP M ON M
DPTR FM NORMAL   156    LOWEST  SLP 29.72 ON  5

[REMARKS]
