000
CXUS56 KFGZ 260900
CF6PRC
PRELIMINARY LOCAL CLIMATOLOGICAL DATA (WS FORM: F-6)

                                          STATION:   PRESCOTT AZ AIRPORT
                                          MONTH:     MARCH
                                          YEAR:      2015
                                          LATITUDE:   34 39 N
                                          LONGITUDE: 112 26 W

  TEMPERATURE IN F:       :PCPN:    SNOW:  WIND      :SUNSHINE: SKY     :PK WND
================================================================================
1   2   3   4   5  6A  6B    7    8   9   10  11  12  13   14  15   16   17  18
                                     12Z  AVG MX 2MIN
DY MAX MIN AVG DEP HDD CDD  WTR  SNW DPTH SPD SPD DIR MIN PSBL S-S WX    SPD DR
================================================================================

 1  48  36  42  -2  23   0 0.77    M    M  6.9 15 190   M    M   9 1      24 180
 2  48  33  41  -3  24   0 0.66    M    M 10.0 26 190   M    M   9 1      38 190
 3  48  31  40  -4  25   0    T    M    M  5.6 16 240   M    M   7        21 250
 4  53  29  41  -3  24   0 0.00    M    M  5.2 13  20   M    M   1        18  30
 5  60  23  42  -3  23   0 0.00    M    M  5.2 12  20   M    M   0        14  20
 6  65  24  45   0  20   0 0.00    M    M  5.3 14  50   M    M   0        18  40
 7  65  29  47   2  18   0 0.00    M    M  5.5 12  70   M    M   0        17 360
 8  68  32  50   5  15   0 0.00    M    M  6.0 17 250   M    M   0        21 240
 9  67  33  50   5  15   0 0.00    M    M  5.8 17 350   M    M   0        28 310
10  70  31  51   5  14   0 0.00    M    M  4.8 12 130   M    M   0        15 130
11  70  36  53   7  12   0 0.00    M    M  5.2 14 230   M    M   0        19 210
12  64  42  53   7  12   0    T    M    M  4.8 22 270   M    M   7        26 280
13  70  37  54   8  11   0 0.00    M    M  5.4 17  60   M    M   1        26  50
14  72  37  55   9  10   0 0.00    M    M  5.0 15  20   M    M   1        21  20
15  73  38  56  10   9   0 0.00    M    M  4.9 14 150   M    M   0        18 150
16  74  37  56  10   9   0 0.00    M    M  5.7 15 140   M    M   0        21 140
17  73  43  58  11   7   0 0.00    M    M  6.9 21 240   M    M   3        26 230
18  63  48  56   9   9   0 0.02    M    M  7.2 24 230   M    M   8        27 230
19  57  42  50   3  15   0 0.09    M    M  3.0 12 120   M    M   8 1      14 270
20  69  37  53   6  12   0 0.00    M    M  4.2 16 250   M    M   2 12     20 240
21  72  37  55   8  10   0 0.00    M    M  5.9 17 260   M    M   0        21 260
22  70  40  55   8  10   0 0.00    M    M  7.5 22 230   M    M   0        26 230
23  69  41  55   7  10   0 0.00    M    M  8.3 18 260   M    M   0        24 240
24  69  36  53   5  12   0 0.00    M    M  7.0 17 240   M    M   0        23 260
25  70  38  54   6  11   0 0.00    M    M  9.2 21 350   M    M   0        29 350
================================================================================
SM 1627  890       360   0  1.54    M    150.5          M       56
================================================================================
AV 65.1 35.6                               6.0 FASTST   M    M   2    MAX(MPH)
                                 MISC ---->  # 26 190               # 38  190
================================================================================
NOTES:
# LAST OF SEVERAL OCCURRENCES

COLUMN 17 PEAK WIND IN M.P.H.

PRELIMINARY LOCAL CLIMATOLOGICAL DATA (WS FORM: F-6) , PAGE 2

                                          STATION:  PRESCOTT AZ AIRPORT
                                          MONTH:    MARCH
                                          YEAR:     2015
                                          LATITUDE:   34 39 N
                                          LONGITUDE: 112 26 W

[TEMPERATURE DATA]      [PRECIPITATION DATA]       SYMBOLS USED IN COLUMN 16

AVERAGE MONTHLY: 50.3   TOTAL FOR MONTH:   1.54    1 = FOG OR MIST
DPTR FM NORMAL:   4.4   DPTR FM NORMAL:    0.63    2 = FOG REDUCING VISIBILITY
HIGHEST:    74 ON 16    GRTST 24HR  0.77 ON  1- 1      TO 1/4 MILE OR LESS
LOWEST:     23 ON  5                               3 = THUNDER
                        SNOW, ICE PELLETS, HAIL    4 = ICE PELLETS
                        TOTAL MONTH:    M          5 = HAIL
                        GRTST 24HR    M  ON   M    6 = FREEZING RAIN OR DRIZZLE
                        GRTST DEPTH:  M  ON   M    7 = DUSTSTORM OR SANDSTORM:
                                                       VSBY 1/2 MILE OR LESS
                                                   8 = SMOKE OR HAZE
[NO. OF DAYS WITH]      [WEATHER - DAYS WITH]      9 = BLOWING SNOW
                                                   X = TORNADO
MAX 32 OR BELOW:   0    0.01 INCH OR MORE:   4
MAX 90 OR ABOVE:   0    0.10 INCH OR MORE:   2
MIN 32 OR BELOW:   7    0.50 INCH OR MORE:   2
MIN  0 OR BELOW:   0    1.00 INCH OR MORE:   0

[HDD (BASE 65) ]
TOTAL THIS MO.   360    CLEAR  (SCALE 0-3)  18
DPTR FM NORMAL  -117    PTCLDY (SCALE 4-7)   5
TOTAL FM JUL 1  2896    CLOUDY (SCALE 8-10)  2
DPTR FM NORMAL  -753

[CDD (BASE 65) ]
TOTAL THIS MO.     0
DPTR FM NORMAL     0    [PRESSURE DATA]
TOTAL FM JAN 1     0    HIGHEST SLP M ON M
DPTR FM NORMAL     0    LOWEST  SLP 29.71 ON  2

[REMARKS]
