000
CXUS56 KFGZ 230900
CF6PRC
PRELIMINARY LOCAL CLIMATOLOGICAL DATA (WS FORM: F-6)

                                          STATION:   PRESCOTT AZ AIRPORT
                                          MONTH:     FEBRUARY
                                          YEAR:      2017
                                          LATITUDE:   34 39 N
                                          LONGITUDE: 112 26 W

  TEMPERATURE IN F:       :PCPN:    SNOW:  WIND      :SUNSHINE: SKY     :PK WND
================================================================================
1   2   3   4   5  6A  6B    7    8   9   10  11  12  13   14  15   16   17  18
                                     12Z  AVG MX 2MIN
DY MAX MIN AVG DEP HDD CDD  WTR  SNW DPTH SPD SPD DIR MIN PSBL S-S WX    SPD DR
================================================================================

 1  63  25  44   4  21   0 0.00    M    M  5.7 14 170   M    M   0        19 180
 2  61  28  45   5  20   0 0.00    M    M  5.3 12 130   M    M   0        13 130
 3  61  31  46   6  19   0 0.00    M    M  5.1 14 200   M    M   0        18 200
 4  61  30  46   6  19   0 0.00    M    0  6.0 12 160   M    M   0        15 150
 5  62  25  44   4  21   0 0.00    M    M  5.9 16 130   M    M   0        21 130
 6  55  40  48   8  17   0 0.00    M    M  8.0 20 230   M    M   5        24 230
 7  60  40  50  10  15   0 0.00    M    M 10.0 23 240   M    M   6        30 240
 8  66  36  51  10  14   0 0.00    M    M  4.2 14 160   M    M   1 1      17 360
 9  75  37  56  15   9   0 0.00    M    M  4.7 15 140   M    M   0        19 140
10  72  41  57  16   8   0 0.00    M    M  7.5 22 230   M    M   0        29 230
11  63  47  55  14  10   0 0.04    M    M  8.1 22 230   M    M   4 1      27 230
12  56  42  49   8  16   0 0.16    M    M  4.6 16  30   M    M   9 13     20  30
13  58  39  49   8  16   0 0.00    M    M  5.2 16 350   M    M   4        20  10
14  59  34  47   6  18   0 0.00    M    M  3.6 13 360   M    M   0        17  10
15  61  30  46   4  19   0 0.00    M    M  4.1 14 140   M    M   0        19 130
16  62  30  46   4  19   0 0.00    M    M  4.9 16 260   M    M   0        22 260
17  58  43  51   9  14   0    T    M    0 10.2 24 140   M    M   4        31 120
18  50  36  43   1  22   0 0.26    M    0 14.1 32 160   M    M  10 1      41 150
19  48  36  42   0  23   0 0.02    M    M  7.1 16 230   M    M   9 18     21 240
20  57  38  48   6  17   0 0.00  0.0    0  3.0 12 310   M    M   6        16 300
21  66  34  50   8  15   0 0.00    M    M  5.3 17 240   M    M   1        22 250
22  60  41  51   8  14   0 0.00    M    M 11.4 26 210   M    M   2        34 200
================================================================================
SM 1334  783       366   0  0.48     0.0 144.0          M       61
================================================================================
AV 60.6 35.6                               6.5 FASTST   M    M   3    MAX(MPH)
                                 MISC ---->  # 32 160               # 41  150
================================================================================
NOTES:
# LAST OF SEVERAL OCCURRENCES

COLUMN 17 PEAK WIND IN M.P.H.

PRELIMINARY LOCAL CLIMATOLOGICAL DATA (WS FORM: F-6) , PAGE 2

                                          STATION:  PRESCOTT AZ AIRPORT
                                          MONTH:    FEBRUARY
                                          YEAR:     2017
                                          LATITUDE:   34 39 N
                                          LONGITUDE: 112 26 W

[TEMPERATURE DATA]      [PRECIPITATION DATA]       SYMBOLS USED IN COLUMN 16

AVERAGE MONTHLY: 48.1   TOTAL FOR MONTH:   0.48    1 = FOG OR MIST
DPTR FM NORMAL:   7.0   DPTR FM NORMAL:   -0.60    2 = FOG REDUCING VISIBILITY
HIGHEST:    75 ON  9    GRTST 24HR  0.26 ON 18-18      TO 1/4 MILE OR LESS
LOWEST:     25 ON  5, 1                            3 = THUNDER
                        SNOW, ICE PELLETS, HAIL    4 = ICE PELLETS
                        TOTAL MONTH:   0.0 INCH    5 = HAIL
                        GRTST 24HR     0.0         6 = FREEZING RAIN OR DRIZZLE
                        GRTST DEPTH:   0           7 = DUSTSTORM OR SANDSTORM:
                                                       VSBY 1/2 MILE OR LESS
                                                   8 = SMOKE OR HAZE
[NO. OF DAYS WITH]      [WEATHER - DAYS WITH]      9 = BLOWING SNOW
                                                   X = TORNADO
MAX 32 OR BELOW:   0    0.01 INCH OR MORE:   4
MAX 90 OR ABOVE:   0    0.10 INCH OR MORE:   2
MIN 32 OR BELOW:   7    0.50 INCH OR MORE:   0
MIN  0 OR BELOW:   0    1.00 INCH OR MORE:   0

[HDD (BASE 65) ]
TOTAL THIS MO.   366    CLEAR  (SCALE 0-3)  13
DPTR FM NORMAL  -159    PTCLDY (SCALE 4-7)   6
TOTAL FM JUL 1  2549    CLOUDY (SCALE 8-10)  3
DPTR FM NORMAL  -493

[CDD (BASE 65) ]
TOTAL THIS MO.     0
DPTR FM NORMAL     0    [PRESSURE DATA]
TOTAL FM JAN 1     0    HIGHEST SLP M ON M
DPTR FM NORMAL     0    LOWEST  SLP 29.55 ON 18

[REMARKS]
