000
CXUS56 KFGZ 211715
CF6PRC
PRELIMINARY LOCAL CLIMATOLOGICAL DATA (WS FORM: F-6)

                                          STATION:   PRESCOTT AZ AIRPORT
                                          MONTH:     MAY
                                          YEAR:      2015
                                          LATITUDE:   34 39 N
                                          LONGITUDE: 112 26 W

  TEMPERATURE IN F:       :PCPN:    SNOW:  WIND      :SUNSHINE: SKY     :PK WND
================================================================================
1   2   3   4   5  6A  6B    7    8   9   10  11  12  13   14  15   16   17  18
                                     12Z  AVG MX 2MIN
DY MAX MIN AVG DEP HDD CDD  WTR  SNW DPTH SPD SPD DIR MIN PSBL S-S WX    SPD DR
================================================================================

 1  83  49  66   9   0   1 0.00    M    M  7.3 20 250   M    M   0        25 250
 2  82  50  66   9   0   1    T    M    M  6.1 23  10   M    M   3        30  10
 3  75  54  65   7   0   0    T    M    M  9.5 22 160   M    M   3        30 220
 4  61  50  56  -2   9   0 0.05    M    M  7.7 20 280   M    M   6        24 280
 5  68  50  59   1   6   0 0.01    M    M  9.6 23 230   M    M   7        29 260
 6  69  45  57  -2   8   0 0.00    M    M  9.1 21 210   M    M   1        27 160
 7  66  37  52  -7  13   0 0.00    M    M 11.5 25 140   M    M   1        33 130
 8  56  33  45 -14  20   0 0.25    M    M 12.5 32 230   M    M   6 18     40 250
 9  57  34  46 -14  19   0 0.00    M    M  6.0 16 270   M    M   4 1      23 230
10  71  38  55  -5  10   0 0.00    M    M  6.2 18  10   M    M   2        25 350
11  77  40  59  -1   6   0 0.00    M    M  8.4 20 140   M    M   0        27 130
12  72  49  61   1   4   0 0.00    M    M 10.3 23 170   M    M   0        34 190
13  72  51  62   1   3   0 0.00    M    M  9.5 21 140   M    M   1        27 210
14  66  42  54  -7  11   0 0.09    M    M 13.5 29 230   M    M   4 3      34 210
15  51  39  45 -16  20   0 0.62    M    M  8.0 18 190   M    M   9 1      26 200
16  61  41  51 -11  14   0 0.01    M    M  7.5 23 250   M    M   6        28 240
17  69  40  55  -7  10   0 0.00    M    M  5.6 18 140   M    M   0        24 160
18  68  42  55  -7  10   0    T    M    M  9.1 24 160   M    M   3        30 160
19  69  40  55  -8  10   0 0.00    M    M  6.2 17 210   M    M   1        23 210
20  73  41  57  -6   8   0 0.00    M    M  7.8 16 230   M    M   0        23 220
================================================================================
SM 1366  865       181   2  1.03    M    171.4          M       57
================================================================================
AV 68.3 43.2                               8.6 FASTST   M    M   3    MAX(MPH)
                                 MISC ---->  # 32 230               # 40  250
================================================================================
NOTES:
# LAST OF SEVERAL OCCURRENCES

COLUMN 17 PEAK WIND IN M.P.H.

PRELIMINARY LOCAL CLIMATOLOGICAL DATA (WS FORM: F-6) , PAGE 2

                                          STATION:  PRESCOTT AZ AIRPORT
                                          MONTH:    MAY
                                          YEAR:     2015
                                          LATITUDE:   34 39 N
                                          LONGITUDE: 112 26 W

[TEMPERATURE DATA]      [PRECIPITATION DATA]       SYMBOLS USED IN COLUMN 16

AVERAGE MONTHLY: 55.8   TOTAL FOR MONTH:   1.03    1 = FOG OR MIST
DPTR FM NORMAL:  -4.2   DPTR FM NORMAL:    0.73    2 = FOG REDUCING VISIBILITY
HIGHEST:    83 ON  1    GRTST 24HR  0.62 ON 15-15      TO 1/4 MILE OR LESS
LOWEST:     33 ON  8                               3 = THUNDER
                        SNOW, ICE PELLETS, HAIL    4 = ICE PELLETS
                        TOTAL MONTH:    M          5 = HAIL
                        GRTST 24HR    M  ON   M    6 = FREEZING RAIN OR DRIZZLE
                        GRTST DEPTH:  M  ON   M    7 = DUSTSTORM OR SANDSTORM:
                                                       VSBY 1/2 MILE OR LESS
                                                   8 = SMOKE OR HAZE
[NO. OF DAYS WITH]      [WEATHER - DAYS WITH]      9 = BLOWING SNOW
                                                   X = TORNADO
MAX 32 OR BELOW:   0    0.01 INCH OR MORE:   6
MAX 90 OR ABOVE:   0    0.10 INCH OR MORE:   2
MIN 32 OR BELOW:   0    0.50 INCH OR MORE:   1
MIN  0 OR BELOW:   0    1.00 INCH OR MORE:   0

[HDD (BASE 65) ]
TOTAL THIS MO.   181    CLEAR  (SCALE 0-3)  12
DPTR FM NORMAL    65    PTCLDY (SCALE 4-7)   7
TOTAL FM JUL 1  3440    CLOUDY (SCALE 8-10)  1
DPTR FM NORMAL  -795

[CDD (BASE 65) ]
TOTAL THIS MO.     2
DPTR FM NORMAL   -13    [PRESSURE DATA]
TOTAL FM JAN 1     3    HIGHEST SLP M ON M
DPTR FM NORMAL   -14    LOWEST  SLP 29.66 ON  8

[REMARKS]
