000
CXUS55 KALY 240710
CF6PSF
PRELIMINARY LOCAL CLIMATOLOGICAL DATA (WS FORM: F-6)

                                          STATION:   PITTSFIELD MA
                                          MONTH:     JANUARY
                                          YEAR:      2018
                                          LATITUDE:   42 25 N
                                          LONGITUDE:  73 18 W

  TEMPERATURE IN F:       :PCPN:    SNOW:  WIND      :SUNSHINE: SKY     :PK WND
================================================================================
1   2   3   4   5  6A  6B    7    8   9   10  11  12  13   14  15   16   17  18
                                     12Z  AVG MX 2MIN
DY MAX MIN AVG DEP HDD CDD  WTR  SNW DPTH SPD SPD DIR MIN PSBL S-S WX    SPD DR
================================================================================

 1   6  -9  -1 -23  66   0 0.00    M    M  7.6 18 290   M    M   0        23 290
 2  17  -5   6 -15  59   0    T    M    M  8.1 17 270   M    M   3 8      27 300
 3  22  -1  11 -10  54   0 0.00    M    M  2.5 12 250   M    M   1        15 240
 4  20  11  16  -5  49   0 0.31    M    M  8.6 30 290   M    M  10 128    40 310
 5  13   0   7 -14  58   0    T    M    M 22.7 38 300   M    M  10 89     52 280
 6   4  -6  -1 -22  66   0    T    M    M 17.1 32 290   M    M   4 89     43 290
 7  14 -10   2 -18  63   0 0.00    M    M  6.9 21 290   M    M   2        27 290
 8  29  14  22   2  43   0 0.02    M    M  6.1 16 240   M    M  10 18     23 220
 9  33  25  29   9  36   0    T    M    M 11.2 25 280   M    M  10 8      36 290
10  35  11  23   3  42   0 0.00    M    M  5.2 14 170   M    M   2        20 180
11  51  33  42  22  23   0 0.00    M    M  7.3 18 190   M    M   7        26 180
12  61  50  56  36   9   0 2.35    M    M 15.0 24 180   M    M  10 1      36 180
13  59   7  33  13  32   0 0.36    M    M 13.6 23 290   M    M   9 18     32 300
14  14   1   8 -12  57   0 0.00    M    M  7.0 15 300   M    M   2        20 310
15  23   3  13  -7  52   0 0.00    M    M  3.3 12  60   M    M   4        16  60
16  30  13  22   2  43   0 0.18    M    M  1.6 13 240   M    M   9 18     17 210
17  31  12  22   2  43   0 0.19    M    M  4.0 15 290   M    M   9 18     22 270
18  22  11  17  -3  48   0 0.00    M    M 10.1 20 310   M    M   4        30 310
19  29  12  21   1  44   0 0.00    M    M  5.6 15 270   M    M   5 18     22 270
20  42  15  29   9  36   0 0.00    M    M  8.1 23 290   M    M   0 18     30 280
21  39  27  33  13  32   0    T    M    M  4.2 15 280   M    M   6 18     19 290
22  39  32  36  16  29   0 0.06    M    M  3.3 10  70   M    M  10 168    14 100
23  48  34  41  21  24   0 1.07    M    M  6.1 28 260   M    M  10 12     35 250
================================================================================
SM  681  280      1008   0  4.54    M    185.2          M      137
================================================================================
AV 29.6 12.2                               8.1 FASTST   M    M   6    MAX(MPH)
                                 MISC ---->  # 38 300               # 52  280
================================================================================
NOTES:
# LAST OF SEVERAL OCCURRENCES

COLUMN 17 PEAK WIND IN M.P.H.

PRELIMINARY LOCAL CLIMATOLOGICAL DATA (WS FORM: F-6) , PAGE 2

                                          STATION:  PITTSFIELD MA
                                          MONTH:    JANUARY
                                          YEAR:     2018
                                          LATITUDE:   42 25 N
                                          LONGITUDE:  73 18 W

[TEMPERATURE DATA]      [PRECIPITATION DATA]       SYMBOLS USED IN COLUMN 16

AVERAGE MONTHLY: 20.9   TOTAL FOR MONTH:   4.54    1 = FOG OR MIST
DPTR FM NORMAL:   0.6   DPTR FM NORMAL:    2.31    2 = FOG REDUCING VISIBILITY
HIGHEST:    61 ON 12    GRTST 24HR  2.35 ON 12-12      TO 1/4 MILE OR LESS
LOWEST:    -10 ON  7                               3 = THUNDER
                        SNOW, ICE PELLETS, HAIL    4 = ICE PELLETS
                        TOTAL MONTH:    M          5 = HAIL
                        GRTST 24HR    M  ON   M    6 = FREEZING RAIN OR DRIZZLE
                        GRTST DEPTH:  M  ON   M    7 = DUSTSTORM OR SANDSTORM:
                                                       VSBY 1/2 MILE OR LESS
                                                   8 = SMOKE OR HAZE
[NO. OF DAYS WITH]      [WEATHER - DAYS WITH]      9 = BLOWING SNOW
                                                   X = TORNADO
MAX 32 OR BELOW:  14    0.01 INCH OR MORE:   8
MAX 90 OR ABOVE:   0    0.10 INCH OR MORE:   6
MIN 32 OR BELOW:  20    0.50 INCH OR MORE:   2
MIN  0 OR BELOW:   6    1.00 INCH OR MORE:   2

[HDD (BASE 65) ]
TOTAL THIS MO.  1008    CLEAR  (SCALE 0-3)   7
DPTR FM NORMAL   -20    PTCLDY (SCALE 4-7)   6
TOTAL FM JUL 1  3595    CLOUDY (SCALE 8-10) 10
DPTR FM NORMAL  -271

[CDD (BASE 65) ]
TOTAL THIS MO.     0
DPTR FM NORMAL     0    [PRESSURE DATA]
TOTAL FM JAN 1     0    HIGHEST SLP M ON M
DPTR FM NORMAL     0    LOWEST  SLP 29.40 ON  4

[REMARKS]
